{"id":19248,"date":"2025-03-23T21:41:09","date_gmt":"2025-03-23T19:41:09","guid":{"rendered":"https:\/\/traveling.com\/de\/blog\/?page_id=19248"},"modified":"2025-04-08T16:45:52","modified_gmt":"2025-04-08T14:45:52","slug":"studentenrabatt","status":"publish","type":"page","link":"https:\/\/traveling.com\/de\/blog\/studentenrabatt\/","title":{"rendered":"Studentenrabatt"},"content":{"rendered":"\n<p>Wer liebt nicht einen guten Rabatt? Wenn du Student bist, hast du Gl\u00fcck \u2014 auf Traveling.com kannst du vom <strong>Studentenrabatt<\/strong> profitieren und beim Reisen sparen. Egal, ob du \u00fcbers Wochenende nach Hause f\u00e4hrst oder eine l\u00e4ngere Reise planst, wir haben tolle Studentenrabatte, mit denen du dein Budget schonen kannst.<\/p>\n\n\n\n<p>H\u00e4ufig gestellte Fragen:<\/p>\n\n\n\n<h2><span class=\"ez-toc-section\" id=\"Gibt_es_bei_jeder_Fahrt_einen_Studentenrabatt\"><\/span>Gibt es bei jeder Fahrt einen Studentenrabatt?<span class=\"ez-toc-section-end\"><\/span><\/h2>\n\n\n\n<p>Nicht unbedingt. Jede Busgesellschaft auf Traveling.com hat unterschiedliche Preisstrukturen \u2014 einige haben einen festen Preis f\u00fcr alle, w\u00e4hrend andere Rabatte f\u00fcr bestimmte Gruppen anbieten, darunter auch f\u00fcr Studenten. Um den Studentenpreis zu sehen, w\u00e4hle einfach die Anzahl der Studententickets w\u00e4hrend der Buchung aus (siehe Bild unten).<\/p>\n\n\n\n<p><img decoding=\"async\" width=\"624\" height=\"451.05437045793104\" src=\"https:\/\/lh7-rt.googleusercontent.com\/docsz\/AD_4nXdB4NVe6mVfUh07BJsC-XlSh0qzLHisQwtDKqE0YXplKwQtrfbjtLgifTeZkAW75697EsYaWXHkn5quRUJ4EsJ-Hdakx3uM5D_Cn-Lv_xhID8k7e8MKQnYl-EXWE0unW5W56IlJJg?key=4CVOyvyFqsvbr3FLpWYJqVbE\"><\/p>\n\n\n\n<h2><span class=\"ez-toc-section\" id=\"Wie_kann_ich_prufen_ob_ein_Studentenrabatt_verfugbar_ist\"><\/span>Wie kann ich pr\u00fcfen, ob ein Studentenrabatt verf\u00fcgbar ist?<span class=\"ez-toc-section-end\"><\/span><\/h2>\n\n\n\n<p>Wenn du nach einer Strecke suchst (z. B. Split nach Zadar), werden dir alle verf\u00fcgbaren Fahrten angezeigt, einschlie\u00dflich derjenigen mit Studentenrabatt. Um zu pr\u00fcfen, ob der Preis ein Rabattpreis ist, bewege einfach die Maus \u00fcber den Preis \u2014 ein kleines Fenster mit den verf\u00fcgbaren Gruppenrabatten f\u00fcr diese Strecke wird angezeigt. Wenn &#8220;Student&#8221; dabei steht, ist der Rabatt verf\u00fcgbar und der Preis sollte mit dem \u00fcbereinstimmen, den du angeklickt hast. Einfach, oder?<\/p>\n\n\n\n<p><img decoding=\"async\" width=\"624\" height=\"321\" src=\"https:\/\/lh7-rt.googleusercontent.com\/docsz\/AD_4nXepzHEVV4IkkydlZ3OVK5aSEvAYssFGyC0vzsllW8w1frg8k9_lp35ikh_sGUYqEz4jnos9UbQmgBK_O-Vak9_V9-yyF6Al7it0GMcBkHN9Yx40bL1Vnxyko8YM1wElvwV6S5t-_w?key=4CVOyvyFqsvbr3FLpWYJqVbE\"><\/p>\n\n\n\n<h2><span class=\"ez-toc-section\" id=\"Gibt_es_auch_einen_Studentenrabatt_auf_das_Ruckfahrtticket\"><\/span>Gibt es auch einen Studentenrabatt auf das R\u00fcckfahrtticket?<span class=\"ez-toc-section-end\"><\/span><\/h2>\n\n\n\n<p>Ja, wenn die Busgesellschaft auf der Hinfahrt einen Studentenrabatt anbietet, gibt es ihn wahrscheinlich auch auf der R\u00fcckfahrt \u2014 vorausgesetzt, du f\u00e4hrst mit derselben Gesellschaft.<br>Wenn du f\u00fcr die R\u00fcckfahrt eine andere Gesellschaft w\u00e4hlst, kannst du auch einen Studentenrabatt bekommen \u2014 aber in diesem Fall kaufst du eigentlich zwei Einzelfahrkarten und kein erm\u00e4\u00dfigtes R\u00fcckfahrtticket.<\/p>\n\n\n\n<p><strong>Brauchst du Hilfe beim Buchen eines R\u00fcckfahrttickets?<\/strong> <a href=\"https:\/\/traveling.com\/de\/blog\/der-kauf-einer-rueckfahrkarte\/\">Klicke hier.<\/a><\/p>\n\n\n\n<h2><span class=\"ez-toc-section\" id=\"Ist_das_Studententicket_immer_gunstiger_als_das_normale_Ticket\"><\/span>Ist das Studententicket immer g\u00fcnstiger als das normale Ticket?<span class=\"ez-toc-section-end\"><\/span><\/h2>\n\n\n\n<p>Gute Frage \u2014 die Antwort ist: nicht unbedingt. Das g\u00fcnstigste Ticket ist normalerweise das <strong>Early-Bird-Ticket<\/strong>. Wenn es auf deiner Strecke einen Early-Bird-Rabatt gibt, siehst du neben dem Preis ein kleines Rabattsymbol in den Suchergebnissen. Du kannst auch im Rabattbereich nachsehen, um alle Strecken mit speziellen Angeboten zu finden. Clever, oder?<\/p>\n\n\n\n<h2><span class=\"ez-toc-section\" id=\"Welches_Dokument_brauche_ich_um_ein_Studententicket_zu_kaufen\"><\/span>Welches Dokument brauche ich, um ein Studententicket zu kaufen?<span class=\"ez-toc-section-end\"><\/span><\/h2>\n\n\n\n<p>Es gibt keine festen Regeln daf\u00fcr, welche Studentenausweise akzeptiert werden \u2014 normalerweise entscheidet der Fahrer beim Einsteigen. Soweit wir wissen, hatten Studenten bisher keine Probleme damit. Wenn der Fahrer deinen Ausweis aus irgendeinem Grund nicht akzeptiert, musst du einfach die Differenz zum regul\u00e4ren Ticketpreis zahlen. Und wenn es ein Problem gibt \u2014 keine Panik \u2014 ruf einfach unseren Kundenservice an (die Nummer steht auf deinem Ticket).<\/p>\n","protected":false},"excerpt":{"rendered":"<p>Wer liebt nicht einen guten Rabatt? Wenn du Student bist, hast du Gl\u00fcck \u2014 auf Traveling.com kannst du vom Studentenrabatt profitieren und beim Reisen sparen. Egal, ob du \u00fcbers Wochenende nach Hause f\u00e4hrst oder eine l\u00e4ngere Reise planst, wir haben tolle Studentenrabatte, mit denen du dein Budget schonen kannst. H\u00e4ufig gestellte Fragen: Gibt es bei [&hellip;]<\/p>\n<p><a class=\"more-link btn btn-primary\" href=\"https:\/\/traveling.com\/de\/blog\/studentenrabatt\/\"> Continue reading&#8230;<\/a><\/p>\n","protected":false},"author":1,"featured_media":0,"parent":0,"menu_order":0,"comment_status":"closed","ping_status":"closed","template":"","meta":[],"yoast_head":"<!-- This site is optimized with the Yoast SEO plugin v19.8 - https:\/\/yoast.com\/wordpress\/plugins\/seo\/ -->\n<title>Studentenrabatt - Traveling.com<\/title>\n<meta name=\"description\" content=\"Entdecke den Studentenrabatt auf Traveling.com! Spare bei Tickets f\u00fcr Busse, Z\u00fcge und F\u00e4hren und reise mehr f\u00fcr weniger.\" \/>\n<meta name=\"robots\" content=\"index, follow, max-snippet:-1, max-image-preview:large, max-video-preview:-1\" \/>\n<link rel=\"canonical\" href=\"https:\/\/traveling.com\/de\/blog\/studentenrabatt\/\" \/>\n<meta property=\"og:locale\" content=\"en_GB\" \/>\n<meta property=\"og:type\" content=\"article\" \/>\n<meta property=\"og:title\" content=\"Studentenrabatt - Traveling.com\" \/>\n<meta property=\"og:description\" content=\"Entdecke den Studentenrabatt auf Traveling.com! Spare bei Tickets f\u00fcr Busse, Z\u00fcge und F\u00e4hren und reise mehr f\u00fcr weniger.\" \/>\n<meta property=\"og:url\" content=\"https:\/\/traveling.com\/de\/blog\/studentenrabatt\/\" \/>\n<meta property=\"og:site_name\" content=\"Traveling.com Blog\" \/>\n<meta property=\"article:modified_time\" content=\"2025-04-08T14:45:52+00:00\" \/>\n<meta property=\"og:image\" content=\"https:\/\/lh7-rt.googleusercontent.com\/docsz\/AD_4nXdB4NVe6mVfUh07BJsC-XlSh0qzLHisQwtDKqE0YXplKwQtrfbjtLgifTeZkAW75697EsYaWXHkn5quRUJ4EsJ-Hdakx3uM5D_Cn-Lv_xhID8k7e8MKQnYl-EXWE0unW5W56IlJJg?key=4CVOyvyFqsvbr3FLpWYJqVbE\" \/>\n<meta name=\"twitter:card\" content=\"summary_large_image\" \/>\n<meta name=\"twitter:label1\" content=\"Est. reading time\" \/>\n\t<meta name=\"twitter:data1\" content=\"3 minutes\" \/>\n<script type=\"application\/ld+json\" class=\"yoast-schema-graph\">{\"@context\":\"https:\/\/schema.org\",\"@graph\":[{\"@type\":\"WebPage\",\"@id\":\"https:\/\/traveling.com\/de\/blog\/studentenrabatt\/\",\"url\":\"https:\/\/traveling.com\/de\/blog\/studentenrabatt\/\",\"name\":\"Studentenrabatt - Traveling.com\",\"isPartOf\":{\"@id\":\"https:\/\/traveling.com\/de\/blog\/#website\"},\"datePublished\":\"2025-03-23T19:41:09+00:00\",\"dateModified\":\"2025-04-08T14:45:52+00:00\",\"description\":\"Entdecke den Studentenrabatt auf Traveling.com! Spare bei Tickets f\u00fcr Busse, Z\u00fcge und F\u00e4hren und reise mehr f\u00fcr weniger.\",\"breadcrumb\":{\"@id\":\"https:\/\/traveling.com\/de\/blog\/studentenrabatt\/#breadcrumb\"},\"inLanguage\":\"en-GB\",\"potentialAction\":[{\"@type\":\"ReadAction\",\"target\":[\"https:\/\/traveling.com\/de\/blog\/studentenrabatt\/\"]}]},{\"@type\":\"BreadcrumbList\",\"@id\":\"https:\/\/traveling.com\/de\/blog\/studentenrabatt\/#breadcrumb\",\"itemListElement\":[{\"@type\":\"ListItem\",\"position\":1,\"name\":\"Home\",\"item\":\"https:\/\/traveling.com\/de\/blog\/\"},{\"@type\":\"ListItem\",\"position\":2,\"name\":\"Studentenrabatt\"}]},{\"@type\":\"WebSite\",\"@id\":\"https:\/\/traveling.com\/de\/blog\/#website\",\"url\":\"https:\/\/traveling.com\/de\/blog\/\",\"name\":\"Traveling.com Blog\",\"description\":\"Dein Kompletter Reisef\u00fchrer\",\"potentialAction\":[{\"@type\":\"SearchAction\",\"target\":{\"@type\":\"EntryPoint\",\"urlTemplate\":\"https:\/\/traveling.com\/de\/blog\/?s={search_term_string}\"},\"query-input\":\"required name=search_term_string\"}],\"inLanguage\":\"en-GB\"}]}<\/script>\n<!-- \/ Yoast SEO plugin. -->","yoast_head_json":{"title":"Studentenrabatt - Traveling.com","description":"Entdecke den Studentenrabatt auf Traveling.com! Spare bei Tickets f\u00fcr Busse, Z\u00fcge und F\u00e4hren und reise mehr f\u00fcr weniger.","robots":{"index":"index","follow":"follow","max-snippet":"max-snippet:-1","max-image-preview":"max-image-preview:large","max-video-preview":"max-video-preview:-1"},"canonical":"https:\/\/traveling.com\/de\/blog\/studentenrabatt\/","og_locale":"en_GB","og_type":"article","og_title":"Studentenrabatt - Traveling.com","og_description":"Entdecke den Studentenrabatt auf Traveling.com! Spare bei Tickets f\u00fcr Busse, Z\u00fcge und F\u00e4hren und reise mehr f\u00fcr weniger.","og_url":"https:\/\/traveling.com\/de\/blog\/studentenrabatt\/","og_site_name":"Traveling.com Blog","article_modified_time":"2025-04-08T14:45:52+00:00","og_image":[{"url":"https:\/\/lh7-rt.googleusercontent.com\/docsz\/AD_4nXdB4NVe6mVfUh07BJsC-XlSh0qzLHisQwtDKqE0YXplKwQtrfbjtLgifTeZkAW75697EsYaWXHkn5quRUJ4EsJ-Hdakx3uM5D_Cn-Lv_xhID8k7e8MKQnYl-EXWE0unW5W56IlJJg?key=4CVOyvyFqsvbr3FLpWYJqVbE"}],"twitter_card":"summary_large_image","twitter_misc":{"Est. reading time":"3 minutes"},"schema":{"@context":"https:\/\/schema.org","@graph":[{"@type":"WebPage","@id":"https:\/\/traveling.com\/de\/blog\/studentenrabatt\/","url":"https:\/\/traveling.com\/de\/blog\/studentenrabatt\/","name":"Studentenrabatt - Traveling.com","isPartOf":{"@id":"https:\/\/traveling.com\/de\/blog\/#website"},"datePublished":"2025-03-23T19:41:09+00:00","dateModified":"2025-04-08T14:45:52+00:00","description":"Entdecke den Studentenrabatt auf Traveling.com! Spare bei Tickets f\u00fcr Busse, Z\u00fcge und F\u00e4hren und reise mehr f\u00fcr weniger.","breadcrumb":{"@id":"https:\/\/traveling.com\/de\/blog\/studentenrabatt\/#breadcrumb"},"inLanguage":"en-GB","potentialAction":[{"@type":"ReadAction","target":["https:\/\/traveling.com\/de\/blog\/studentenrabatt\/"]}]},{"@type":"BreadcrumbList","@id":"https:\/\/traveling.com\/de\/blog\/studentenrabatt\/#breadcrumb","itemListElement":[{"@type":"ListItem","position":1,"name":"Home","item":"https:\/\/traveling.com\/de\/blog\/"},{"@type":"ListItem","position":2,"name":"Studentenrabatt"}]},{"@type":"WebSite","@id":"https:\/\/traveling.com\/de\/blog\/#website","url":"https:\/\/traveling.com\/de\/blog\/","name":"Traveling.com Blog","description":"Dein Kompletter Reisef\u00fchrer","potentialAction":[{"@type":"SearchAction","target":{"@type":"EntryPoint","urlTemplate":"https:\/\/traveling.com\/de\/blog\/?s={search_term_string}"},"query-input":"required name=search_term_string"}],"inLanguage":"en-GB"}]}},"_links":{"self":[{"href":"https:\/\/traveling.com\/de\/blog\/wp-json\/wp\/v2\/pages\/19248"}],"collection":[{"href":"https:\/\/traveling.com\/de\/blog\/wp-json\/wp\/v2\/pages"}],"about":[{"href":"https:\/\/traveling.com\/de\/blog\/wp-json\/wp\/v2\/types\/page"}],"author":[{"embeddable":true,"href":"https:\/\/traveling.com\/de\/blog\/wp-json\/wp\/v2\/users\/1"}],"replies":[{"embeddable":true,"href":"https:\/\/traveling.com\/de\/blog\/wp-json\/wp\/v2\/comments?post=19248"}],"version-history":[{"count":4,"href":"https:\/\/traveling.com\/de\/blog\/wp-json\/wp\/v2\/pages\/19248\/revisions"}],"predecessor-version":[{"id":19684,"href":"https:\/\/traveling.com\/de\/blog\/wp-json\/wp\/v2\/pages\/19248\/revisions\/19684"}],"wp:attachment":[{"href":"https:\/\/traveling.com\/de\/blog\/wp-json\/wp\/v2\/media?parent=19248"}],"curies":[{"name":"wp","href":"https:\/\/api.w.org\/{rel}","templated":true}]}}