{"id":8263,"date":"2021-06-04T09:00:41","date_gmt":"2021-06-04T07:00:41","guid":{"rendered":"https:\/\/getbybus.com\/de\/blog\/?page_id=8263"},"modified":"2025-03-24T12:53:34","modified_gmt":"2025-03-24T10:53:34","slug":"flughaefen-colorado","status":"publish","type":"page","link":"https:\/\/traveling.com\/de\/blog\/flughaefen-colorado\/","title":{"rendered":"Flugh\u00e4fen in Colorado"},"content":{"rendered":"<p><strong>Die Flugh\u00e4fen in Colorado<\/strong> konzentrieren sich auf den Flughafen Denver, den einzigen <em>gro\u00dfen Hub<\/em>-Flughafen des Bundesstaates. Neben DEN gibt es 8 weitere <em>kleine Hub- <\/em>und <em>Nonhub<\/em>-Flugh\u00e4fen. Die meisten von ihnen k\u00f6nnen jedoch alle Flugzeugtypen bedienen, was Reisepl\u00e4ne nach Colorado ziemlich einfach macht. American Eagle, Delta Connection, United und Allegiant Air sind nur einige der Fluggesellschaften, die an Flugh\u00e4fen in Colorado t\u00e4tig sind. Um zu sehen, welcher Flughafen in Colorado Ihrem gew\u00fcnschten Ziel am n\u00e4chsten liegt, \u00fcberpr\u00fcfen Sie am Ende die Karte der Flugh\u00e4fen in Colorado.<\/p>\n<h3><span class=\"ez-toc-section\" id=\"Liste_der_Flughafen\"><\/span><span style=\"color: #2a2a2a;\">Liste der Flugh\u00e4fen<\/span><span class=\"ez-toc-section-end\"><\/span><\/h3>\n<h4><span class=\"ez-toc-section\" id=\"Internationaler_Flughafen_Denver_-_IATA-Code_-_DEN_69_Mio_Passagiere\"><\/span><b>Internationaler Flughafen Denver &#8211; IATA-Code &#8211; DEN (~ 69 Mio. Passagiere)<\/b><span class=\"ez-toc-section-end\"><\/span><\/h4>\n<p><strong>Der Internationale Flughafen Denver<\/strong> ist der gr\u00f6\u00dfte internationale Flughafen in Colorado und einer der verkehrsreichsten US-Flugh\u00e4fen. Der Flughafen dient der Stadt Denver und ihrer Umgebung. Die Entfernung zwischen dem Flughafen DIA und Denver betr\u00e4gt ca. 40 km. Die Anreise nach Denver kann jedoch auf verschiedene Arten erfolgen. Es gibt die A-Linie (Zug) von RTD sowie \u00f6ffentliche Busse (auch mit RTD-Transport). Dar\u00fcber hinaus stehen Charterbusse, Limousinen und Taxis zur Verf\u00fcgung. Der Flughafen Denver ist die Hauptbasis f\u00fcr <strong>Southwest Airlines<\/strong>, aber es gibt auch viele Fl\u00fcge von <strong>United <\/strong>und <strong>Frontier<\/strong>. LA, Phoenix und Chicago sind die wichtigsten Inlandsstrecken, w\u00e4hrend Cancun und London die internationalen Strecken anf\u00fchren.<\/p>\n<h4><span class=\"ez-toc-section\" id=\"Flughafen_Colorado_Springs_-_IATA-Code_-_COS\"><\/span><b>Flughafen Colorado Springs &#8211; IATA-Code &#8211; COS<\/b><span class=\"ez-toc-section-end\"><\/span><\/h4>\n<ul>\n<li>Auch genannt: Flughafen der Stadt Colorado Springs<\/li>\n<li>Nahe gelegenen St\u00e4dte: Colorado Springs (10 km)<\/li>\n<li>Fluggesellschaft(en): American Airlines, Delta, United, Frontier<\/li>\n<\/ul>\n<h4><span class=\"ez-toc-section\" id=\"Flughafen_Aspen_Pitkin_County_-_IATA-Code_-_ASE\"><\/span><b>Flughafen Aspen \/ Pitkin County &#8211; IATA-Code &#8211; ASE<\/b><span class=\"ez-toc-section-end\"><\/span><\/h4>\n<ul>\n<li>Auch genannt: Sardy Field<\/li>\n<li>Nahe gelegenen St\u00e4dte: Aspen (6 km)<\/li>\n<li>Fluggesellschaft(en): American Eagle, Delta Connection, United Express<\/li>\n<\/ul>\n<h4><span class=\"ez-toc-section\" id=\"Regionalflughafen_Grand_Junction_-_IATA-Code_-_GJT\"><\/span><b>Regionalflughafen Grand Junction &#8211; IATA-Code &#8211; GJT<\/b><span class=\"ez-toc-section-end\"><\/span><\/h4>\n<ul>\n<li>Auch genannt: Walker Field<\/li>\n<li>Nahe gelegenen St\u00e4dte: Grand Junction (5 km)<\/li>\n<li>Fluggesellschaft(en): American Eagle, Delta Connection, Allegiant Air<\/li>\n<\/ul>\n<h4><span class=\"ez-toc-section\" id=\"Flughafen_Durango-La_Plata_County_-_IATA-Code_-_DRO\"><\/span><b>Flughafen Durango-La Plata County &#8211; IATA-Code &#8211; DRO<\/b><span class=\"ez-toc-section-end\"><\/span><\/h4>\n<ul>\n<li>Nahe gelegenen St\u00e4dte: Durango (19 km)<\/li>\n<li>Fluggesellschaft(en): American Eagle, United Express<\/li>\n<\/ul>\n<h4><span class=\"ez-toc-section\" id=\"Flughafen_Vail_Eagle_County_-_IATA-Code_-_EGE\"><\/span><b>Flughafen Vail Eagle County &#8211; IATA-Code &#8211; EGE<\/b><span class=\"ez-toc-section-end\"><\/span><\/h4>\n<ul>\n<li>Nahe gelegenen St\u00e4dte: Eagle (6 km), Vail (59 km)<\/li>\n<li>Fluggesellschaft(en): American Airlines, United, Delta<\/li>\n<\/ul>\n<h4><span class=\"ez-toc-section\" id=\"Regionalflughafen_Montrose_-_IATA-Code_-_MTJ\"><\/span><b>Regionalflughafen Montrose &#8211; IATA-Code &#8211; MTJ<\/b><span class=\"ez-toc-section-end\"><\/span><\/h4>\n<ul>\n<li>Nahe gelegenen St\u00e4dte: Montrose (2,5 km), Black Canyon (25 km)<\/li>\n<li>Fluggesellschaft(en): American Airlines, United, Delta<\/li>\n<\/ul>\n<h4><span class=\"ez-toc-section\" id=\"Flughafen_Hayden_-_IATA-Code_-_HDN\"><\/span><b>Flughafen Hayden &#8211; IATA-Code &#8211; HDN<\/b><span class=\"ez-toc-section-end\"><\/span><\/h4>\n<ul>\n<li>Auch genannt: Regionalflughafen Yampa Valley<\/li>\n<li>Nahe gelegenen St\u00e4dte: Steamboat Springs (40 km)<\/li>\n<li>Fluggesellschaft(en): American Airlines, Delta, United, jetBlue<\/li>\n<\/ul>\n<h4><span class=\"ez-toc-section\" id=\"Flughafen_Gunnison_County_-_IATA-Code_-_GUC\"><\/span><b>Flughafen Gunnison County &#8211; IATA-Code &#8211; GUC<\/b><span class=\"ez-toc-section-end\"><\/span><\/h4>\n<ul>\n<li>Auch genannt: Regionalflughafen Gunnison-Crested Butte<\/li>\n<li>Nahe gelegenen St\u00e4dte: Gunnison (1,5 km)<\/li>\n<li>Fluggesellschaft(en): American Airlines, United<\/li>\n<\/ul>\n<h4><span class=\"ez-toc-section\" id=\"Stadtischer_Flughafen_Cortez_-_IATA-Code_-_CEZ\"><\/span><b>St\u00e4dtischer Flughafen Cortez &#8211; IATA-Code &#8211; CEZ<\/b><span class=\"ez-toc-section-end\"><\/span><\/h4>\n<ul>\n<li>Nahe gelegenen St\u00e4dte: Cortez (5 km)<\/li>\n<li>Fluggesellschaft(en): Boutique Air<\/li>\n<\/ul>\n<h4><span class=\"ez-toc-section\" id=\"Flughafen_Pueblo_Memorial_-_IATA-Code_-_PUB\"><\/span><b>Flughafen Pueblo Memorial &#8211; IATA-Code &#8211; PUB<\/b><span class=\"ez-toc-section-end\"><\/span><\/h4>\n<ul>\n<li>Nahe gelegenen St\u00e4dte: Pueblo (10 km)<\/li>\n<li>Fluggesellschaft(en): United Express<\/li>\n<\/ul>\n<h4><span class=\"ez-toc-section\" id=\"Regionalflughafen_San_Luis_Valley_-_IATA-Code_-_ALS\"><\/span><b>Regionalflughafen San Luis Valley &#8211; IATA-Code &#8211; ALS<\/b><span class=\"ez-toc-section-end\"><\/span><\/h4>\n<ul>\n<li>Auch genannt: Bergman Field<\/li>\n<li>Nahe gelegenen St\u00e4dte: Alamosa (4 km)<\/li>\n<li>Fluggesellschaft(en): Boutique Air<\/li>\n<\/ul>\n<h4><span class=\"ez-toc-section\" id=\"Regionalflughafen_Telluride_-_IATA-Code_-_TEX\"><\/span><b>Regionalflughafen Telluride &#8211; IATA-Code &#8211; TEX<\/b><span class=\"ez-toc-section-end\"><\/span><\/h4>\n<ul>\n<li>Nahe gelegenen St\u00e4dte: Telluride (9 km)<\/li>\n<li>Fluggesellschaft(en): Boutique Air, Denver Air Connection<\/li>\n<\/ul>\n<h4><span class=\"ez-toc-section\" id=\"Flughafen_Centennial_-_IATA-Code_-_APA\"><\/span><b>Flughafen Centennial &#8211; IATA-Code &#8211; APA<\/b><span class=\"ez-toc-section-end\"><\/span><\/h4>\n<ul>\n<li>Nahe gelegenen St\u00e4dte: Denver (28 km)<\/li>\n<li>Fluggesellschaft(en): Key Lime Air<\/li>\n<\/ul>\n<h3><span class=\"ez-toc-section\" id=\"Flughafen_in_Nachbarstaaten\"><\/span>Flugh\u00e4fen in Nachbarstaaten<span class=\"ez-toc-section-end\"><\/span><\/h3>\n<table style=\"width: 100%; border-collapse: collapse;\" border=\"0\">\n<tbody>\n<tr>\n<td style=\"width: 33.3333%;\"><a href=\"https:\/\/Traveling.com\/de\/blog\/flughaefen-new-mexico\/\">Flugh\u00e4fen in New Mexico<\/a><\/td>\n<td style=\"width: 33.3333%;\"><a href=\"https:\/\/Traveling.com\/de\/blog\/flughaefen-utah\/\">Flugh\u00e4fen in Utah<\/a><\/td>\n<td style=\"width: 33.3333%;\"><a href=\"https:\/\/Traveling.com\/de\/blog\/flughaefen-wyoming\/\">Flugh\u00e4fen in Wyoming<\/a><\/td>\n<\/tr>\n<tr>\n<td style=\"width: 33.3333%;\"><a href=\"https:\/\/Traveling.com\/de\/blog\/flughaefen-nebraska\/\">Flugh\u00e4fen in Nebraska<\/a><\/td>\n<td style=\"width: 33.3333%;\"><a href=\"https:\/\/Traveling.com\/de\/blog\/flughaefen-kansas\/\">Flugh\u00e4fen in Kansas<\/a><\/td>\n<td style=\"width: 33.3333%;\"><a href=\"https:\/\/Traveling.com\/de\/blog\/flughaefen-oklahoma\/\">Flugh\u00e4fen in Oklahoma<\/a><\/td>\n<\/tr>\n<\/tbody>\n<\/table>\n<h3><span class=\"ez-toc-section\" id=\"Karte_der_Flughafen_in_Colorado\"><\/span>Karte der Flugh\u00e4fen in Colorado<span class=\"ez-toc-section-end\"><\/span><\/h3>\n\n\n<iframe src=\"https:\/\/www.google.com\/maps\/d\/u\/0\/embed?mid=1siUohP3KsGPWm8pNxlNFD6Il6l-zaXwt\" width=\"640\" height=\"480\"><\/iframe>\n","protected":false},"excerpt":{"rendered":"<p>Die Flugh\u00e4fen in Colorado konzentrieren sich auf den Flughafen Denver, den einzigen gro\u00dfen Hub-Flughafen des Bundesstaates. Neben DEN gibt es 8 weitere kleine Hub- und Nonhub-Flugh\u00e4fen. Die meisten von ihnen k\u00f6nnen jedoch alle Flugzeugtypen bedienen, was Reisepl\u00e4ne nach Colorado ziemlich einfach macht. American Eagle, Delta Connection, United und Allegiant Air sind nur einige der Fluggesellschaften, [&hellip;]<\/p>\n<p><a class=\"more-link btn btn-primary\" href=\"https:\/\/traveling.com\/de\/blog\/flughaefen-colorado\/\"> Continue reading&#8230;<\/a><\/p>\n","protected":false},"author":1,"featured_media":0,"parent":0,"menu_order":0,"comment_status":"closed","ping_status":"closed","template":"","meta":[],"yoast_head":"<!-- This site is optimized with the Yoast SEO plugin v19.8 - https:\/\/yoast.com\/wordpress\/plugins\/seo\/ -->\n<title>Colorado Flugh\u00e4fen - IATA-Codes, Karte und Reiseinformationen<\/title>\n<meta name=\"description\" content=\"Eine vollst\u00e4ndige Liste aller Flugh\u00e4fen in Colorado mit ihren IATA-Codes, Flughafenstandorten auf der Karte und Passagierzahlen.\" \/>\n<meta name=\"robots\" content=\"index, follow, max-snippet:-1, max-image-preview:large, max-video-preview:-1\" \/>\n<link rel=\"canonical\" href=\"https:\/\/traveling.com\/de\/blog\/flughaefen-colorado\/\" \/>\n<meta property=\"og:locale\" content=\"en_GB\" \/>\n<meta property=\"og:type\" content=\"article\" \/>\n<meta property=\"og:title\" content=\"Colorado Flugh\u00e4fen - IATA-Codes, Karte und Reiseinformationen\" \/>\n<meta property=\"og:description\" content=\"Eine vollst\u00e4ndige Liste aller Flugh\u00e4fen in Colorado mit ihren IATA-Codes, Flughafenstandorten auf der Karte und Passagierzahlen.\" \/>\n<meta property=\"og:url\" content=\"https:\/\/traveling.com\/de\/blog\/flughaefen-colorado\/\" \/>\n<meta property=\"og:site_name\" content=\"Traveling.com Blog\" \/>\n<meta property=\"article:modified_time\" content=\"2025-03-24T10:53:34+00:00\" \/>\n<meta name=\"twitter:card\" content=\"summary_large_image\" \/>\n<meta name=\"twitter:label1\" content=\"Est. reading time\" \/>\n\t<meta name=\"twitter:data1\" content=\"3 minutes\" \/>\n<script type=\"application\/ld+json\" class=\"yoast-schema-graph\">{\"@context\":\"https:\/\/schema.org\",\"@graph\":[{\"@type\":\"WebPage\",\"@id\":\"https:\/\/traveling.com\/de\/blog\/flughaefen-colorado\/\",\"url\":\"https:\/\/traveling.com\/de\/blog\/flughaefen-colorado\/\",\"name\":\"Colorado Flugh\u00e4fen - IATA-Codes, Karte und Reiseinformationen\",\"isPartOf\":{\"@id\":\"https:\/\/traveling.com\/de\/blog\/#website\"},\"datePublished\":\"2021-06-04T07:00:41+00:00\",\"dateModified\":\"2025-03-24T10:53:34+00:00\",\"description\":\"Eine vollst\u00e4ndige Liste aller Flugh\u00e4fen in Colorado mit ihren IATA-Codes, Flughafenstandorten auf der Karte und Passagierzahlen.\",\"breadcrumb\":{\"@id\":\"https:\/\/traveling.com\/de\/blog\/flughaefen-colorado\/#breadcrumb\"},\"inLanguage\":\"en-GB\",\"potentialAction\":[{\"@type\":\"ReadAction\",\"target\":[\"https:\/\/traveling.com\/de\/blog\/flughaefen-colorado\/\"]}]},{\"@type\":\"BreadcrumbList\",\"@id\":\"https:\/\/traveling.com\/de\/blog\/flughaefen-colorado\/#breadcrumb\",\"itemListElement\":[{\"@type\":\"ListItem\",\"position\":1,\"name\":\"Home\",\"item\":\"https:\/\/traveling.com\/de\/blog\/\"},{\"@type\":\"ListItem\",\"position\":2,\"name\":\"Flugh\u00e4fen in Colorado\"}]},{\"@type\":\"WebSite\",\"@id\":\"https:\/\/traveling.com\/de\/blog\/#website\",\"url\":\"https:\/\/traveling.com\/de\/blog\/\",\"name\":\"Traveling.com Blog\",\"description\":\"Dein Kompletter Reisef\u00fchrer\",\"potentialAction\":[{\"@type\":\"SearchAction\",\"target\":{\"@type\":\"EntryPoint\",\"urlTemplate\":\"https:\/\/traveling.com\/de\/blog\/?s={search_term_string}\"},\"query-input\":\"required name=search_term_string\"}],\"inLanguage\":\"en-GB\"}]}<\/script>\n<!-- \/ Yoast SEO plugin. -->","yoast_head_json":{"title":"Colorado Flugh\u00e4fen - IATA-Codes, Karte und Reiseinformationen","description":"Eine vollst\u00e4ndige Liste aller Flugh\u00e4fen in Colorado mit ihren IATA-Codes, Flughafenstandorten auf der Karte und Passagierzahlen.","robots":{"index":"index","follow":"follow","max-snippet":"max-snippet:-1","max-image-preview":"max-image-preview:large","max-video-preview":"max-video-preview:-1"},"canonical":"https:\/\/traveling.com\/de\/blog\/flughaefen-colorado\/","og_locale":"en_GB","og_type":"article","og_title":"Colorado Flugh\u00e4fen - IATA-Codes, Karte und Reiseinformationen","og_description":"Eine vollst\u00e4ndige Liste aller Flugh\u00e4fen in Colorado mit ihren IATA-Codes, Flughafenstandorten auf der Karte und Passagierzahlen.","og_url":"https:\/\/traveling.com\/de\/blog\/flughaefen-colorado\/","og_site_name":"Traveling.com Blog","article_modified_time":"2025-03-24T10:53:34+00:00","twitter_card":"summary_large_image","twitter_misc":{"Est. reading time":"3 minutes"},"schema":{"@context":"https:\/\/schema.org","@graph":[{"@type":"WebPage","@id":"https:\/\/traveling.com\/de\/blog\/flughaefen-colorado\/","url":"https:\/\/traveling.com\/de\/blog\/flughaefen-colorado\/","name":"Colorado Flugh\u00e4fen - IATA-Codes, Karte und Reiseinformationen","isPartOf":{"@id":"https:\/\/traveling.com\/de\/blog\/#website"},"datePublished":"2021-06-04T07:00:41+00:00","dateModified":"2025-03-24T10:53:34+00:00","description":"Eine vollst\u00e4ndige Liste aller Flugh\u00e4fen in Colorado mit ihren IATA-Codes, Flughafenstandorten auf der Karte und Passagierzahlen.","breadcrumb":{"@id":"https:\/\/traveling.com\/de\/blog\/flughaefen-colorado\/#breadcrumb"},"inLanguage":"en-GB","potentialAction":[{"@type":"ReadAction","target":["https:\/\/traveling.com\/de\/blog\/flughaefen-colorado\/"]}]},{"@type":"BreadcrumbList","@id":"https:\/\/traveling.com\/de\/blog\/flughaefen-colorado\/#breadcrumb","itemListElement":[{"@type":"ListItem","position":1,"name":"Home","item":"https:\/\/traveling.com\/de\/blog\/"},{"@type":"ListItem","position":2,"name":"Flugh\u00e4fen in Colorado"}]},{"@type":"WebSite","@id":"https:\/\/traveling.com\/de\/blog\/#website","url":"https:\/\/traveling.com\/de\/blog\/","name":"Traveling.com Blog","description":"Dein Kompletter Reisef\u00fchrer","potentialAction":[{"@type":"SearchAction","target":{"@type":"EntryPoint","urlTemplate":"https:\/\/traveling.com\/de\/blog\/?s={search_term_string}"},"query-input":"required name=search_term_string"}],"inLanguage":"en-GB"}]}},"_links":{"self":[{"href":"https:\/\/traveling.com\/de\/blog\/wp-json\/wp\/v2\/pages\/8263"}],"collection":[{"href":"https:\/\/traveling.com\/de\/blog\/wp-json\/wp\/v2\/pages"}],"about":[{"href":"https:\/\/traveling.com\/de\/blog\/wp-json\/wp\/v2\/types\/page"}],"author":[{"embeddable":true,"href":"https:\/\/traveling.com\/de\/blog\/wp-json\/wp\/v2\/users\/1"}],"replies":[{"embeddable":true,"href":"https:\/\/traveling.com\/de\/blog\/wp-json\/wp\/v2\/comments?post=8263"}],"version-history":[{"count":4,"href":"https:\/\/traveling.com\/de\/blog\/wp-json\/wp\/v2\/pages\/8263\/revisions"}],"predecessor-version":[{"id":8512,"href":"https:\/\/traveling.com\/de\/blog\/wp-json\/wp\/v2\/pages\/8263\/revisions\/8512"}],"wp:attachment":[{"href":"https:\/\/traveling.com\/de\/blog\/wp-json\/wp\/v2\/media?parent=8263"}],"curies":[{"name":"wp","href":"https:\/\/api.w.org\/{rel}","templated":true}]}}