{"id":8607,"date":"2021-07-14T09:00:56","date_gmt":"2021-07-14T07:00:56","guid":{"rendered":"https:\/\/getbybus.com\/de\/blog\/?page_id=8607"},"modified":"2025-03-24T12:53:17","modified_gmt":"2025-03-24T10:53:17","slug":"flughaefen-alberta","status":"publish","type":"page","link":"https:\/\/traveling.com\/de\/blog\/flughaefen-alberta\/","title":{"rendered":"Flugh\u00e4fen in Alberta"},"content":{"rendered":"<p>Die Provinz Alberta verf\u00fcgt \u00fcber <strong>11 Flugh\u00e4fen<\/strong> mit kommerziellen Linienfl\u00fcgen. Der Flugverkehr konzentriert sich jedoch auf den Flughafen Calgary und Edmonton, die zwei verkehrsreichsten Flugh\u00e4fen in Alberta. Air Canada und WestJet wickeln einen erheblichen Anteil der Passagiere von diesen Flugh\u00e4fen ab. Am Ende des Beitrags haben wir eine Karte der Flugh\u00e4fen in Alberta mit ihren genauen Standorten aufgef\u00fchrt.<\/p>\n<h3><span class=\"ez-toc-section\" id=\"Liste_der_Flughafen\"><\/span>Liste der Flugh\u00e4fen<span class=\"ez-toc-section-end\"><\/span><\/h3>\n<h4><span class=\"ez-toc-section\" id=\"Internationaler_Flughafen_Calgary_-_IATA-Code_-_YYC_18_Mio_Passagiere\"><\/span><b>Internationaler Flughafen Calgary \u2013 IATA-Code \u2013 YYC (~ 18 Mio. Passagiere)<\/b><span class=\"ez-toc-section-end\"><\/span><\/h4>\n<p>Der Flughafen Calgary, der etwa 16 km von der Innenstadt von Calgary entfernt liegt, ist der viertgr\u00f6\u00dfte der kanadischen Flugh\u00e4fen. Der Flughafen dient als Drehkreuz f\u00fcr WestJet und Air Canada und insgesamt bieten mehr als 20 Fluggesellschaften Fl\u00fcge zum und vom Flughafen an. Die meisten Fl\u00fcge vom Flughafen sind Inlandsfl\u00fcge, wobei Vancouver, Edmonton und Toronto die drei h\u00e4ufigsten Ziele sind, aber der Flughafen hat auch eine betr\u00e4chtliche Anzahl internationaler Abfl\u00fcge, wobei die USA die Nummer eins der Internationalen Ziel ist.<\/p>\n<h4><span class=\"ez-toc-section\" id=\"Internationaler_Flughafen_Edmonton_-_IATA-Code_-_YEG_8_Mio_Passagiere\"><\/span><b>Internationaler Flughafen Edmonton \u2013 IATA-Code \u2013 YEG (~ 8 Mio. Passagiere)<\/b><span class=\"ez-toc-section-end\"><\/span><\/h4>\n<p>Der Flughafen Edmonton befindet sich in der Stadt Leduc, etwa 27 km s\u00fcdlich der Innenstadt von Edmonton. Etwa 20 Fluggesellschaften f\u00fchren Fl\u00fcge zum und vom Flughafen durch, die meisten Fl\u00fcge f\u00fchren zu inl\u00e4ndischen Zielen. Das internationale Netzwerk umfasst Fl\u00fcge in US-St\u00e4dte, mehrere saisonale Ziele in den karibischen St\u00e4dten sowie einige europ\u00e4ische St\u00e4dte. Der Flughafen ist durch verschiedene Shuttleservices gut mit der Innenstadt von Edmonton verbunden und hat auch Busverbindungen zu anderen St\u00e4dten wie Lake Deer und Calgary.<\/p>\n<h4><span class=\"ez-toc-section\" id=\"Internationaler_Flughafen_Fort_McMurray_-_IATA-Code_-_YMM_06_Mio_Passagiere\"><\/span><b>Internationaler Flughafen Fort McMurray \u2013 IATA-Code \u2013 YMM (~ 0,6 Mio. Passagiere)<\/b><span class=\"ez-toc-section-end\"><\/span><\/h4>\n<p>Der Flughafen liegt 16 km s\u00fcd\u00f6stlich von Fort McMurray, der Flughafen dient derzeit nur als Inlandsflughafen mit Linienfl\u00fcgen nach Calgary, Edmonton und Fort Chipewyan mit den folgenden Fluggesellschaften; Air Canada, Air Canada Express, McMurray Aviation, Northwestern Air und WestJet Encoreet .<\/p>\n<h3><span class=\"ez-toc-section\" id=\"Kleinere_Flughafen_in_Alberta\"><\/span>Kleinere Flugh\u00e4fen in Alberta<span class=\"ez-toc-section-end\"><\/span><\/h3>\n<p>Neben den gro\u00dfen Flugh\u00e4fen in Alberta gibt es eine Reihe kleinerer Flugh\u00e4fen mit einer oder wenigen Inlandsverbindungen, die von Fluggesellschaften wie WestJet Link (Pacific Coastal Airlines), Central Mountain Air, Northwestern Air, Northern Air, McMurray Aviation, Air Canada Express und WestJet Encore durchgef\u00fchr werden. Einigen dieser Flugh\u00e4fen werden mit regul\u00e4ren kommerziellen Flugzeugen und andere mit kleinen D\u00fcsen- und Propellerflugzeugen betrieben.<\/p>\n<h4><span class=\"ez-toc-section\" id=\"Flughafen_Whitecourt_-_IATA-Code_-_YZU\"><\/span><b>Flughafen Whitecourt \u2013 IATA-Code \u2013 YZU<\/b><span class=\"ez-toc-section-end\"><\/span><\/h4>\n<ul>\n<li>St\u00e4dte in der N\u00e4he: Whitecourt (7 km)<\/li>\n<li>Fluggesellschaft(en): Northern Air<\/li>\n<\/ul>\n<h4><span class=\"ez-toc-section\" id=\"Flughafen_Medicine_Hat_-_IATA-Code_-_YXH\"><\/span><b>Flughafen Medicine Hat \u2013 IATA-Code \u2013 YXH<\/b><span class=\"ez-toc-section-end\"><\/span><\/h4>\n<ul>\n<li>St\u00e4dte in der N\u00e4he: Medicine Hat (4 km), Redcliff (10 km)<\/li>\n<li>Fluggesellschaft(en): Air Canada Express, WestJet Link<\/li>\n<\/ul>\n<h4><span class=\"ez-toc-section\" id=\"Flughafen_Grande_Prairie_-_IATA-Code_-_YQU\"><\/span><b>Flughafen Grande Prairie \u2013 IATA-Code \u2013 YQU<\/b><span class=\"ez-toc-section-end\"><\/span><\/h4>\n<ul>\n<li>St\u00e4dte in der N\u00e4he: Grande Prairie (6 km)<\/li>\n<li>Fluggesellschaft(en): Air Canada Express, WestJet Encore<\/li>\n<\/ul>\n<h4><span class=\"ez-toc-section\" id=\"Flughafen_Lethbridge_-_IATA-Code_-_YQL_01_Mio_Passagiere\"><\/span><b>Flughafen Lethbridge \u2013 IATA-Code \u2013 YQL (~ 0,1 Mio. Passagiere)<\/b><span class=\"ez-toc-section-end\"><\/span><\/h4>\n<ul>\n<li>St\u00e4dte in der N\u00e4he: Lethbridge (7 km), Coalhurst (18 km), Coaldale (20 km), Taber (55 km)<\/li>\n<li>Fluggesellschaft(en): WestJet Link<\/li>\n<\/ul>\n<h4><span class=\"ez-toc-section\" id=\"Flughafen_Fort_Chipewyan_-_IATA-Code_-_YPY\"><\/span><b>Flughafen Fort Chipewyan \u2013 IATA-Code \u2013 YPY<\/b><span class=\"ez-toc-section-end\"><\/span><\/h4>\n<ul>\n<li>St\u00e4dte in der N\u00e4he: Fort Chipewyan (6 km)<\/li>\n<li>Fluggesellschaft(en): McMurray Aviation, Northwestern Air<\/li>\n<\/ul>\n<h4><span class=\"ez-toc-section\" id=\"Flughafen_Peace_River_-_IATA-Code_-_YPE\"><\/span><b>Flughafen Peace River \u2013 IATA-Code \u2013 YPE<\/b><span class=\"ez-toc-section-end\"><\/span><\/h4>\n<ul>\n<li>Auch genannt: Flughafen Grimshaw<\/li>\n<li>St\u00e4dte in der N\u00e4he: Peace River (7,5 km), Grimshaw (15 km)<\/li>\n<li>Fluggesellschaft(en): Northern Air<\/li>\n<\/ul>\n<h4><span class=\"ez-toc-section\" id=\"Flughafen_High_Level_-_IATA-Code_-_YOJ\"><\/span><b>Flughafen High Level \u2013 IATA-Code \u2013 YOJ<\/b><span class=\"ez-toc-section-end\"><\/span><\/h4>\n<ul>\n<li>St\u00e4dte in der N\u00e4he: High Level (13,5 km)<\/li>\n<li>Fluggesellschaft(en): Central Mountain Air, Northwestern Air<\/li>\n<\/ul>\n<h4><span class=\"ez-toc-section\" id=\"Flughafen_Lloydminster_-_IATA-Code_-_YLL\"><\/span><b>Flughafen Lloydminster \u2013 IATA-Code \u2013 YLL<\/b><span class=\"ez-toc-section-end\"><\/span><\/h4>\n<ul>\n<li>St\u00e4dte in der N\u00e4he: Lloydminster (9 km)<\/li>\n<li>Fluggesellschaft(en): WestJet Link<\/li>\n<\/ul>\n<h3><span class=\"ez-toc-section\" id=\"Flughafen_in_benachbarten_Provinzen\"><\/span>Flugh\u00e4fen in benachbarten Provinzen<span class=\"ez-toc-section-end\"><\/span><\/h3>\n<table style=\"width: 100%; border-collapse: collapse;\" border=\"0\">\n<tbody>\n<tr>\n<td style=\"width: 33.3333%;\">Flugh\u00e4fen in British Columbia<\/td>\n<td style=\"width: 33.3333%;\">Flugh\u00e4fen in Nordwest-Territorien<\/td>\n<td style=\"width: 33.3333%;\">Flugh\u00e4fen in Saskatchewan<\/td>\n<\/tr>\n<\/tbody>\n<\/table>\n<h3><span class=\"ez-toc-section\" id=\"Karte_der_Flughafen_in_Alberta\"><\/span>Karte der Flugh\u00e4fen in Alberta<span class=\"ez-toc-section-end\"><\/span><\/h3>\n\n\n<iframe src=\"https:\/\/www.google.com\/maps\/d\/u\/1\/embed?mid=1MdObUP_14N2keBpJVPJZLRFHJvhI9ENy\" width=\"640\" height=\"480\"><\/iframe>\n","protected":false},"excerpt":{"rendered":"<p>Die Provinz Alberta verf\u00fcgt \u00fcber 11 Flugh\u00e4fen mit kommerziellen Linienfl\u00fcgen. Der Flugverkehr konzentriert sich jedoch auf den Flughafen Calgary und Edmonton, die zwei verkehrsreichsten Flugh\u00e4fen in Alberta. Air Canada und WestJet wickeln einen erheblichen Anteil der Passagiere von diesen Flugh\u00e4fen ab. Am Ende des Beitrags haben wir eine Karte der Flugh\u00e4fen in Alberta mit ihren [&hellip;]<\/p>\n<p><a class=\"more-link btn btn-primary\" href=\"https:\/\/traveling.com\/de\/blog\/flughaefen-alberta\/\"> Continue reading&#8230;<\/a><\/p>\n","protected":false},"author":1,"featured_media":0,"parent":0,"menu_order":0,"comment_status":"closed","ping_status":"closed","template":"","meta":[],"yoast_head":"<!-- This site is optimized with the Yoast SEO plugin v19.8 - https:\/\/yoast.com\/wordpress\/plugins\/seo\/ -->\n<title>Alberta Flugh\u00e4fen - IATA-Codes, Karte und Reiseinformationen<\/title>\n<meta name=\"description\" content=\"Eine vollst\u00e4ndige Liste aller Flugh\u00e4fen in Alberta mit ihren IATA-Codes, Flughafenstandorten auf der Karte und Passagierzahlen.\" \/>\n<meta name=\"robots\" content=\"index, follow, max-snippet:-1, max-image-preview:large, max-video-preview:-1\" \/>\n<link rel=\"canonical\" href=\"https:\/\/traveling.com\/de\/blog\/flughaefen-alberta\/\" \/>\n<meta property=\"og:locale\" content=\"en_GB\" \/>\n<meta property=\"og:type\" content=\"article\" \/>\n<meta property=\"og:title\" content=\"Alberta Flugh\u00e4fen - IATA-Codes, Karte und Reiseinformationen\" \/>\n<meta property=\"og:description\" content=\"Eine vollst\u00e4ndige Liste aller Flugh\u00e4fen in Alberta mit ihren IATA-Codes, Flughafenstandorten auf der Karte und Passagierzahlen.\" \/>\n<meta property=\"og:url\" content=\"https:\/\/traveling.com\/de\/blog\/flughaefen-alberta\/\" \/>\n<meta property=\"og:site_name\" content=\"Traveling.com Blog\" \/>\n<meta property=\"article:modified_time\" content=\"2025-03-24T10:53:17+00:00\" \/>\n<meta name=\"twitter:card\" content=\"summary_large_image\" \/>\n<meta name=\"twitter:label1\" content=\"Est. reading time\" \/>\n\t<meta name=\"twitter:data1\" content=\"3 minutes\" \/>\n<script type=\"application\/ld+json\" class=\"yoast-schema-graph\">{\"@context\":\"https:\/\/schema.org\",\"@graph\":[{\"@type\":\"WebPage\",\"@id\":\"https:\/\/traveling.com\/de\/blog\/flughaefen-alberta\/\",\"url\":\"https:\/\/traveling.com\/de\/blog\/flughaefen-alberta\/\",\"name\":\"Alberta Flugh\u00e4fen - IATA-Codes, Karte und Reiseinformationen\",\"isPartOf\":{\"@id\":\"https:\/\/traveling.com\/de\/blog\/#website\"},\"datePublished\":\"2021-07-14T07:00:56+00:00\",\"dateModified\":\"2025-03-24T10:53:17+00:00\",\"description\":\"Eine vollst\u00e4ndige Liste aller Flugh\u00e4fen in Alberta mit ihren IATA-Codes, Flughafenstandorten auf der Karte und Passagierzahlen.\",\"breadcrumb\":{\"@id\":\"https:\/\/traveling.com\/de\/blog\/flughaefen-alberta\/#breadcrumb\"},\"inLanguage\":\"en-GB\",\"potentialAction\":[{\"@type\":\"ReadAction\",\"target\":[\"https:\/\/traveling.com\/de\/blog\/flughaefen-alberta\/\"]}]},{\"@type\":\"BreadcrumbList\",\"@id\":\"https:\/\/traveling.com\/de\/blog\/flughaefen-alberta\/#breadcrumb\",\"itemListElement\":[{\"@type\":\"ListItem\",\"position\":1,\"name\":\"Home\",\"item\":\"https:\/\/traveling.com\/de\/blog\/\"},{\"@type\":\"ListItem\",\"position\":2,\"name\":\"Flugh\u00e4fen in Alberta\"}]},{\"@type\":\"WebSite\",\"@id\":\"https:\/\/traveling.com\/de\/blog\/#website\",\"url\":\"https:\/\/traveling.com\/de\/blog\/\",\"name\":\"Traveling.com Blog\",\"description\":\"Dein Kompletter Reisef\u00fchrer\",\"potentialAction\":[{\"@type\":\"SearchAction\",\"target\":{\"@type\":\"EntryPoint\",\"urlTemplate\":\"https:\/\/traveling.com\/de\/blog\/?s={search_term_string}\"},\"query-input\":\"required name=search_term_string\"}],\"inLanguage\":\"en-GB\"}]}<\/script>\n<!-- \/ Yoast SEO plugin. -->","yoast_head_json":{"title":"Alberta Flugh\u00e4fen - IATA-Codes, Karte und Reiseinformationen","description":"Eine vollst\u00e4ndige Liste aller Flugh\u00e4fen in Alberta mit ihren IATA-Codes, Flughafenstandorten auf der Karte und Passagierzahlen.","robots":{"index":"index","follow":"follow","max-snippet":"max-snippet:-1","max-image-preview":"max-image-preview:large","max-video-preview":"max-video-preview:-1"},"canonical":"https:\/\/traveling.com\/de\/blog\/flughaefen-alberta\/","og_locale":"en_GB","og_type":"article","og_title":"Alberta Flugh\u00e4fen - IATA-Codes, Karte und Reiseinformationen","og_description":"Eine vollst\u00e4ndige Liste aller Flugh\u00e4fen in Alberta mit ihren IATA-Codes, Flughafenstandorten auf der Karte und Passagierzahlen.","og_url":"https:\/\/traveling.com\/de\/blog\/flughaefen-alberta\/","og_site_name":"Traveling.com Blog","article_modified_time":"2025-03-24T10:53:17+00:00","twitter_card":"summary_large_image","twitter_misc":{"Est. reading time":"3 minutes"},"schema":{"@context":"https:\/\/schema.org","@graph":[{"@type":"WebPage","@id":"https:\/\/traveling.com\/de\/blog\/flughaefen-alberta\/","url":"https:\/\/traveling.com\/de\/blog\/flughaefen-alberta\/","name":"Alberta Flugh\u00e4fen - IATA-Codes, Karte und Reiseinformationen","isPartOf":{"@id":"https:\/\/traveling.com\/de\/blog\/#website"},"datePublished":"2021-07-14T07:00:56+00:00","dateModified":"2025-03-24T10:53:17+00:00","description":"Eine vollst\u00e4ndige Liste aller Flugh\u00e4fen in Alberta mit ihren IATA-Codes, Flughafenstandorten auf der Karte und Passagierzahlen.","breadcrumb":{"@id":"https:\/\/traveling.com\/de\/blog\/flughaefen-alberta\/#breadcrumb"},"inLanguage":"en-GB","potentialAction":[{"@type":"ReadAction","target":["https:\/\/traveling.com\/de\/blog\/flughaefen-alberta\/"]}]},{"@type":"BreadcrumbList","@id":"https:\/\/traveling.com\/de\/blog\/flughaefen-alberta\/#breadcrumb","itemListElement":[{"@type":"ListItem","position":1,"name":"Home","item":"https:\/\/traveling.com\/de\/blog\/"},{"@type":"ListItem","position":2,"name":"Flugh\u00e4fen in Alberta"}]},{"@type":"WebSite","@id":"https:\/\/traveling.com\/de\/blog\/#website","url":"https:\/\/traveling.com\/de\/blog\/","name":"Traveling.com Blog","description":"Dein Kompletter Reisef\u00fchrer","potentialAction":[{"@type":"SearchAction","target":{"@type":"EntryPoint","urlTemplate":"https:\/\/traveling.com\/de\/blog\/?s={search_term_string}"},"query-input":"required name=search_term_string"}],"inLanguage":"en-GB"}]}},"_links":{"self":[{"href":"https:\/\/traveling.com\/de\/blog\/wp-json\/wp\/v2\/pages\/8607"}],"collection":[{"href":"https:\/\/traveling.com\/de\/blog\/wp-json\/wp\/v2\/pages"}],"about":[{"href":"https:\/\/traveling.com\/de\/blog\/wp-json\/wp\/v2\/types\/page"}],"author":[{"embeddable":true,"href":"https:\/\/traveling.com\/de\/blog\/wp-json\/wp\/v2\/users\/1"}],"replies":[{"embeddable":true,"href":"https:\/\/traveling.com\/de\/blog\/wp-json\/wp\/v2\/comments?post=8607"}],"version-history":[{"count":3,"href":"https:\/\/traveling.com\/de\/blog\/wp-json\/wp\/v2\/pages\/8607\/revisions"}],"predecessor-version":[{"id":8610,"href":"https:\/\/traveling.com\/de\/blog\/wp-json\/wp\/v2\/pages\/8607\/revisions\/8610"}],"wp:attachment":[{"href":"https:\/\/traveling.com\/de\/blog\/wp-json\/wp\/v2\/media?parent=8607"}],"curies":[{"name":"wp","href":"https:\/\/api.w.org\/{rel}","templated":true}]}}