{"id":8624,"date":"2021-09-20T09:00:01","date_gmt":"2021-09-20T07:00:01","guid":{"rendered":"https:\/\/getbybus.com\/de\/blog\/?page_id=8624"},"modified":"2025-03-24T12:53:58","modified_gmt":"2025-03-24T10:53:58","slug":"flughaefen-new-brunswick","status":"publish","type":"page","link":"https:\/\/traveling.com\/de\/blog\/flughaefen-new-brunswick\/","title":{"rendered":"Flugh\u00e4fen in New Brunswick"},"content":{"rendered":"<p>Es gibt <strong>6 Flugh\u00e4fen in der Provinz New Brunswick<\/strong>, die Linienfl\u00fcge anbieten. Der gr\u00f6\u00dfte aller New Brunswick Airports ist der in Moncton. Die Flugh\u00e4fen Fredericton und Saint John sind nach Moncton die verkehrsreichsten. Air Canada und Porter Airlines sind nur einige der Fluggesellschaften, die an diesen Flugh\u00e4fen operieren. Unten finden Sie Details zu jedem Flughafen sowie <strong>eine Karte der Flugh\u00e4fen in New Brunswick<\/strong>.<\/p>\n<h4><span class=\"ez-toc-section\" id=\"Flughafen_Moncton_-_IATA-Code_-_YYC_07_Mio_Passagiere\"><\/span><b>Flughafen Moncton \u2013 IATA-Code \u2013 YYC (~ 0,7 Mio. Passagiere)<\/b><span class=\"ez-toc-section-end\"><\/span><\/h4>\n<p>Der Internationale Flughafen Greater Moncton Rom\u00e9o LeBlanc ist der wichtigste Flughafen in New Brunswick und liegt 8 km \u00f6stlich des Stadtzentrums von Moncton. Der Flughafen bietet t\u00e4gliche Fl\u00fcge nach Halifax, Montreal, Ottawa und Toronto, w\u00e4hrend der Sommersaison hat der Flughafen Verbindungen zu mehreren Zielen in den USA und Mittelamerika. Vom <a href=\"https:\/\/Traveling.com\/de\/bus-moncton-flughafen-nb-nach-moncton-nb\">Flughafen gibt es eine Busverbindung nach Moncton<\/a> sowie Busabfahrten nach z.B. <a href=\"https:\/\/Traveling.com\/de\/bus-moncton-flughafen-nb-nach-amherst-ns\">Amherst<\/a>, <a href=\"https:\/\/Traveling.com\/de\/bus-moncton-flughafen-nb-nach-dartmouth-ns\">Dartmouth<\/a> sowie die wichtigsten anderen St\u00e4dte in der Region des Flughafens.<\/p>\n<h4><span class=\"ez-toc-section\" id=\"Internationaler_Flughafen_Fredericton_-_IATA-Code_-_YFC_04_Mio_Passagiere\"><\/span><b>Internationaler Flughafen Fredericton \u2013 IATA-Code \u2013 YFC (~ 0,4 Mio. Passagiere)<\/b><span class=\"ez-toc-section-end\"><\/span><\/h4>\n<p>Der Flughafen Fredericton ist der zweitgr\u00f6\u00dfte Flughafen in New Brunswick, der Flughafen liegt etwa 13 km s\u00fcd\u00f6stlich von Fredericton. Die meisten Linienfl\u00fcge vom Flughafen sind Inlandsfl\u00fcge, aber es werden auch saisonale Fl\u00fcge zu internationalen Zielen angeboten. Die folgenden Fluggesellschaften f\u00fchrten Linienfl\u00fcge vom Flughafen Fredericton durch Air Canada Express, Air Canada Rouge, Sunwing Airlines, Porter Airlines Ottawa, WestJet Encore. <a href=\"https:\/\/Traveling.com\/de\/bus-fredericton-nb-nach-fredericton-flughafen-nb\">Der Flughafen ist von Fredericton mit dem Bus zu erreichen<\/a>, vom Flughafen gibt es Busverbindungen nach <a href=\"https:\/\/Traveling.com\/de\/bus-fredericton-flughafen-nb-nach-moncton-nb\">Moncton<\/a>, <a href=\"https:\/\/Traveling.com\/de\/bus-fredericton-flughafen-nb-nach-saint-john-nb\">Saint John<\/a> sowie <a href=\"https:\/\/Traveling.com\/de\/bus-fredericton-flughafen-nb-nach-edmundston-nb\">Edmundston<\/a>.<\/p>\n<h4><span class=\"ez-toc-section\" id=\"Flughafen_Saint_John_-_IATA-Code_-_YSJ_03_Mio_Passagiere\"><\/span><b>Flughafen Saint John \u2013 IATA-Code \u2013 YSJ (~ 0,3 Mio. Passagiere)<\/b><span class=\"ez-toc-section-end\"><\/span><\/h4>\n<p>Der Flughafen Saint John ist der drittgr\u00f6\u00dfte Flughafen in New Brunswick, der Flughafen liegt 16 km \u00f6stlich des Stadtzentrums von Saint John. Vom Flughafen gibt es Direktfl\u00fcge nach Halifax, Montreal, Toronto und Ottawa sowie saisonale Fl\u00fcge nach Varadero in Kuba. Fl\u00fcge vom Flughafen werden von folgenden Fluggesellschaften durchgef\u00fchrt, Air Canada Express, Air Canada Rouge, Flair Airlines, Porter Airlines, Sunwing Airlines.<\/p>\n<h3><span class=\"ez-toc-section\" id=\"Kleinere_Flughafen\"><\/span>Kleinere Flugh\u00e4fen<span class=\"ez-toc-section-end\"><\/span><\/h3>\n<h4><span class=\"ez-toc-section\" id=\"Flughafen_Bathurst_-_IATA-Code_-_ZBF\"><\/span><b>Flughafen Bathurst \u2013 IATA-Code \u2013 ZBF<\/b><span class=\"ez-toc-section-end\"><\/span><\/h4>\n<ul>\n<li>Auch genannt: Regionalflughafen Bathurst<\/li>\n<li>St\u00e4dte in der N\u00e4he: Bathurst (8 km), Beresford (13 km)<\/li>\n<li>Fluggesellschaft(en): Air Canada Express<\/li>\n<\/ul>\n<h4><span class=\"ez-toc-section\" id=\"Flughafen_Charlo_-_IATA-Code_-_YCL\"><\/span><b>Flughafen Charlo \u2013 IATA-Code \u2013 YCL<\/b><span class=\"ez-toc-section-end\"><\/span><\/h4>\n<ul>\n<li>St\u00e4dte in der N\u00e4he: Charlo (5 km), Dalhousie (15 km), Campbellton (33 km)<\/li>\n<li>Fluggesellschaft(en): PAL Airlines<\/li>\n<\/ul>\n<h4><span class=\"ez-toc-section\" id=\"Flughafen_Miramichi_-_IATA-Code_-_YCH\"><\/span><b>Flughafen Miramichi \u2013 IATA-Code \u2013 YCH<\/b><span class=\"ez-toc-section-end\"><\/span><\/h4>\n<ul>\n<li>St\u00e4dte in der N\u00e4he: Miramichi (3 km)<\/li>\n<li>Fluggesellschaft(en): Canadian North, Flair Airlines<\/li>\n<\/ul>\n<h3><span class=\"ez-toc-section\" id=\"Flughafen_in_benachbarten_Provinzen\"><\/span>Flugh\u00e4fen in benachbarten Provinzen<span class=\"ez-toc-section-end\"><\/span><\/h3>\n<table style=\"width: 100%; border-collapse: collapse;\" border=\"0\">\n<tbody>\n<tr>\n<td style=\"width: 33.3333%;\">Flugh\u00e4fen in Quebec<\/td>\n<td style=\"width: 33.3333%;\">Flugh\u00e4fen auf Prince Edward Island<\/td>\n<td style=\"width: 33.3333%;\">Flugh\u00e4fen in Nova Scotia<\/td>\n<\/tr>\n<\/tbody>\n<\/table>\n<h3><span class=\"ez-toc-section\" id=\"Karte_der_Flughafen_in_New_Brunswick\"><\/span>Karte der Flugh\u00e4fen in New Brunswick<span class=\"ez-toc-section-end\"><\/span><\/h3>\n\n\n<iframe src=\"https:\/\/www.google.com\/maps\/d\/u\/1\/embed?mid=1FjjDkf8wXoVDDJazjq8thRlZMKeluZOt\" width=\"640\" height=\"480\"><\/iframe>\n","protected":false},"excerpt":{"rendered":"<p>Es gibt 6 Flugh\u00e4fen in der Provinz New Brunswick, die Linienfl\u00fcge anbieten. Der gr\u00f6\u00dfte aller New Brunswick Airports ist der in Moncton. Die Flugh\u00e4fen Fredericton und Saint John sind nach Moncton die verkehrsreichsten. Air Canada und Porter Airlines sind nur einige der Fluggesellschaften, die an diesen Flugh\u00e4fen operieren. Unten finden Sie Details zu jedem Flughafen [&hellip;]<\/p>\n<p><a class=\"more-link btn btn-primary\" href=\"https:\/\/traveling.com\/de\/blog\/flughaefen-new-brunswick\/\"> Continue reading&#8230;<\/a><\/p>\n","protected":false},"author":1,"featured_media":0,"parent":0,"menu_order":0,"comment_status":"closed","ping_status":"closed","template":"","meta":[],"yoast_head":"<!-- This site is optimized with the Yoast SEO plugin v19.8 - https:\/\/yoast.com\/wordpress\/plugins\/seo\/ -->\n<title>New Brunswick Flugh\u00e4fen - IATA-Codes, Karte und Reiseinformationen<\/title>\n<meta name=\"description\" content=\"Eine vollst\u00e4ndige Liste aller Flugh\u00e4fen in New Brunswick mit ihren IATA-Codes, Flughafenstandorten auf der Karte und Passagierzahlen.\" \/>\n<meta name=\"robots\" content=\"index, follow, max-snippet:-1, max-image-preview:large, max-video-preview:-1\" \/>\n<link rel=\"canonical\" href=\"https:\/\/traveling.com\/de\/blog\/flughaefen-new-brunswick\/\" \/>\n<meta property=\"og:locale\" content=\"en_GB\" \/>\n<meta property=\"og:type\" content=\"article\" \/>\n<meta property=\"og:title\" content=\"New Brunswick Flugh\u00e4fen - IATA-Codes, Karte und Reiseinformationen\" \/>\n<meta property=\"og:description\" content=\"Eine vollst\u00e4ndige Liste aller Flugh\u00e4fen in New Brunswick mit ihren IATA-Codes, Flughafenstandorten auf der Karte und Passagierzahlen.\" \/>\n<meta property=\"og:url\" content=\"https:\/\/traveling.com\/de\/blog\/flughaefen-new-brunswick\/\" \/>\n<meta property=\"og:site_name\" content=\"Traveling.com Blog\" \/>\n<meta property=\"article:modified_time\" content=\"2025-03-24T10:53:58+00:00\" \/>\n<meta name=\"twitter:card\" content=\"summary_large_image\" \/>\n<meta name=\"twitter:label1\" content=\"Est. reading time\" \/>\n\t<meta name=\"twitter:data1\" content=\"2 minutes\" \/>\n<script type=\"application\/ld+json\" class=\"yoast-schema-graph\">{\"@context\":\"https:\/\/schema.org\",\"@graph\":[{\"@type\":\"WebPage\",\"@id\":\"https:\/\/traveling.com\/de\/blog\/flughaefen-new-brunswick\/\",\"url\":\"https:\/\/traveling.com\/de\/blog\/flughaefen-new-brunswick\/\",\"name\":\"New Brunswick Flugh\u00e4fen - IATA-Codes, Karte und Reiseinformationen\",\"isPartOf\":{\"@id\":\"https:\/\/traveling.com\/de\/blog\/#website\"},\"datePublished\":\"2021-09-20T07:00:01+00:00\",\"dateModified\":\"2025-03-24T10:53:58+00:00\",\"description\":\"Eine vollst\u00e4ndige Liste aller Flugh\u00e4fen in New Brunswick mit ihren IATA-Codes, Flughafenstandorten auf der Karte und Passagierzahlen.\",\"breadcrumb\":{\"@id\":\"https:\/\/traveling.com\/de\/blog\/flughaefen-new-brunswick\/#breadcrumb\"},\"inLanguage\":\"en-GB\",\"potentialAction\":[{\"@type\":\"ReadAction\",\"target\":[\"https:\/\/traveling.com\/de\/blog\/flughaefen-new-brunswick\/\"]}]},{\"@type\":\"BreadcrumbList\",\"@id\":\"https:\/\/traveling.com\/de\/blog\/flughaefen-new-brunswick\/#breadcrumb\",\"itemListElement\":[{\"@type\":\"ListItem\",\"position\":1,\"name\":\"Home\",\"item\":\"https:\/\/traveling.com\/de\/blog\/\"},{\"@type\":\"ListItem\",\"position\":2,\"name\":\"Flugh\u00e4fen in New Brunswick\"}]},{\"@type\":\"WebSite\",\"@id\":\"https:\/\/traveling.com\/de\/blog\/#website\",\"url\":\"https:\/\/traveling.com\/de\/blog\/\",\"name\":\"Traveling.com Blog\",\"description\":\"Dein Kompletter Reisef\u00fchrer\",\"potentialAction\":[{\"@type\":\"SearchAction\",\"target\":{\"@type\":\"EntryPoint\",\"urlTemplate\":\"https:\/\/traveling.com\/de\/blog\/?s={search_term_string}\"},\"query-input\":\"required name=search_term_string\"}],\"inLanguage\":\"en-GB\"}]}<\/script>\n<!-- \/ Yoast SEO plugin. -->","yoast_head_json":{"title":"New Brunswick Flugh\u00e4fen - IATA-Codes, Karte und Reiseinformationen","description":"Eine vollst\u00e4ndige Liste aller Flugh\u00e4fen in New Brunswick mit ihren IATA-Codes, Flughafenstandorten auf der Karte und Passagierzahlen.","robots":{"index":"index","follow":"follow","max-snippet":"max-snippet:-1","max-image-preview":"max-image-preview:large","max-video-preview":"max-video-preview:-1"},"canonical":"https:\/\/traveling.com\/de\/blog\/flughaefen-new-brunswick\/","og_locale":"en_GB","og_type":"article","og_title":"New Brunswick Flugh\u00e4fen - IATA-Codes, Karte und Reiseinformationen","og_description":"Eine vollst\u00e4ndige Liste aller Flugh\u00e4fen in New Brunswick mit ihren IATA-Codes, Flughafenstandorten auf der Karte und Passagierzahlen.","og_url":"https:\/\/traveling.com\/de\/blog\/flughaefen-new-brunswick\/","og_site_name":"Traveling.com Blog","article_modified_time":"2025-03-24T10:53:58+00:00","twitter_card":"summary_large_image","twitter_misc":{"Est. reading time":"2 minutes"},"schema":{"@context":"https:\/\/schema.org","@graph":[{"@type":"WebPage","@id":"https:\/\/traveling.com\/de\/blog\/flughaefen-new-brunswick\/","url":"https:\/\/traveling.com\/de\/blog\/flughaefen-new-brunswick\/","name":"New Brunswick Flugh\u00e4fen - IATA-Codes, Karte und Reiseinformationen","isPartOf":{"@id":"https:\/\/traveling.com\/de\/blog\/#website"},"datePublished":"2021-09-20T07:00:01+00:00","dateModified":"2025-03-24T10:53:58+00:00","description":"Eine vollst\u00e4ndige Liste aller Flugh\u00e4fen in New Brunswick mit ihren IATA-Codes, Flughafenstandorten auf der Karte und Passagierzahlen.","breadcrumb":{"@id":"https:\/\/traveling.com\/de\/blog\/flughaefen-new-brunswick\/#breadcrumb"},"inLanguage":"en-GB","potentialAction":[{"@type":"ReadAction","target":["https:\/\/traveling.com\/de\/blog\/flughaefen-new-brunswick\/"]}]},{"@type":"BreadcrumbList","@id":"https:\/\/traveling.com\/de\/blog\/flughaefen-new-brunswick\/#breadcrumb","itemListElement":[{"@type":"ListItem","position":1,"name":"Home","item":"https:\/\/traveling.com\/de\/blog\/"},{"@type":"ListItem","position":2,"name":"Flugh\u00e4fen in New Brunswick"}]},{"@type":"WebSite","@id":"https:\/\/traveling.com\/de\/blog\/#website","url":"https:\/\/traveling.com\/de\/blog\/","name":"Traveling.com Blog","description":"Dein Kompletter Reisef\u00fchrer","potentialAction":[{"@type":"SearchAction","target":{"@type":"EntryPoint","urlTemplate":"https:\/\/traveling.com\/de\/blog\/?s={search_term_string}"},"query-input":"required name=search_term_string"}],"inLanguage":"en-GB"}]}},"_links":{"self":[{"href":"https:\/\/traveling.com\/de\/blog\/wp-json\/wp\/v2\/pages\/8624"}],"collection":[{"href":"https:\/\/traveling.com\/de\/blog\/wp-json\/wp\/v2\/pages"}],"about":[{"href":"https:\/\/traveling.com\/de\/blog\/wp-json\/wp\/v2\/types\/page"}],"author":[{"embeddable":true,"href":"https:\/\/traveling.com\/de\/blog\/wp-json\/wp\/v2\/users\/1"}],"replies":[{"embeddable":true,"href":"https:\/\/traveling.com\/de\/blog\/wp-json\/wp\/v2\/comments?post=8624"}],"version-history":[{"count":8,"href":"https:\/\/traveling.com\/de\/blog\/wp-json\/wp\/v2\/pages\/8624\/revisions"}],"predecessor-version":[{"id":8639,"href":"https:\/\/traveling.com\/de\/blog\/wp-json\/wp\/v2\/pages\/8624\/revisions\/8639"}],"wp:attachment":[{"href":"https:\/\/traveling.com\/de\/blog\/wp-json\/wp\/v2\/media?parent=8624"}],"curies":[{"name":"wp","href":"https:\/\/api.w.org\/{rel}","templated":true}]}}