{"id":8641,"date":"2021-09-24T09:00:44","date_gmt":"2021-09-24T07:00:44","guid":{"rendered":"https:\/\/getbybus.com\/de\/blog\/?page_id=8641"},"modified":"2025-03-24T12:53:57","modified_gmt":"2025-03-24T10:53:57","slug":"flughaefen-neufundland-und-labrador","status":"publish","type":"page","link":"https:\/\/traveling.com\/de\/blog\/flughaefen-neufundland-und-labrador\/","title":{"rendered":"Flugh\u00e4fen in Neufundland und Labrador"},"content":{"rendered":"<p>In der Provinz Neufundland und Labrador gibt es insgesamt <strong>17 Flugh\u00e4fen, die Linienfl\u00fcge anbieten<\/strong>. Der gr\u00f6\u00dfte Flughafen ist St. Johns auf der Insel Neufundland, gefolgt vom Flughafen Deer Lake. Nachfolgend finden Sie einige grundlegende Informationen zu all diesen Flugh\u00e4fen oder Sie k\u00f6nnen sich unsere <strong>Karte der Flugh\u00e4fen in der Provinz Neufundland und Labrador<\/strong> ansehen.<\/p>\n<h3><span class=\"ez-toc-section\" id=\"Liste_der_Flughafen\"><\/span>Liste der Flugh\u00e4fen<span class=\"ez-toc-section-end\"><\/span><\/h3>\n<h4><span class=\"ez-toc-section\" id=\"Internationaler_Flughafen_St_Johns_-_IATA-Code_-_YYT_15_Mio_Passagiere\"><\/span><b>Internationaler Flughafen St. John\u2019s \u2013 IATA-Code \u2013 YYT (~ 1,5 Mio. Passagiere)<\/b><span class=\"ez-toc-section-end\"><\/span><\/h4>\n<p>Flughafen St. John\u2019s ist der verkehrsreichste Flughafen Neufundlands. Der Flughafen liegt auf der Halbinsel Avelon etwa 8 km n\u00f6rdlich von St. John\u2019s. Der Flughafen bietet das ganze Jahr \u00fcber Fl\u00fcge nach Toronto, Halifax, Saint-Pierre, Deer Lake und zu mehreren anderen inl\u00e4ndischen Zielen, w\u00e4hrend der Sommersaison mehrere internationale Ziele vom Flughafen aus verf\u00fcgbar sind. Zu den Fluggesellschaften, die vom Flughafen aus operieren, geh\u00f6ren Air Canada, Air Canada Express und Pal Airlines. Die An- und Abreise zum Flughafen kann mit der Metrobus-Linie 14 erfolgen.<\/p>\n<h4><span class=\"ez-toc-section\" id=\"Regionalflughafen_Deer_Lake_-_IATA-Code_-_YDF_03_Mio_Passagiere\"><\/span><b>Regionalflughafen Deer Lake \u2013 IATA-Code \u2013 YDF (~ 0,3 Mio. Passagiere)<\/b><span class=\"ez-toc-section-end\"><\/span><\/h4>\n<p>Der Flughafen Deer Lake befindet sich auf der Westseite von Neufundland, etwa 5 km vom Zentrum von Deer Lake entfernt. Vom Flughafen aus gibt es ganzj\u00e4hrige Fl\u00fcge nach St. Johns, Toronto, Halifax sowie zu einigen anderen inl\u00e4ndischen Zielen w\u00e4hrend der Sommersaison gibt es Fl\u00fcge nach Kuba und in die Dominikanische Republik. Zu den Fluggesellschaften, die vom Flughafen aus operieren, geh\u00f6ren Air Canada Express, Air Canada Rouge und Pal Airlines. Es gibt keinen planm\u00e4\u00dfigen Transport zwischen dem Flughafen und der Stadt.<\/p>\n<h4><span class=\"ez-toc-section\" id=\"Internationaler_Flughafen_Gander_-_IATA-Code_-_YQX_02_Mio_Passagiere\"><\/span><b>Internationaler Flughafen Gander \u2013 IATA-Code \u2013 YQX (~ 0,2 Mio. Passagiere)<\/b><span class=\"ez-toc-section-end\"><\/span><\/h4>\n<p>Der Flughafen Gander ist der drittwichtigste Flughafen Neufundlands und liegt etwa 3 km s\u00fcd\u00f6stlich des Stadtzentrums von Gander. Air Canada Express und PAL Airlines bieten das ganze Jahr \u00fcber Fl\u00fcge nach Goose Bay, Halifax, St. John\u2019s und Wabush an. W\u00e4hrend der Sommersaison gibt es Fl\u00fcge nach Halifax, Toronto und Varadero, die von Sunwing Airlines und WestJet Encore durchgef\u00fchrt werden. Es gibt keinen planm\u00e4\u00dfigen Transport zwischen dem Flughafen und der Stadt.<\/p>\n<h4><span class=\"ez-toc-section\" id=\"Flughafen_Wabush_-_IATA-Code_-_YWK\"><\/span><b>Flughafen Wabush \u2013 IATA-Code \u2013 YWK<\/b><span class=\"ez-toc-section-end\"><\/span><\/h4>\n<p>Der Flughafen Wabush oder Labrador befindet sich im Westen von Labrador, 3 km von Wabush und 4 km von der Stadt Labrador entfernt. Die Fluggesellschaften Pascan Aviation, PAL Airlines, Air Canada Express, Air Inuit bieten ganzj\u00e4hrig Verbindungen zu verschiedenen inl\u00e4ndischen Zielen wie z.B. Montreal, St. Johns, Quebec-Stadt. Es gibt keine \u00f6ffentlichen Transportmittel zwischen dem Flughafen und der Stadt Wabush oder Labrador.<\/p>\n<h3><span class=\"ez-toc-section\" id=\"Kleinere_Flughafen\"><\/span>Kleinere Flugh\u00e4fen<span class=\"ez-toc-section-end\"><\/span><\/h3>\n<h4><span class=\"ez-toc-section\" id=\"Flughafen_Black_Tickle_-_IATA-Code_-_YBI_-_Insel_der_Teiche\"><\/span><b>Flughafen Black Tickle \u2013 IATA-Code \u2013 YBI \u2013 Insel der Teiche<\/b><span class=\"ez-toc-section-end\"><\/span><\/h4>\n<ul>\n<li>St\u00e4dte in der N\u00e4he: Black Tickle (2 km)<\/li>\n<li>Fluggesellschaft(en): Air Labrador<\/li>\n<\/ul>\n<h4><span class=\"ez-toc-section\" id=\"Flughafen_Cartwright_-_IATA-Code_-_YRF\"><\/span><b>Flughafen Cartwright \u2013 IATA-Code \u2013 YRF<\/b><span class=\"ez-toc-section-end\"><\/span><\/h4>\n<ul>\n<li>St\u00e4dte in der N\u00e4he: Cartwright (6 km)<\/li>\n<li>Fluggesellschaft(en): Air Labrador<\/li>\n<\/ul>\n<h4><span class=\"ez-toc-section\" id=\"Flughafen_Charlottetown_-_IATA-Code_-_YHG\"><\/span><b>Flughafen Charlottetown \u2013 IATA-Code \u2013 YHG<\/b><span class=\"ez-toc-section-end\"><\/span><\/h4>\n<ul>\n<li>St\u00e4dte in der N\u00e4he: Charlottetown Labrador (0,5 km)<\/li>\n<li>Fluggesellschaft(en): Air Labrador<\/li>\n<\/ul>\n<h4><span class=\"ez-toc-section\" id=\"Flughafen_Churchill_Falls_-_IATA-Code_-_ZUM\"><\/span><b>Flughafen Churchill Falls \u2013 IATA-Code \u2013 ZUM<\/b><span class=\"ez-toc-section-end\"><\/span><\/h4>\n<ul>\n<li>St\u00e4dte in der N\u00e4he: Churchill Falls (6 km)<\/li>\n<li>Fluggesellschaft(en): PAL Airlines<\/li>\n<\/ul>\n<h4><span class=\"ez-toc-section\" id=\"Flughafen_Hopedale_-_IATA-Code_-_YHO\"><\/span><b>Flughafen Hopedale \u2013 IATA-Code \u2013 YHO<\/b><span class=\"ez-toc-section-end\"><\/span><\/h4>\n<ul>\n<li>St\u00e4dte in der N\u00e4he: Hopedale (2 km)<\/li>\n<li>Fluggesellschaft(en): PAL Airlines<\/li>\n<\/ul>\n<h4><span class=\"ez-toc-section\" id=\"Flughafen_Makkovik_-_IATA-Code_-_YMN\"><\/span><b>Flughafen Makkovik \u2013 IATA-Code \u2013 YMN<\/b><span class=\"ez-toc-section-end\"><\/span><\/h4>\n<ul>\n<li>St\u00e4dte in der N\u00e4he: Makkovik (1 km)<\/li>\n<li>Fluggesellschaft(en): PAL Airlines<\/li>\n<\/ul>\n<h4><span class=\"ez-toc-section\" id=\"Flughafen_Marys_Harbour_-_IATA-Code_-_YMH\"><\/span><b>Flughafen Mary&#8217;s Harbour \u2013 IATA-Code \u2013 YMH<\/b><span class=\"ez-toc-section-end\"><\/span><\/h4>\n<ul>\n<li>St\u00e4dte in der N\u00e4he: Mary&#8217;s Harbour (0,5 km)<\/li>\n<li>Fluggesellschaft(en): Air Borealis<\/li>\n<\/ul>\n<h4><span class=\"ez-toc-section\" id=\"Flughafen_Nain_-_IATA-Code_-_YDP\"><\/span><b>Flughafen Nain \u2013 IATA-Code \u2013 YDP<\/b><span class=\"ez-toc-section-end\"><\/span><\/h4>\n<ul>\n<li>St\u00e4dte in der N\u00e4he: Nain (0,5 km)<\/li>\n<li>Fluggesellschaft(en): PAL Airlines<\/li>\n<\/ul>\n<h4><span class=\"ez-toc-section\" id=\"Flughafen_Port_Hope_Simpson_-_IATA-Code_-_YHA\"><\/span><b>Flughafen Port Hope Simpson \u2013 IATA-Code \u2013 YHA<\/b><span class=\"ez-toc-section-end\"><\/span><\/h4>\n<ul>\n<li>St\u00e4dte in der N\u00e4he: Port Hope Simpson (1,5 km)<\/li>\n<li>Fluggesellschaft(en): Air Labrador<\/li>\n<\/ul>\n<h4><span class=\"ez-toc-section\" id=\"Flughafen_Postville_-_IATA-Code_-_YSO\"><\/span><b>Flughafen Postville \u2013 IATA-Code \u2013 YSO<\/b><span class=\"ez-toc-section-end\"><\/span><\/h4>\n<ul>\n<li>St\u00e4dte in der N\u00e4he: Postville (0,5 km)<\/li>\n<li>Fluggesellschaft(en): PAL Airlines<\/li>\n<\/ul>\n<h4><span class=\"ez-toc-section\" id=\"Flughafen_Rigolet_-_IATA-Code_-_YRG\"><\/span><b>Flughafen Rigolet \u2013 IATA-Code \u2013 YRG<\/b><span class=\"ez-toc-section-end\"><\/span><\/h4>\n<ul>\n<li>St\u00e4dte in der N\u00e4he: Rigolet (0,5 km)<\/li>\n<li>Fluggesellschaft(en): Provinzielle Fluggesellschaften<\/li>\n<\/ul>\n<h4><span class=\"ez-toc-section\" id=\"Flughafen_St_Anthony_-_IATA-Code_-_YAY\"><\/span><b>Flughafen St. Anthony \u2013 IATA-Code \u2013 YAY<\/b><span class=\"ez-toc-section-end\"><\/span><\/h4>\n<ul>\n<li>St\u00e4dte in der N\u00e4he: St. Antonius (50 km)<\/li>\n<li>Fluggesellschaft(en): PAL Airlines<\/li>\n<\/ul>\n<h4><span class=\"ez-toc-section\" id=\"Internationaler_Flughafen_Stephenville_-_IATA-Code_-_YJT\"><\/span><b>Internationaler Flughafen Stephenville \u2013 IATA-Code \u2013 YJT<\/b><span class=\"ez-toc-section-end\"><\/span><\/h4>\n<ul>\n<li>St\u00e4dte in der N\u00e4he: Stephenville (1 km)<\/li>\n<li>Fluggesellschaft(en): Air Saint-Pierre, Porter Airlines<\/li>\n<\/ul>\n<h3><span class=\"ez-toc-section\" id=\"Flughafen_in_benachbarten_Provinzen\"><\/span>Flugh\u00e4fen in benachbarten Provinzen<span class=\"ez-toc-section-end\"><\/span><\/h3>\n<table style=\"width: 100%; border-collapse: collapse;\" border=\"0\">\n<tbody>\n<tr>\n<td style=\"width: 50%;\">Flugh\u00e4fen in Nunavut<\/td>\n<td style=\"width: 50%;\">Flugh\u00e4fen in Quebec<\/td>\n<\/tr>\n<\/tbody>\n<\/table>\n<h3><span class=\"ez-toc-section\" id=\"Karte_der_Flughafen_in_Neufundland_und_Labrador\"><\/span>Karte der Flugh\u00e4fen in Neufundland und Labrador<span class=\"ez-toc-section-end\"><\/span><\/h3>\n\n\n<iframe src=\"https:\/\/www.google.com\/maps\/d\/u\/1\/embed?mid=1naXrrsAQmiIshGfPI-od8gErVIwMS0eR\" width=\"640\" height=\"480\"><\/iframe>\n","protected":false},"excerpt":{"rendered":"<p>In der Provinz Neufundland und Labrador gibt es insgesamt 17 Flugh\u00e4fen, die Linienfl\u00fcge anbieten. Der gr\u00f6\u00dfte Flughafen ist St. Johns auf der Insel Neufundland, gefolgt vom Flughafen Deer Lake. Nachfolgend finden Sie einige grundlegende Informationen zu all diesen Flugh\u00e4fen oder Sie k\u00f6nnen sich unsere Karte der Flugh\u00e4fen in der Provinz Neufundland und Labrador ansehen. Liste [&hellip;]<\/p>\n<p><a class=\"more-link btn btn-primary\" href=\"https:\/\/traveling.com\/de\/blog\/flughaefen-neufundland-und-labrador\/\"> Continue reading&#8230;<\/a><\/p>\n","protected":false},"author":1,"featured_media":0,"parent":0,"menu_order":0,"comment_status":"closed","ping_status":"closed","template":"","meta":[],"yoast_head":"<!-- This site is optimized with the Yoast SEO plugin v19.8 - https:\/\/yoast.com\/wordpress\/plugins\/seo\/ -->\n<title>Neufundland und Labrador Flugh\u00e4fen - IATA-Codes, Karte und Reiseinfos<\/title>\n<meta name=\"description\" content=\"Eine vollst\u00e4ndige Liste aller Flugh\u00e4fen in Neufundland und Labrador mit ihren IATA-Codes, Flughafenstandorten auf der Karte und Passagierzahlen.\" \/>\n<meta name=\"robots\" content=\"index, follow, max-snippet:-1, max-image-preview:large, max-video-preview:-1\" \/>\n<link rel=\"canonical\" href=\"https:\/\/traveling.com\/de\/blog\/flughaefen-neufundland-und-labrador\/\" \/>\n<meta property=\"og:locale\" content=\"en_GB\" \/>\n<meta property=\"og:type\" content=\"article\" \/>\n<meta property=\"og:title\" content=\"Neufundland und Labrador Flugh\u00e4fen - IATA-Codes, Karte und Reiseinfos\" \/>\n<meta property=\"og:description\" content=\"Eine vollst\u00e4ndige Liste aller Flugh\u00e4fen in Neufundland und Labrador mit ihren IATA-Codes, Flughafenstandorten auf der Karte und Passagierzahlen.\" \/>\n<meta property=\"og:url\" content=\"https:\/\/traveling.com\/de\/blog\/flughaefen-neufundland-und-labrador\/\" \/>\n<meta property=\"og:site_name\" content=\"Traveling.com Blog\" \/>\n<meta property=\"article:modified_time\" content=\"2025-03-24T10:53:57+00:00\" \/>\n<meta name=\"twitter:card\" content=\"summary_large_image\" \/>\n<meta name=\"twitter:label1\" content=\"Est. reading time\" \/>\n\t<meta name=\"twitter:data1\" content=\"3 minutes\" \/>\n<script type=\"application\/ld+json\" class=\"yoast-schema-graph\">{\"@context\":\"https:\/\/schema.org\",\"@graph\":[{\"@type\":\"WebPage\",\"@id\":\"https:\/\/traveling.com\/de\/blog\/flughaefen-neufundland-und-labrador\/\",\"url\":\"https:\/\/traveling.com\/de\/blog\/flughaefen-neufundland-und-labrador\/\",\"name\":\"Neufundland und Labrador Flugh\u00e4fen - IATA-Codes, Karte und Reiseinfos\",\"isPartOf\":{\"@id\":\"https:\/\/traveling.com\/de\/blog\/#website\"},\"datePublished\":\"2021-09-24T07:00:44+00:00\",\"dateModified\":\"2025-03-24T10:53:57+00:00\",\"description\":\"Eine vollst\u00e4ndige Liste aller Flugh\u00e4fen in Neufundland und Labrador mit ihren IATA-Codes, Flughafenstandorten auf der Karte und Passagierzahlen.\",\"breadcrumb\":{\"@id\":\"https:\/\/traveling.com\/de\/blog\/flughaefen-neufundland-und-labrador\/#breadcrumb\"},\"inLanguage\":\"en-GB\",\"potentialAction\":[{\"@type\":\"ReadAction\",\"target\":[\"https:\/\/traveling.com\/de\/blog\/flughaefen-neufundland-und-labrador\/\"]}]},{\"@type\":\"BreadcrumbList\",\"@id\":\"https:\/\/traveling.com\/de\/blog\/flughaefen-neufundland-und-labrador\/#breadcrumb\",\"itemListElement\":[{\"@type\":\"ListItem\",\"position\":1,\"name\":\"Home\",\"item\":\"https:\/\/traveling.com\/de\/blog\/\"},{\"@type\":\"ListItem\",\"position\":2,\"name\":\"Flugh\u00e4fen in Neufundland und Labrador\"}]},{\"@type\":\"WebSite\",\"@id\":\"https:\/\/traveling.com\/de\/blog\/#website\",\"url\":\"https:\/\/traveling.com\/de\/blog\/\",\"name\":\"Traveling.com Blog\",\"description\":\"Dein Kompletter Reisef\u00fchrer\",\"potentialAction\":[{\"@type\":\"SearchAction\",\"target\":{\"@type\":\"EntryPoint\",\"urlTemplate\":\"https:\/\/traveling.com\/de\/blog\/?s={search_term_string}\"},\"query-input\":\"required name=search_term_string\"}],\"inLanguage\":\"en-GB\"}]}<\/script>\n<!-- \/ Yoast SEO plugin. -->","yoast_head_json":{"title":"Neufundland und Labrador Flugh\u00e4fen - IATA-Codes, Karte und Reiseinfos","description":"Eine vollst\u00e4ndige Liste aller Flugh\u00e4fen in Neufundland und Labrador mit ihren IATA-Codes, Flughafenstandorten auf der Karte und Passagierzahlen.","robots":{"index":"index","follow":"follow","max-snippet":"max-snippet:-1","max-image-preview":"max-image-preview:large","max-video-preview":"max-video-preview:-1"},"canonical":"https:\/\/traveling.com\/de\/blog\/flughaefen-neufundland-und-labrador\/","og_locale":"en_GB","og_type":"article","og_title":"Neufundland und Labrador Flugh\u00e4fen - IATA-Codes, Karte und Reiseinfos","og_description":"Eine vollst\u00e4ndige Liste aller Flugh\u00e4fen in Neufundland und Labrador mit ihren IATA-Codes, Flughafenstandorten auf der Karte und Passagierzahlen.","og_url":"https:\/\/traveling.com\/de\/blog\/flughaefen-neufundland-und-labrador\/","og_site_name":"Traveling.com Blog","article_modified_time":"2025-03-24T10:53:57+00:00","twitter_card":"summary_large_image","twitter_misc":{"Est. reading time":"3 minutes"},"schema":{"@context":"https:\/\/schema.org","@graph":[{"@type":"WebPage","@id":"https:\/\/traveling.com\/de\/blog\/flughaefen-neufundland-und-labrador\/","url":"https:\/\/traveling.com\/de\/blog\/flughaefen-neufundland-und-labrador\/","name":"Neufundland und Labrador Flugh\u00e4fen - IATA-Codes, Karte und Reiseinfos","isPartOf":{"@id":"https:\/\/traveling.com\/de\/blog\/#website"},"datePublished":"2021-09-24T07:00:44+00:00","dateModified":"2025-03-24T10:53:57+00:00","description":"Eine vollst\u00e4ndige Liste aller Flugh\u00e4fen in Neufundland und Labrador mit ihren IATA-Codes, Flughafenstandorten auf der Karte und Passagierzahlen.","breadcrumb":{"@id":"https:\/\/traveling.com\/de\/blog\/flughaefen-neufundland-und-labrador\/#breadcrumb"},"inLanguage":"en-GB","potentialAction":[{"@type":"ReadAction","target":["https:\/\/traveling.com\/de\/blog\/flughaefen-neufundland-und-labrador\/"]}]},{"@type":"BreadcrumbList","@id":"https:\/\/traveling.com\/de\/blog\/flughaefen-neufundland-und-labrador\/#breadcrumb","itemListElement":[{"@type":"ListItem","position":1,"name":"Home","item":"https:\/\/traveling.com\/de\/blog\/"},{"@type":"ListItem","position":2,"name":"Flugh\u00e4fen in Neufundland und Labrador"}]},{"@type":"WebSite","@id":"https:\/\/traveling.com\/de\/blog\/#website","url":"https:\/\/traveling.com\/de\/blog\/","name":"Traveling.com Blog","description":"Dein Kompletter Reisef\u00fchrer","potentialAction":[{"@type":"SearchAction","target":{"@type":"EntryPoint","urlTemplate":"https:\/\/traveling.com\/de\/blog\/?s={search_term_string}"},"query-input":"required name=search_term_string"}],"inLanguage":"en-GB"}]}},"_links":{"self":[{"href":"https:\/\/traveling.com\/de\/blog\/wp-json\/wp\/v2\/pages\/8641"}],"collection":[{"href":"https:\/\/traveling.com\/de\/blog\/wp-json\/wp\/v2\/pages"}],"about":[{"href":"https:\/\/traveling.com\/de\/blog\/wp-json\/wp\/v2\/types\/page"}],"author":[{"embeddable":true,"href":"https:\/\/traveling.com\/de\/blog\/wp-json\/wp\/v2\/users\/1"}],"replies":[{"embeddable":true,"href":"https:\/\/traveling.com\/de\/blog\/wp-json\/wp\/v2\/comments?post=8641"}],"version-history":[{"count":2,"href":"https:\/\/traveling.com\/de\/blog\/wp-json\/wp\/v2\/pages\/8641\/revisions"}],"predecessor-version":[{"id":8643,"href":"https:\/\/traveling.com\/de\/blog\/wp-json\/wp\/v2\/pages\/8641\/revisions\/8643"}],"wp:attachment":[{"href":"https:\/\/traveling.com\/de\/blog\/wp-json\/wp\/v2\/media?parent=8641"}],"curies":[{"name":"wp","href":"https:\/\/api.w.org\/{rel}","templated":true}]}}