{"id":8653,"date":"2021-10-06T09:00:04","date_gmt":"2021-10-06T07:00:04","guid":{"rendered":"https:\/\/getbybus.com\/de\/blog\/?page_id=8653"},"modified":"2025-03-24T12:53:15","modified_gmt":"2025-03-24T10:53:15","slug":"flughaefen-territorium-nunavut","status":"publish","type":"page","link":"https:\/\/traveling.com\/de\/blog\/flughaefen-territorium-nunavut\/","title":{"rendered":"Flugh\u00e4fen im Territorium Nunavut"},"content":{"rendered":"<p>In Nunavut gibt es grunds\u00e4tzlich keine gr\u00f6\u00dferen oder mittelgro\u00dfen Flugh\u00e4fen. Die einzigen beiden Flugh\u00e4fen, die eine angemessene Anzahl von Zielen haben, sind der Flughafen Rankin Inlet und der Flughafen Iqaluit. Nachfolgend haben wir alle Flugh\u00e4fen des Nunavut-Territoriums aufgelistet und wir haben auch eine <strong>Karte der Flugh\u00e4fen im Nunavut-Territorium<\/strong> beigef\u00fcgt.<\/p>\n<h3><span class=\"ez-toc-section\" id=\"Kleinere_Flughafen\"><\/span>Kleinere Flugh\u00e4fen<span class=\"ez-toc-section-end\"><\/span><\/h3>\n<p>Wie oben erw\u00e4hnt, gibt es in der Provinz keine gr\u00f6\u00dferen Flugh\u00e4fen, daf\u00fcr aber einige kleine oder sehr kleine Flugh\u00e4fen, wie Sie der untenstehenden Liste entnehmen k\u00f6nnen. Die folgenden Fluggesellschaften f\u00fchren Fl\u00fcge in Nunavut durch: Calm Air, Kivalliq Air, Nolinor Aviation, Canadian North, Air Inuit, Nolinor Aviation, Kenn Borek Air.<\/p>\n<h4><span class=\"ez-toc-section\" id=\"Flughafen_Coral_Harbour_-_IATA-Code_YZS\"><\/span><strong>Flughafen Coral Harbour \u2013 IATA-Code YZS<\/strong><span class=\"ez-toc-section-end\"><\/span><\/h4>\n<h4><span class=\"ez-toc-section\" id=\"Flughafen_Pangnirtung_-_IATA-Code_YXP\"><\/span><strong>Flughafen Pangnirtung \u2013 IATA-Code YXP<\/strong><span class=\"ez-toc-section-end\"><\/span><\/h4>\n<h4><span class=\"ez-toc-section\" id=\"Flughafen_Whale_Cove_-_IATA-Code_YXN\"><\/span><strong>Flughafen Whale Cove \u2013 IATA-Code YXN<\/strong><span class=\"ez-toc-section-end\"><\/span><\/h4>\n<h4><span class=\"ez-toc-section\" id=\"Flughafen_Qikiqtarjuaq_-_IATA-Code_YVM\"><\/span><strong>Flughafen Qikiqtarjuaq \u2013 IATA-Code YVM<\/strong><span class=\"ez-toc-section-end\"><\/span><\/h4>\n<h4><span class=\"ez-toc-section\" id=\"Flughafen_Hall_Beach_-_IATA-Code_YUX\"><\/span><strong>Flughafen Hall Beach \u2013 IATA-Code YUX<\/strong><span class=\"ez-toc-section-end\"><\/span><\/h4>\n<h4><span class=\"ez-toc-section\" id=\"Flughafen_Naujaat_-_IATA-Code_YUT\"><\/span><strong>Flughafen Naujaat \u2013 IATA-Code YUT<\/strong><span class=\"ez-toc-section-end\"><\/span><\/h4>\n<h4><span class=\"ez-toc-section\" id=\"Flughafen_Cape_Dorset_-_IATA-Code_YTE\"><\/span><strong>Flughafen Cape Dorset \u2013 IATA-Code YTE<\/strong><span class=\"ez-toc-section-end\"><\/span><\/h4>\n<h4><span class=\"ez-toc-section\" id=\"Flughafen_Sanikiluaq_-_IATA-Code_YSK\"><\/span><strong>Flughafen Sanikiluaq \u2013 IATA-Code YSK<\/strong><span class=\"ez-toc-section-end\"><\/span><\/h4>\n<h4><span class=\"ez-toc-section\" id=\"Flughafen_Rankin_Inlet_-_IATA-Code_YRT\"><\/span><strong>Flughafen Rankin Inlet \u2013 IATA-Code YRT<\/strong><span class=\"ez-toc-section-end\"><\/span><\/h4>\n<h4><span class=\"ez-toc-section\" id=\"Flughafen_Resolute_Bay_-_IATA-Code_YRB\"><\/span><strong>Flughafen Resolute Bay \u2013 IATA-Code YRB<\/strong><span class=\"ez-toc-section-end\"><\/span><\/h4>\n<h4><span class=\"ez-toc-section\" id=\"Flugplatz_Mary_River_-_IATA-Code_YMV\"><\/span><strong>Flugplatz Mary River \u2013 IATA-Code YMV<\/strong><span class=\"ez-toc-section-end\"><\/span><\/h4>\n<h4><span class=\"ez-toc-section\" id=\"Flughafen_Kimmirut_-_IATA-Code_YLC\"><\/span><strong>Flughafen Kimmirut \u2013 IATA-Code YLC<\/strong><span class=\"ez-toc-section-end\"><\/span><\/h4>\n<h4><span class=\"ez-toc-section\" id=\"Flughafen_Pond_Inlet_-_IATA-Code_YIO\"><\/span><strong>Flughafen Pond Inlet \u2013 IATA-Code YIO<\/strong><span class=\"ez-toc-section-end\"><\/span><\/h4>\n<h4><span class=\"ez-toc-section\" id=\"Flughafen_Gjoa_Haven_-_IATA-Code_YHK\"><\/span><strong>Flughafen Gjoa Haven \u2013 IATA-Code YHK<\/strong><span class=\"ez-toc-section-end\"><\/span><\/h4>\n<h4><span class=\"ez-toc-section\" id=\"Flughafen_Grise_Fjord_-_IATA-Code_YGZ\"><\/span><strong>Flughafen Grise Fjord \u2013 IATA-Code YGZ<\/strong><span class=\"ez-toc-section-end\"><\/span><\/h4>\n<h4><span class=\"ez-toc-section\" id=\"Flughafen_Igloolik_-_IATA-Code_YGT\"><\/span><strong>Flughafen Igloolik \u2013 IATA-Code YGT<\/strong><span class=\"ez-toc-section-end\"><\/span><\/h4>\n<h4><span class=\"ez-toc-section\" id=\"Flughafen_Iqaluit_-_IATA-Code_YFB\"><\/span><strong>Flughafen Iqaluit \u2013 IATA-Code YFB<\/strong><span class=\"ez-toc-section-end\"><\/span><\/h4>\n<h4><span class=\"ez-toc-section\" id=\"Flughafen_Arviat_-_IATA-Code_YEK\"><\/span><strong>Flughafen Arviat \u2013 IATA-Code YEK<\/strong><span class=\"ez-toc-section-end\"><\/span><\/h4>\n<h4><span class=\"ez-toc-section\" id=\"Flughafen_Clyde_River_-_IATA-Code_YCY\"><\/span><strong>Flughafen Clyde River \u2013 IATA-Code YCY<\/strong><span class=\"ez-toc-section-end\"><\/span><\/h4>\n<h4><span class=\"ez-toc-section\" id=\"Flughafen_Chesterfield_Inlet_-_IATA-Code_YCS\"><\/span><strong>Flughafen Chesterfield Inlet \u2013 IATA-Code YCS<\/strong><span class=\"ez-toc-section-end\"><\/span><\/h4>\n<h4><span class=\"ez-toc-section\" id=\"Flughafen_Kugluktuk_-_IATA-Code_YCO\"><\/span><strong>Flughafen Kugluktuk \u2013 IATA-Code YCO<\/strong><span class=\"ez-toc-section-end\"><\/span><\/h4>\n<h4><span class=\"ez-toc-section\" id=\"Flughafen_Cambridge_Bay_-_IATA-Code_YCB\"><\/span><strong>Flughafen Cambridge Bay \u2013 IATA-Code YCB<\/strong><span class=\"ez-toc-section-end\"><\/span><\/h4>\n<h4><span class=\"ez-toc-section\" id=\"Flughafen_Baker_Lake_-_IATA-Code_YBK\"><\/span><strong>Flughafen Baker Lake \u2013 IATA-Code YBK<\/strong><span class=\"ez-toc-section-end\"><\/span><\/h4>\n<h4><span class=\"ez-toc-section\" id=\"Flughafen_Kugaaruk_-_IATA-Code_YBB\"><\/span><strong>Flughafen Kugaaruk \u2013 IATA-Code YBB<\/strong><span class=\"ez-toc-section-end\"><\/span><\/h4>\n<h4><span class=\"ez-toc-section\" id=\"Flughafen_Arctic_Bay_-_IATA-Code_YAB\"><\/span><strong>Flughafen Arctic Bay \u2013 IATA-Code YAB<\/strong><span class=\"ez-toc-section-end\"><\/span><\/h4>\n<h3><span class=\"ez-toc-section\" id=\"Flughafen_in_benachbarten_Provinzen\"><\/span>Flugh\u00e4fen in benachbarten Provinzen<span class=\"ez-toc-section-end\"><\/span><\/h3>\n<table style=\"width: 100%; border-collapse: collapse;\" border=\"0\">\n<tbody>\n<tr>\n<td style=\"width: 50%;\">Flugh\u00e4fen in Nordwest-Territorien<\/td>\n<td style=\"width: 50%;\">Flugh\u00e4fen in Manitoba<\/td>\n<\/tr>\n<\/tbody>\n<\/table>\n<h3><span class=\"ez-toc-section\" id=\"Karte_der_Flughafen_im_Territorium_Nunavut\"><\/span>Karte der Flugh\u00e4fen im Territorium Nunavut<span class=\"ez-toc-section-end\"><\/span><\/h3>\n\n\n<iframe src=\"https:\/\/www.google.com\/maps\/d\/u\/1\/embed?mid=1yN9WpR9aZYvfS4RZPdQTRVSQrLxDkjJz\" width=\"640\" height=\"480\"><\/iframe>\n","protected":false},"excerpt":{"rendered":"<p>In Nunavut gibt es grunds\u00e4tzlich keine gr\u00f6\u00dferen oder mittelgro\u00dfen Flugh\u00e4fen. Die einzigen beiden Flugh\u00e4fen, die eine angemessene Anzahl von Zielen haben, sind der Flughafen Rankin Inlet und der Flughafen Iqaluit. Nachfolgend haben wir alle Flugh\u00e4fen des Nunavut-Territoriums aufgelistet und wir haben auch eine Karte der Flugh\u00e4fen im Nunavut-Territorium beigef\u00fcgt. Kleinere Flugh\u00e4fen Wie oben erw\u00e4hnt, gibt [&hellip;]<\/p>\n<p><a class=\"more-link btn btn-primary\" href=\"https:\/\/traveling.com\/de\/blog\/flughaefen-territorium-nunavut\/\"> Continue reading&#8230;<\/a><\/p>\n","protected":false},"author":1,"featured_media":0,"parent":0,"menu_order":0,"comment_status":"closed","ping_status":"closed","template":"","meta":[],"yoast_head":"<!-- This site is optimized with the Yoast SEO plugin v19.8 - https:\/\/yoast.com\/wordpress\/plugins\/seo\/ -->\n<title>Territorium Nunavut Flugh\u00e4fen - IATA-Codes, Karte und Reiseinfos<\/title>\n<meta name=\"description\" content=\"Eine vollst\u00e4ndige Liste aller Flugh\u00e4fen in Territorium Nunavut mit ihren IATA-Codes, Flughafenstandorten auf der Karte und Passagierzahlen.\" \/>\n<meta name=\"robots\" content=\"index, follow, max-snippet:-1, max-image-preview:large, max-video-preview:-1\" \/>\n<link rel=\"canonical\" href=\"https:\/\/traveling.com\/de\/blog\/flughaefen-territorium-nunavut\/\" \/>\n<meta property=\"og:locale\" content=\"en_GB\" \/>\n<meta property=\"og:type\" content=\"article\" \/>\n<meta property=\"og:title\" content=\"Territorium Nunavut Flugh\u00e4fen - IATA-Codes, Karte und Reiseinfos\" \/>\n<meta property=\"og:description\" content=\"Eine vollst\u00e4ndige Liste aller Flugh\u00e4fen in Territorium Nunavut mit ihren IATA-Codes, Flughafenstandorten auf der Karte und Passagierzahlen.\" \/>\n<meta property=\"og:url\" content=\"https:\/\/traveling.com\/de\/blog\/flughaefen-territorium-nunavut\/\" \/>\n<meta property=\"og:site_name\" content=\"Traveling.com Blog\" \/>\n<meta property=\"article:modified_time\" content=\"2025-03-24T10:53:15+00:00\" \/>\n<meta name=\"twitter:card\" content=\"summary_large_image\" \/>\n<meta name=\"twitter:label1\" content=\"Est. reading time\" \/>\n\t<meta name=\"twitter:data1\" content=\"1 minute\" \/>\n<script type=\"application\/ld+json\" class=\"yoast-schema-graph\">{\"@context\":\"https:\/\/schema.org\",\"@graph\":[{\"@type\":\"WebPage\",\"@id\":\"https:\/\/traveling.com\/de\/blog\/flughaefen-territorium-nunavut\/\",\"url\":\"https:\/\/traveling.com\/de\/blog\/flughaefen-territorium-nunavut\/\",\"name\":\"Territorium Nunavut Flugh\u00e4fen - IATA-Codes, Karte und Reiseinfos\",\"isPartOf\":{\"@id\":\"https:\/\/traveling.com\/de\/blog\/#website\"},\"datePublished\":\"2021-10-06T07:00:04+00:00\",\"dateModified\":\"2025-03-24T10:53:15+00:00\",\"description\":\"Eine vollst\u00e4ndige Liste aller Flugh\u00e4fen in Territorium Nunavut mit ihren IATA-Codes, Flughafenstandorten auf der Karte und Passagierzahlen.\",\"breadcrumb\":{\"@id\":\"https:\/\/traveling.com\/de\/blog\/flughaefen-territorium-nunavut\/#breadcrumb\"},\"inLanguage\":\"en-GB\",\"potentialAction\":[{\"@type\":\"ReadAction\",\"target\":[\"https:\/\/traveling.com\/de\/blog\/flughaefen-territorium-nunavut\/\"]}]},{\"@type\":\"BreadcrumbList\",\"@id\":\"https:\/\/traveling.com\/de\/blog\/flughaefen-territorium-nunavut\/#breadcrumb\",\"itemListElement\":[{\"@type\":\"ListItem\",\"position\":1,\"name\":\"Home\",\"item\":\"https:\/\/traveling.com\/de\/blog\/\"},{\"@type\":\"ListItem\",\"position\":2,\"name\":\"Flugh\u00e4fen im Territorium Nunavut\"}]},{\"@type\":\"WebSite\",\"@id\":\"https:\/\/traveling.com\/de\/blog\/#website\",\"url\":\"https:\/\/traveling.com\/de\/blog\/\",\"name\":\"Traveling.com Blog\",\"description\":\"Dein Kompletter Reisef\u00fchrer\",\"potentialAction\":[{\"@type\":\"SearchAction\",\"target\":{\"@type\":\"EntryPoint\",\"urlTemplate\":\"https:\/\/traveling.com\/de\/blog\/?s={search_term_string}\"},\"query-input\":\"required name=search_term_string\"}],\"inLanguage\":\"en-GB\"}]}<\/script>\n<!-- \/ Yoast SEO plugin. -->","yoast_head_json":{"title":"Territorium Nunavut Flugh\u00e4fen - IATA-Codes, Karte und Reiseinfos","description":"Eine vollst\u00e4ndige Liste aller Flugh\u00e4fen in Territorium Nunavut mit ihren IATA-Codes, Flughafenstandorten auf der Karte und Passagierzahlen.","robots":{"index":"index","follow":"follow","max-snippet":"max-snippet:-1","max-image-preview":"max-image-preview:large","max-video-preview":"max-video-preview:-1"},"canonical":"https:\/\/traveling.com\/de\/blog\/flughaefen-territorium-nunavut\/","og_locale":"en_GB","og_type":"article","og_title":"Territorium Nunavut Flugh\u00e4fen - IATA-Codes, Karte und Reiseinfos","og_description":"Eine vollst\u00e4ndige Liste aller Flugh\u00e4fen in Territorium Nunavut mit ihren IATA-Codes, Flughafenstandorten auf der Karte und Passagierzahlen.","og_url":"https:\/\/traveling.com\/de\/blog\/flughaefen-territorium-nunavut\/","og_site_name":"Traveling.com Blog","article_modified_time":"2025-03-24T10:53:15+00:00","twitter_card":"summary_large_image","twitter_misc":{"Est. reading time":"1 minute"},"schema":{"@context":"https:\/\/schema.org","@graph":[{"@type":"WebPage","@id":"https:\/\/traveling.com\/de\/blog\/flughaefen-territorium-nunavut\/","url":"https:\/\/traveling.com\/de\/blog\/flughaefen-territorium-nunavut\/","name":"Territorium Nunavut Flugh\u00e4fen - IATA-Codes, Karte und Reiseinfos","isPartOf":{"@id":"https:\/\/traveling.com\/de\/blog\/#website"},"datePublished":"2021-10-06T07:00:04+00:00","dateModified":"2025-03-24T10:53:15+00:00","description":"Eine vollst\u00e4ndige Liste aller Flugh\u00e4fen in Territorium Nunavut mit ihren IATA-Codes, Flughafenstandorten auf der Karte und Passagierzahlen.","breadcrumb":{"@id":"https:\/\/traveling.com\/de\/blog\/flughaefen-territorium-nunavut\/#breadcrumb"},"inLanguage":"en-GB","potentialAction":[{"@type":"ReadAction","target":["https:\/\/traveling.com\/de\/blog\/flughaefen-territorium-nunavut\/"]}]},{"@type":"BreadcrumbList","@id":"https:\/\/traveling.com\/de\/blog\/flughaefen-territorium-nunavut\/#breadcrumb","itemListElement":[{"@type":"ListItem","position":1,"name":"Home","item":"https:\/\/traveling.com\/de\/blog\/"},{"@type":"ListItem","position":2,"name":"Flugh\u00e4fen im Territorium Nunavut"}]},{"@type":"WebSite","@id":"https:\/\/traveling.com\/de\/blog\/#website","url":"https:\/\/traveling.com\/de\/blog\/","name":"Traveling.com Blog","description":"Dein Kompletter Reisef\u00fchrer","potentialAction":[{"@type":"SearchAction","target":{"@type":"EntryPoint","urlTemplate":"https:\/\/traveling.com\/de\/blog\/?s={search_term_string}"},"query-input":"required name=search_term_string"}],"inLanguage":"en-GB"}]}},"_links":{"self":[{"href":"https:\/\/traveling.com\/de\/blog\/wp-json\/wp\/v2\/pages\/8653"}],"collection":[{"href":"https:\/\/traveling.com\/de\/blog\/wp-json\/wp\/v2\/pages"}],"about":[{"href":"https:\/\/traveling.com\/de\/blog\/wp-json\/wp\/v2\/types\/page"}],"author":[{"embeddable":true,"href":"https:\/\/traveling.com\/de\/blog\/wp-json\/wp\/v2\/users\/1"}],"replies":[{"embeddable":true,"href":"https:\/\/traveling.com\/de\/blog\/wp-json\/wp\/v2\/comments?post=8653"}],"version-history":[{"count":4,"href":"https:\/\/traveling.com\/de\/blog\/wp-json\/wp\/v2\/pages\/8653\/revisions"}],"predecessor-version":[{"id":8657,"href":"https:\/\/traveling.com\/de\/blog\/wp-json\/wp\/v2\/pages\/8653\/revisions\/8657"}],"wp:attachment":[{"href":"https:\/\/traveling.com\/de\/blog\/wp-json\/wp\/v2\/media?parent=8653"}],"curies":[{"name":"wp","href":"https:\/\/api.w.org\/{rel}","templated":true}]}}