{"id":8679,"date":"2021-10-16T09:00:50","date_gmt":"2021-10-16T07:00:50","guid":{"rendered":"https:\/\/getbybus.com\/de\/blog\/?page_id=8679"},"modified":"2025-03-24T12:57:22","modified_gmt":"2025-03-24T10:57:22","slug":"flughaefen-yukon","status":"publish","type":"page","link":"https:\/\/traveling.com\/de\/blog\/flughaefen-yukon\/","title":{"rendered":"Flugh\u00e4fen in Yukon"},"content":{"rendered":"<p>Das Territorium Yukon hat derzeit nur <strong>5 Flugh\u00e4fen<\/strong> mit kommerziellen Linienfl\u00fcgen. Zusammengenommen bef\u00f6rdern diese 5 Flugh\u00e4fen weniger als eine Million Passagiere pro Jahr, von denen die H\u00e4lfte vom Flughafen Eric Nielsen abgewickelt wird. Wir haben sie jedoch alle auf der <strong>Karte der Flugh\u00e4fen in Yukon<\/strong> am Ende des Textes beigef\u00fcgt.<\/p>\n<h4><span class=\"ez-toc-section\" id=\"Internationaler_Flughafen_Erik_Nielsen_Whitehorse_-_IATA-Code_YXY_04_Mio_Passagiere\"><\/span><b>Internationaler Flughafen Erik Nielsen Whitehorse \u2013 IATA-Code: YXY (~ 0,4 Mio. Passagiere)<\/b><span class=\"ez-toc-section-end\"><\/span><\/h4>\n<p>Der Flughafen Whitehorse ist, gemessen an den Passagierzahlen, der gr\u00f6\u00dfte Flughafen im Yukon. Der Flughafen liegt 5 km westlich des Zentrums von Whitehorse und bietet das ganze Jahr \u00fcber Fl\u00fcge nach Vancouver, Calgary, Edmonton und einigen anderen inl\u00e4ndischen Zielen. W\u00e4hrend der Sommersaison gibt es zus\u00e4tzliche Abfahrten vom Flughafen. Die folgenden Fluggesellschaften f\u00fchrten Linienfl\u00fcge vom Flughafen Whitehorse durch: Air North, Air Canada, Air Canada Express, Condor, WestJet.<\/p>\n<h3><span class=\"ez-toc-section\" id=\"Kleinere_Flughafen\"><\/span>Kleinere Flugh\u00e4fen<span class=\"ez-toc-section-end\"><\/span><\/h3>\n<h4><span class=\"ez-toc-section\" id=\"Flughafen_Watson_Lake_-_IATA-Code_YQH\"><\/span><b>Flughafen Watson Lake \u2013 IATA-Code: YQH<\/b><span class=\"ez-toc-section-end\"><\/span><\/h4>\n<ul>\n<li>St\u00e4dte in der N\u00e4he: Watson Lake (13 km)<\/li>\n<li>Fluggesellschaft(en): Air North<\/li>\n<\/ul>\n<h4><span class=\"ez-toc-section\" id=\"Flughafen_Old_Crow_-_IATA-Code_YOC\"><\/span><b>Flughafen Old Crow \u2013 IATA-Code: YOC<\/b><span class=\"ez-toc-section-end\"><\/span><\/h4>\n<ul>\n<li>St\u00e4dte in der N\u00e4he: Old Crow<\/li>\n<li>Fluggesellschaft(en): Air North<\/li>\n<\/ul>\n<h4><span class=\"ez-toc-section\" id=\"Flughafen_Mayo_-_IATA-Code_YMA\"><\/span><b>Flughafen Mayo \u2013 IATA-Code: YMA<\/b><span class=\"ez-toc-section-end\"><\/span><\/h4>\n<ul>\n<li>St\u00e4dte in der N\u00e4he: Mayo (3 km)<\/li>\n<li>Fluggesellschaft(en): Air North<\/li>\n<\/ul>\n<h4><span class=\"ez-toc-section\" id=\"Flughafen_Dawson_City_-_IATA-Code_YDA\"><\/span><b>Flughafen Dawson City \u2013 IATA-Code: YDA<\/b><span class=\"ez-toc-section-end\"><\/span><\/h4>\n<ul>\n<li>St\u00e4dte in der N\u00e4he: Dawson city (17 km)<\/li>\n<li>Fluggesellschaft(en): Air North<\/li>\n<\/ul>\n<h3><span class=\"ez-toc-section\" id=\"Flughafen_in_benachbarten_Provinzen\"><\/span>Flugh\u00e4fen in benachbarten Provinzen<span class=\"ez-toc-section-end\"><\/span><\/h3>\n<table style=\"width: 100%; border-collapse: collapse;\" border=\"0\">\n<tbody>\n<tr>\n<td style=\"width: 50%;\">Flugh\u00e4fen in British Columbia<\/td>\n<td style=\"width: 50%;\">Flugh\u00e4fen in Nordwest-Territorien<\/td>\n<\/tr>\n<\/tbody>\n<\/table>\n<h3><span class=\"ez-toc-section\" id=\"Karte_der_Flughafen_in_Yukon\"><\/span>Karte der Flugh\u00e4fen in Yukon<span class=\"ez-toc-section-end\"><\/span><\/h3>\n\n\n<iframe src=\"https:\/\/www.google.com\/maps\/d\/u\/1\/embed?mid=1pfvJY1KmrlxguByJFNECcg2ggfVlOvtS\" width=\"640\" height=\"480\"><\/iframe>\n","protected":false},"excerpt":{"rendered":"<p>Das Territorium Yukon hat derzeit nur 5 Flugh\u00e4fen mit kommerziellen Linienfl\u00fcgen. Zusammengenommen bef\u00f6rdern diese 5 Flugh\u00e4fen weniger als eine Million Passagiere pro Jahr, von denen die H\u00e4lfte vom Flughafen Eric Nielsen abgewickelt wird. Wir haben sie jedoch alle auf der Karte der Flugh\u00e4fen in Yukon am Ende des Textes beigef\u00fcgt. Internationaler Flughafen Erik Nielsen Whitehorse [&hellip;]<\/p>\n<p><a class=\"more-link btn btn-primary\" href=\"https:\/\/traveling.com\/de\/blog\/flughaefen-yukon\/\"> Continue reading&#8230;<\/a><\/p>\n","protected":false},"author":1,"featured_media":0,"parent":0,"menu_order":0,"comment_status":"closed","ping_status":"closed","template":"","meta":[],"yoast_head":"<!-- This site is optimized with the Yoast SEO plugin v19.8 - https:\/\/yoast.com\/wordpress\/plugins\/seo\/ -->\n<title>Yukon Flugh\u00e4fen - IATA-Codes, Karte und Reiseinformationen<\/title>\n<meta name=\"description\" content=\"Eine vollst\u00e4ndige Liste aller Flugh\u00e4fen in Yukon mit ihren IATA-Codes, Flughafenstandorten auf der Karte und Passagierzahlen.\" \/>\n<meta name=\"robots\" content=\"index, follow, max-snippet:-1, max-image-preview:large, max-video-preview:-1\" \/>\n<link rel=\"canonical\" href=\"https:\/\/traveling.com\/de\/blog\/flughaefen-yukon\/\" \/>\n<meta property=\"og:locale\" content=\"en_GB\" \/>\n<meta property=\"og:type\" content=\"article\" \/>\n<meta property=\"og:title\" content=\"Yukon Flugh\u00e4fen - IATA-Codes, Karte und Reiseinformationen\" \/>\n<meta property=\"og:description\" content=\"Eine vollst\u00e4ndige Liste aller Flugh\u00e4fen in Yukon mit ihren IATA-Codes, Flughafenstandorten auf der Karte und Passagierzahlen.\" \/>\n<meta property=\"og:url\" content=\"https:\/\/traveling.com\/de\/blog\/flughaefen-yukon\/\" \/>\n<meta property=\"og:site_name\" content=\"Traveling.com Blog\" \/>\n<meta property=\"article:modified_time\" content=\"2025-03-24T10:57:22+00:00\" \/>\n<meta name=\"twitter:card\" content=\"summary_large_image\" \/>\n<meta name=\"twitter:label1\" content=\"Est. reading time\" \/>\n\t<meta name=\"twitter:data1\" content=\"1 minute\" \/>\n<script type=\"application\/ld+json\" class=\"yoast-schema-graph\">{\"@context\":\"https:\/\/schema.org\",\"@graph\":[{\"@type\":\"WebPage\",\"@id\":\"https:\/\/traveling.com\/de\/blog\/flughaefen-yukon\/\",\"url\":\"https:\/\/traveling.com\/de\/blog\/flughaefen-yukon\/\",\"name\":\"Yukon Flugh\u00e4fen - IATA-Codes, Karte und Reiseinformationen\",\"isPartOf\":{\"@id\":\"https:\/\/traveling.com\/de\/blog\/#website\"},\"datePublished\":\"2021-10-16T07:00:50+00:00\",\"dateModified\":\"2025-03-24T10:57:22+00:00\",\"description\":\"Eine vollst\u00e4ndige Liste aller Flugh\u00e4fen in Yukon mit ihren IATA-Codes, Flughafenstandorten auf der Karte und Passagierzahlen.\",\"breadcrumb\":{\"@id\":\"https:\/\/traveling.com\/de\/blog\/flughaefen-yukon\/#breadcrumb\"},\"inLanguage\":\"en-GB\",\"potentialAction\":[{\"@type\":\"ReadAction\",\"target\":[\"https:\/\/traveling.com\/de\/blog\/flughaefen-yukon\/\"]}]},{\"@type\":\"BreadcrumbList\",\"@id\":\"https:\/\/traveling.com\/de\/blog\/flughaefen-yukon\/#breadcrumb\",\"itemListElement\":[{\"@type\":\"ListItem\",\"position\":1,\"name\":\"Home\",\"item\":\"https:\/\/traveling.com\/de\/blog\/\"},{\"@type\":\"ListItem\",\"position\":2,\"name\":\"Flugh\u00e4fen in Yukon\"}]},{\"@type\":\"WebSite\",\"@id\":\"https:\/\/traveling.com\/de\/blog\/#website\",\"url\":\"https:\/\/traveling.com\/de\/blog\/\",\"name\":\"Traveling.com Blog\",\"description\":\"Dein Kompletter Reisef\u00fchrer\",\"potentialAction\":[{\"@type\":\"SearchAction\",\"target\":{\"@type\":\"EntryPoint\",\"urlTemplate\":\"https:\/\/traveling.com\/de\/blog\/?s={search_term_string}\"},\"query-input\":\"required name=search_term_string\"}],\"inLanguage\":\"en-GB\"}]}<\/script>\n<!-- \/ Yoast SEO plugin. -->","yoast_head_json":{"title":"Yukon Flugh\u00e4fen - IATA-Codes, Karte und Reiseinformationen","description":"Eine vollst\u00e4ndige Liste aller Flugh\u00e4fen in Yukon mit ihren IATA-Codes, Flughafenstandorten auf der Karte und Passagierzahlen.","robots":{"index":"index","follow":"follow","max-snippet":"max-snippet:-1","max-image-preview":"max-image-preview:large","max-video-preview":"max-video-preview:-1"},"canonical":"https:\/\/traveling.com\/de\/blog\/flughaefen-yukon\/","og_locale":"en_GB","og_type":"article","og_title":"Yukon Flugh\u00e4fen - IATA-Codes, Karte und Reiseinformationen","og_description":"Eine vollst\u00e4ndige Liste aller Flugh\u00e4fen in Yukon mit ihren IATA-Codes, Flughafenstandorten auf der Karte und Passagierzahlen.","og_url":"https:\/\/traveling.com\/de\/blog\/flughaefen-yukon\/","og_site_name":"Traveling.com Blog","article_modified_time":"2025-03-24T10:57:22+00:00","twitter_card":"summary_large_image","twitter_misc":{"Est. reading time":"1 minute"},"schema":{"@context":"https:\/\/schema.org","@graph":[{"@type":"WebPage","@id":"https:\/\/traveling.com\/de\/blog\/flughaefen-yukon\/","url":"https:\/\/traveling.com\/de\/blog\/flughaefen-yukon\/","name":"Yukon Flugh\u00e4fen - IATA-Codes, Karte und Reiseinformationen","isPartOf":{"@id":"https:\/\/traveling.com\/de\/blog\/#website"},"datePublished":"2021-10-16T07:00:50+00:00","dateModified":"2025-03-24T10:57:22+00:00","description":"Eine vollst\u00e4ndige Liste aller Flugh\u00e4fen in Yukon mit ihren IATA-Codes, Flughafenstandorten auf der Karte und Passagierzahlen.","breadcrumb":{"@id":"https:\/\/traveling.com\/de\/blog\/flughaefen-yukon\/#breadcrumb"},"inLanguage":"en-GB","potentialAction":[{"@type":"ReadAction","target":["https:\/\/traveling.com\/de\/blog\/flughaefen-yukon\/"]}]},{"@type":"BreadcrumbList","@id":"https:\/\/traveling.com\/de\/blog\/flughaefen-yukon\/#breadcrumb","itemListElement":[{"@type":"ListItem","position":1,"name":"Home","item":"https:\/\/traveling.com\/de\/blog\/"},{"@type":"ListItem","position":2,"name":"Flugh\u00e4fen in Yukon"}]},{"@type":"WebSite","@id":"https:\/\/traveling.com\/de\/blog\/#website","url":"https:\/\/traveling.com\/de\/blog\/","name":"Traveling.com Blog","description":"Dein Kompletter Reisef\u00fchrer","potentialAction":[{"@type":"SearchAction","target":{"@type":"EntryPoint","urlTemplate":"https:\/\/traveling.com\/de\/blog\/?s={search_term_string}"},"query-input":"required name=search_term_string"}],"inLanguage":"en-GB"}]}},"_links":{"self":[{"href":"https:\/\/traveling.com\/de\/blog\/wp-json\/wp\/v2\/pages\/8679"}],"collection":[{"href":"https:\/\/traveling.com\/de\/blog\/wp-json\/wp\/v2\/pages"}],"about":[{"href":"https:\/\/traveling.com\/de\/blog\/wp-json\/wp\/v2\/types\/page"}],"author":[{"embeddable":true,"href":"https:\/\/traveling.com\/de\/blog\/wp-json\/wp\/v2\/users\/1"}],"replies":[{"embeddable":true,"href":"https:\/\/traveling.com\/de\/blog\/wp-json\/wp\/v2\/comments?post=8679"}],"version-history":[{"count":2,"href":"https:\/\/traveling.com\/de\/blog\/wp-json\/wp\/v2\/pages\/8679\/revisions"}],"predecessor-version":[{"id":8681,"href":"https:\/\/traveling.com\/de\/blog\/wp-json\/wp\/v2\/pages\/8679\/revisions\/8681"}],"wp:attachment":[{"href":"https:\/\/traveling.com\/de\/blog\/wp-json\/wp\/v2\/media?parent=8679"}],"curies":[{"name":"wp","href":"https:\/\/api.w.org\/{rel}","templated":true}]}}