{"id":2149,"date":"2016-11-04T20:41:37","date_gmt":"2016-11-04T19:41:37","guid":{"rendered":"https:\/\/getbybus.com\/en\/blog\/?page_id=2149"},"modified":"2025-03-24T10:02:39","modified_gmt":"2025-03-24T09:02:39","slug":"slovak-airports","status":"publish","type":"page","link":"https:\/\/traveling.com\/en\/blog\/slovak-airports\/","title":{"rendered":"Slovak airports"},"content":{"rendered":"\n<p>Although Slovakia  is a fairly small country, it actually has <strong>4 international airports which all are used for commercial air traffic<\/strong>. The airports are located by the following cities, Bratislava in the western part, Banska Bystrica in the center, Podrad in the northern part and Kosice in the south eastern part of Slovakia.<\/p>\n\n\n\n<h4><span class=\"ez-toc-section\" id=\"Bratislava_Airport_-_IATA_code_BTS\"><\/span><strong><span style=\"color: #2a2a2a;\">Bratislava Airport <\/span>&#8211; &nbsp;IATA code BTS <\/strong><span class=\"ez-toc-section-end\"><\/span><\/h4>\n\n\n\n<p><strong>~ 2 mio. passengers<\/strong><\/p>\n\n\n\n<p>The M. R. \u0160tef\u00e1nik Airport (Bratislava Airport) is <strong>the busiest airport in Slovakia<\/strong>, located about 9 km northeast of the city center. The airport is base for Slovak Government Flying Service which is the national carrier. Companies such as <strong>Ryanair, Go2sky and AirExplore<\/strong> also have a base at Bratislava airport. The airport is well connected with the city center (<a href=\"https:\/\/Traveling.com\/en\/blog\/airport-bratislava\/\">here you can see the various travel options<\/a>). If you are travelling to Austria or Gyor area in Hungary, a good <strong>alternative to Vienna airport <\/strong>would be Bratislava. If you need to continue your trip to any other cities in Slovakia or in Austria, you have many connections from <a href=\"https:\/\/Traveling.com\/en\/bus-from-bratislava\">the main bus station<\/a> or the railway station in Bratislava.<\/p>\n\n\n\n<div class=\"wp-block-image size-full wp-image-2569\"><figure class=\"aligncenter\"><img decoding=\"async\" width=\"1024\" height=\"683\" src=\"https:\/\/Traveling.com\/en\/blog\/wp-content\/uploads\/2016\/11\/Slovak-airports.jpg\" alt=\"Airports in Slovakia\" class=\"wp-image-2569\" srcset=\"https:\/\/d2bgjx2gb489de.cloudfront.net\/gbb-blogs\/wp-content\/uploads\/2016\/11\/24203540\/Slovak-airports.jpg 1024w, https:\/\/d2bgjx2gb489de.cloudfront.net\/gbb-blogs\/wp-content\/uploads\/2016\/11\/24203540\/Slovak-airports-300x200.jpg 300w, https:\/\/d2bgjx2gb489de.cloudfront.net\/gbb-blogs\/wp-content\/uploads\/2016\/11\/24203540\/Slovak-airports-768x512.jpg 768w\" sizes=\"(max-width: 1024px) 100vw, 1024px\" \/><figcaption>Wizzair plane at the airport<\/figcaption><\/figure><\/div>\n\n\n\n<h4><span class=\"ez-toc-section\" id=\"Kosice_Airport_-_IATA_code_KSC\"><\/span><strong><span style=\"color: #2a2a2a;\">Ko\u0161ice Airport <\/span>&#8211; IATA code KSC<\/strong><span class=\"ez-toc-section-end\"><\/span><\/h4>\n\n\n\n<p><strong>~ 500.000 passengers<\/strong><\/p>\n\n\n\n<p>The Ko\u0161ice International Airport ist the <strong>second busiest airport in Slovakia<\/strong>. The airport is located 6 km air distance from the centre of Kosice. Getting to and from the airport is possible by public bus which takes about 20 minutes or by 10- minute taxi. <strong>Majority of the flights from Kosice are seasonal<\/strong>, but there are also whole year <strong>routes to Vienna, Warsaw, Istanbul and London<\/strong>. Due to the airport&#8217;s position next to the Hungarian border, quite a few Hungarians use the airport as an alternative.<\/p>\n\n\n\n<h4><span class=\"ez-toc-section\" id=\"Poprad-Tatry_Airport_-_IATA_code_TAT\"><\/span><strong><span style=\"color: #2a2a2a;\">Poprad\u2013Tatry Airport <\/span>&#8211; IATA code TAT <\/strong><span class=\"ez-toc-section-end\"><\/span><\/h4>\n\n\n\n<p><strong>~ 95.000 passengers<\/strong><\/p>\n\n\n\n<p>The <strong>Poprad\u2013Tatry Airport<\/strong> is the third busiest Slovakian airport, around 5 km east &#8211; northeast of Poprad. Easiest way of getting to and from the airport to the city is by taxi or pre-booked transfer. Although all the routes from Poprad airport are seasonal, there are <strong>all-year-round routes to London<\/strong>. Skiing lovers will be especially pleased to learn that the airport is <strong>close to some of the most popular skiing resort in Slovakia<\/strong>, such as <strong>Tatransk\u00e1 Lomnica, \u0160trbsk\u00e9 Pleso and Jasn\u00e1 N\u00edzke Tatry<\/strong>. If you decide to visit some of these resorts, we advise  pre-booking a transfer from the airport.<\/p>\n\n\n\n<h4><span class=\"ez-toc-section\" id=\"Sliac_Airport_-_IATA_code_SLD\"><\/span><strong><span style=\"color: #2a2a2a;\">Slia\u010d Airport <\/span>&#8211; IATA code SLD <\/strong><span class=\"ez-toc-section-end\"><\/span><\/h4>\n\n\n\n<p><strong>~ 40.000 passengers<\/strong><\/p>\n\n\n\n<p>The last airport on our list is Silac or <strong>Tri Duby Airport<\/strong>, the smallest airport in Slovakia. Currently, it has an international route, however, all routes operated from the airport are seasonal. The airport is located 2.5 km north of Silac. The much <strong>larger city Bansk\u00e1 Bystrica<\/strong> is about 12 km from the airport, with also Zvolen nearby. Another grea news is that within a range of 50 km from the airport, there are <strong>more than 20 ski resorts<\/strong>.<\/p>\n\n\n\n<p><strong>Airports in the neighboring countries<\/strong><\/p>\n\n\n\n<figure class=\"wp-block-table\"><table><tbody><tr><td><a href=\"https:\/\/Traveling.com\/en\/blog\/airports-in-poland\/\">Airports in Poland<\/a><\/td><td><a href=\"https:\/\/Traveling.com\/en\/blog\/czech-airports\/\">Airports in Czech Republic<\/a><\/td><td><a href=\"https:\/\/Traveling.com\/en\/blog\/austrian-airports\/\">Airports in Austria<\/a><\/td><\/tr><tr><td><a href=\"https:\/\/Traveling.com\/en\/blog\/hungarian-airports\/\">Airports in Hungary<\/a><\/td><td><a href=\"https:\/\/Traveling.com\/en\/blog\/airports-in-ukraine\/\">Airports in Ukraine<\/a><\/td><td><\/td><\/tr><\/tbody><\/table><\/figure>\n\n\n\n<p><iframe src=\"https:\/\/www.google.com\/maps\/d\/embed?mid=1yRytVBNqvD70JxUF-fhkIBrFVyE\" width=\"736\" height=\"552\"><\/iframe><\/p>\n","protected":false},"excerpt":{"rendered":"<p>Although Slovakia is a fairly small country, it actually has 4 international airports which all are used for commercial air traffic. The airports are located by the following cities, Bratislava in the western part, Banska Bystrica in the center, Podrad in the northern part and Kosice in the south eastern part of Slovakia. Bratislava Airport [&hellip;]<\/p>\n<p><a class=\"more-link btn btn-primary\" href=\"https:\/\/traveling.com\/en\/blog\/slovak-airports\/\"> Continue reading&#8230;<\/a><\/p>\n","protected":false},"author":1,"featured_media":0,"parent":0,"menu_order":0,"comment_status":"open","ping_status":"closed","template":"","meta":[],"yoast_head":"<!-- This site is optimized with the Yoast SEO plugin v19.8 - https:\/\/yoast.com\/wordpress\/plugins\/seo\/ -->\n<title>Airports in Slovakia, map, codes and arrival information<\/title>\n<meta name=\"description\" content=\"If you are travelling to Slovakia, our guide is to help you with the newest information about transfers, codes and number of passangers!\" \/>\n<meta name=\"robots\" content=\"index, follow, max-snippet:-1, max-image-preview:large, max-video-preview:-1\" \/>\n<link rel=\"canonical\" href=\"https:\/\/traveling.com\/en\/blog\/slovak-airports\/\" \/>\n<meta property=\"og:locale\" content=\"en_GB\" \/>\n<meta property=\"og:type\" content=\"article\" \/>\n<meta property=\"og:title\" content=\"Airports in Slovakia, map, codes and arrival information\" \/>\n<meta property=\"og:description\" content=\"If you are travelling to Slovakia, our guide is to help you with the newest information about transfers, codes and number of passangers!\" \/>\n<meta property=\"og:url\" content=\"https:\/\/traveling.com\/en\/blog\/slovak-airports\/\" \/>\n<meta property=\"og:site_name\" content=\"Traveling.com Blog\" \/>\n<meta property=\"article:publisher\" content=\"https:\/\/www.facebook.com\/getbybus\" \/>\n<meta property=\"article:modified_time\" content=\"2025-03-24T09:02:39+00:00\" \/>\n<meta property=\"og:image\" content=\"https:\/\/getbybus.com\/en\/blog\/wp-content\/uploads\/2016\/11\/Slovak-airports.jpg\" \/>\n<meta name=\"twitter:card\" content=\"summary_large_image\" \/>\n<meta name=\"twitter:site\" content=\"@GetByBus\" \/>\n<meta name=\"twitter:label1\" content=\"Est. reading time\" \/>\n\t<meta name=\"twitter:data1\" content=\"3 minutes\" \/>\n<script type=\"application\/ld+json\" class=\"yoast-schema-graph\">{\"@context\":\"https:\/\/schema.org\",\"@graph\":[{\"@type\":\"WebPage\",\"@id\":\"https:\/\/traveling.com\/en\/blog\/slovak-airports\/\",\"url\":\"https:\/\/traveling.com\/en\/blog\/slovak-airports\/\",\"name\":\"Airports in Slovakia, map, codes and arrival information\",\"isPartOf\":{\"@id\":\"https:\/\/traveling.com\/en\/blog\/#website\"},\"datePublished\":\"2016-11-04T19:41:37+00:00\",\"dateModified\":\"2025-03-24T09:02:39+00:00\",\"description\":\"If you are travelling to Slovakia, our guide is to help you with the newest information about transfers, codes and number of passangers!\",\"breadcrumb\":{\"@id\":\"https:\/\/traveling.com\/en\/blog\/slovak-airports\/#breadcrumb\"},\"inLanguage\":\"en-GB\",\"potentialAction\":[{\"@type\":\"ReadAction\",\"target\":[\"https:\/\/traveling.com\/en\/blog\/slovak-airports\/\"]}]},{\"@type\":\"BreadcrumbList\",\"@id\":\"https:\/\/traveling.com\/en\/blog\/slovak-airports\/#breadcrumb\",\"itemListElement\":[{\"@type\":\"ListItem\",\"position\":1,\"name\":\"Home\",\"item\":\"https:\/\/traveling.com\/en\/blog\/\"},{\"@type\":\"ListItem\",\"position\":2,\"name\":\"Slovak airports\"}]},{\"@type\":\"WebSite\",\"@id\":\"https:\/\/traveling.com\/en\/blog\/#website\",\"url\":\"https:\/\/traveling.com\/en\/blog\/\",\"name\":\"Traveling.com Blog\",\"description\":\"Your Expert Guide to Every Journey\",\"potentialAction\":[{\"@type\":\"SearchAction\",\"target\":{\"@type\":\"EntryPoint\",\"urlTemplate\":\"https:\/\/traveling.com\/en\/blog\/?s={search_term_string}\"},\"query-input\":\"required name=search_term_string\"}],\"inLanguage\":\"en-GB\"}]}<\/script>\n<!-- \/ Yoast SEO plugin. -->","yoast_head_json":{"title":"Airports in Slovakia, map, codes and arrival information","description":"If you are travelling to Slovakia, our guide is to help you with the newest information about transfers, codes and number of passangers!","robots":{"index":"index","follow":"follow","max-snippet":"max-snippet:-1","max-image-preview":"max-image-preview:large","max-video-preview":"max-video-preview:-1"},"canonical":"https:\/\/traveling.com\/en\/blog\/slovak-airports\/","og_locale":"en_GB","og_type":"article","og_title":"Airports in Slovakia, map, codes and arrival information","og_description":"If you are travelling to Slovakia, our guide is to help you with the newest information about transfers, codes and number of passangers!","og_url":"https:\/\/traveling.com\/en\/blog\/slovak-airports\/","og_site_name":"Traveling.com Blog","article_publisher":"https:\/\/www.facebook.com\/getbybus","article_modified_time":"2025-03-24T09:02:39+00:00","og_image":[{"url":"https:\/\/getbybus.com\/en\/blog\/wp-content\/uploads\/2016\/11\/Slovak-airports.jpg"}],"twitter_card":"summary_large_image","twitter_site":"@GetByBus","twitter_misc":{"Est. reading time":"3 minutes"},"schema":{"@context":"https:\/\/schema.org","@graph":[{"@type":"WebPage","@id":"https:\/\/traveling.com\/en\/blog\/slovak-airports\/","url":"https:\/\/traveling.com\/en\/blog\/slovak-airports\/","name":"Airports in Slovakia, map, codes and arrival information","isPartOf":{"@id":"https:\/\/traveling.com\/en\/blog\/#website"},"datePublished":"2016-11-04T19:41:37+00:00","dateModified":"2025-03-24T09:02:39+00:00","description":"If you are travelling to Slovakia, our guide is to help you with the newest information about transfers, codes and number of passangers!","breadcrumb":{"@id":"https:\/\/traveling.com\/en\/blog\/slovak-airports\/#breadcrumb"},"inLanguage":"en-GB","potentialAction":[{"@type":"ReadAction","target":["https:\/\/traveling.com\/en\/blog\/slovak-airports\/"]}]},{"@type":"BreadcrumbList","@id":"https:\/\/traveling.com\/en\/blog\/slovak-airports\/#breadcrumb","itemListElement":[{"@type":"ListItem","position":1,"name":"Home","item":"https:\/\/traveling.com\/en\/blog\/"},{"@type":"ListItem","position":2,"name":"Slovak airports"}]},{"@type":"WebSite","@id":"https:\/\/traveling.com\/en\/blog\/#website","url":"https:\/\/traveling.com\/en\/blog\/","name":"Traveling.com Blog","description":"Your Expert Guide to Every Journey","potentialAction":[{"@type":"SearchAction","target":{"@type":"EntryPoint","urlTemplate":"https:\/\/traveling.com\/en\/blog\/?s={search_term_string}"},"query-input":"required name=search_term_string"}],"inLanguage":"en-GB"}]}},"_links":{"self":[{"href":"https:\/\/traveling.com\/en\/blog\/wp-json\/wp\/v2\/pages\/2149"}],"collection":[{"href":"https:\/\/traveling.com\/en\/blog\/wp-json\/wp\/v2\/pages"}],"about":[{"href":"https:\/\/traveling.com\/en\/blog\/wp-json\/wp\/v2\/types\/page"}],"author":[{"embeddable":true,"href":"https:\/\/traveling.com\/en\/blog\/wp-json\/wp\/v2\/users\/1"}],"replies":[{"embeddable":true,"href":"https:\/\/traveling.com\/en\/blog\/wp-json\/wp\/v2\/comments?post=2149"}],"version-history":[{"count":10,"href":"https:\/\/traveling.com\/en\/blog\/wp-json\/wp\/v2\/pages\/2149\/revisions"}],"predecessor-version":[{"id":33023,"href":"https:\/\/traveling.com\/en\/blog\/wp-json\/wp\/v2\/pages\/2149\/revisions\/33023"}],"wp:attachment":[{"href":"https:\/\/traveling.com\/en\/blog\/wp-json\/wp\/v2\/media?parent=2149"}],"curies":[{"name":"wp","href":"https:\/\/api.w.org\/{rel}","templated":true}]}}