{"id":10990,"date":"2021-07-03T09:00:09","date_gmt":"2021-07-03T07:00:09","guid":{"rendered":"https:\/\/getbybus.com\/hr\/blog\/?page_id=10990"},"modified":"2025-03-24T12:58:51","modified_gmt":"2025-03-24T10:58:51","slug":"zracne-luke-arkansas","status":"publish","type":"page","link":"https:\/\/traveling.com\/hr\/blog\/zracne-luke-arkansas\/","title":{"rendered":"Zra\u010dne luke u Arkansasu"},"content":{"rendered":"<p>U <strong>Arkansasu<\/strong> se nalazi mali broj <strong>zra\u010dnih luka<\/strong> u koje mo\u017eete sletjeti, no, dobro su povezane s ostalim ameri\u010dkim gradovima. Glavni zrakoplovni prijevoznici koji nude polaske iz i u Arkansas su American Eagle, Delta Connection i Allegiant Air. Trenutno u Arkansasu postoji 8 zra\u010dnih luka s malim \u010dvori\u0161tima i <i>nonhub <\/i>zra\u010dnih luka koje nude komercijalne letove. Jedino Zra\u010dna luka Little Rock i Zra\u010dna luka Fayetteville imaju zna\u010dajan promet. Pored njih, postoje i deseci zra\u010dnih luka op\u0107eg zrakoplovstva koje ne pru\u017eaju redovne letove. Napominjemo kako se na kraju objave nalazi i <strong>karta zra\u010dnih luka u Arkansasu<\/strong> koja \u0107e vam pomo\u0107i pri planiranju va\u0161eg putovanja.<\/p>\n<h3><span class=\"ez-toc-section\" id=\"Popis_zracnih_luka\"><\/span>Popis zra\u010dnih luka&nbsp;<span class=\"ez-toc-section-end\"><\/span><\/h3>\n<h4><span class=\"ez-toc-section\" id=\"Zracna_luka_Little_Rock_-_IATA_Kod_-_LIT_22_M_putnika\"><\/span><span style=\"color: #2a2a2a;\">Zra\u010dna luka Little Rock<\/span> \u2013 IATA Kod \u2013 LIT (~ 2.2 M putnika)<span class=\"ez-toc-section-end\"><\/span><\/h4>\n<p><strong>Zra\u010dna luka Little Rock <\/strong>opslu\u017euje Little Rock City u sredi\u0161njem Arkansasu. Poznata je i kao Nacionalna zra\u010dna luka Clinton, Nacionalna zra\u010dna luka Bill i Hillary Clinton te Adams Field. Zra\u010dna luka je najve\u0107a u Arkansasu, smje\u0161tena oko 9 km isto\u010dno od Little Rocka. Neki zrakoplovni prijevoznici koji lete od i do zra\u010dne luke su <strong>American Airlines<\/strong>, <strong>Delta<\/strong> i <strong>Southwest Airlines<\/strong>. Zra\u010dna luka primarno slu\u017ei za doma\u0107e linije, a na njima prednja\u010de Atlanta i Dallas. <a href=\"https:\/\/rrmetro.org\/bus-schedules\/presidential-centereast-6th\/\">Rock Region Metro<\/a> obna\u0161a uslugu javnog prijevoza, no do zra\u010dne luke se mo\u017ee do\u0107i i autobusom zra\u010dne luke, taksijem i unajmljenim automobilom.<\/p>\n<h4><span class=\"ez-toc-section\" id=\"Zracna_luka_Fayetteville_Northwest_Arkansas_Airport_-_IATA_Kod_-_XNA_18_M_putnika\"><\/span><span style=\"color: #2a2a2a;\">Zra\u010dna luka Fayetteville Northwest Arkansas Airport<\/span> \u2013 IATA Kod \u2013 XNA (~ 1.8 M putnika)<span class=\"ez-toc-section-end\"><\/span><\/h4>\n<p><strong>Nacionalna zra\u010dna luka Northwest Arkansas<\/strong> komercijalna je zra\u010dna luka u Americi koja opslu\u017euje doma\u0107e linije. Nalazi se u gradu Highfill, oko 40 km sjeverno od Fayettevillea. Kao i kod Zra\u010dne luke LIT, najve\u0107i broj letova je prema Atlanti i Dallasu. American Airlines i Delta nose najve\u0107i broj putnika. Do grada Fayetteville mo\u017ee se do\u0107i autobusima, autobusima zra\u010dne luke i taksijem. Blizu zra\u010dne luke nalaze se i gradovi Springdale i Rogers.<\/p>\n<h4><span class=\"ez-toc-section\" id=\"Regionalna_zracna_luka_Fort_Smith_-_IATA_Kod_-_FSN\"><\/span><span style=\"color: #2a2a2a;\">Regionalna zra\u010dna luka Fort Smith<\/span> \u2013 IATA Kod \u2013 FSN<span class=\"ez-toc-section-end\"><\/span><\/h4>\n<ul>\n<li aria-level=\"1\">Gradovi u blizini: Fort Smith (7 km)<\/li>\n<li aria-level=\"1\">Zrakoplovni prijevoznici: American Eagle, Delta Connection<\/li>\n<\/ul>\n<h4><span class=\"ez-toc-section\" id=\"Regionalna_zracna_luka_Texarkana_-_IATA_Kod_-_TXK\"><\/span><span style=\"color: #2a2a2a;\">Regionalna zra\u010dna luka Texarkana<\/span> \u2013 IATA Kod \u2013 TXK<span class=\"ez-toc-section-end\"><\/span><\/h4>\n<ul>\n<li aria-level=\"1\">Poznata i kao: Webb Field<\/li>\n<li aria-level=\"1\">Gradovi u blizini: Texarkana(6 km), Hope (45 km)<\/li>\n<li aria-level=\"1\">Zrakoplovni prijevoznici: American Eagle<\/li>\n<\/ul>\n<h4><span class=\"ez-toc-section\" id=\"Zracna_luka_Hot_Springs_-_IATA_Kod_-_HOT\"><\/span><span style=\"color: #2a2a2a;\">Zra\u010dna luka Hot Springs<\/span> \u2013 IATA Kod \u2013 HOT<span class=\"ez-toc-section-end\"><\/span><\/h4>\n<ul>\n<li aria-level=\"1\">Poznata i kao: Zra\u010dna luka Memorial Field&nbsp;<\/li>\n<li aria-level=\"1\">Gradovi u blizini: Hot Springs (5 km)<\/li>\n<li aria-level=\"1\">Zrakoplovni prijevoznici: Southern Airways Express<\/li>\n<\/ul>\n<h4><span class=\"ez-toc-section\" id=\"Zracna_luka_El_Dorado_-_IATA_Kod_-_ELD\"><\/span><span style=\"color: #2a2a2a;\">Zra\u010dna luka El Dorado<\/span> \u2013 IATA Kod \u2013 ELD<span class=\"ez-toc-section-end\"><\/span><\/h4>\n<ul>\n<li aria-level=\"1\">Poznata i kao: Regionalna zra\u010dna luka South Arkansas Regional na Goodwin Fieldu<\/li>\n<li aria-level=\"1\">Gradovi u blizini: El Dorado (15 km)<\/li>\n<li aria-level=\"1\">Zrakoplovni prijevoznici: Southern Airways Express<\/li>\n<\/ul>\n<h4><span class=\"ez-toc-section\" id=\"Zracna_luka_Jonesboro_-_IATA_Kod_-_JBR\"><\/span><span style=\"color: #2a2a2a;\">Zra\u010dna luka Jonesboro<\/span> \u2013 IATA Kod \u2013 JBR<span class=\"ez-toc-section-end\"><\/span><\/h4>\n<ul>\n<li aria-level=\"1\">Gradovi u blizini: Jonesboro (5 km)<\/li>\n<li aria-level=\"1\">Zrakoplovni prijevoznici: Air Choice One<\/li>\n<\/ul>\n<h4><span class=\"ez-toc-section\" id=\"Zracna_luka_Harrison_-_IATA_Kod_-_HRO\"><\/span><span style=\"color: #2a2a2a;\">Zra\u010dna luka Harrison<\/span> \u2013 IATA Kod \u2013 HRO<span class=\"ez-toc-section-end\"><\/span><\/h4>\n<ul>\n<li aria-level=\"1\">Poznata i kao: Zra\u010dna luka Boone County&nbsp;<\/li>\n<li aria-level=\"1\">Gradovi u blizini: Harrison (6 km)<\/li>\n<li aria-level=\"1\">Zrakoplovni prijevoznici: Southern Airways Express<\/li>\n<\/ul>\n<h3><span class=\"ez-toc-section\" id=\"Zracne_luke_u_obliznjim_saveznim_drzavama\"><\/span>Zra\u010dne luke u obli\u017enjim saveznim dr\u017eavama&nbsp;<span class=\"ez-toc-section-end\"><\/span><\/h3>\n<table>\n<tbody>\n<tr>\n<td style=\"text-align: center;\">\n<p>Zra\u010dne luke u Louisiani<\/p>\n<\/td>\n<td style=\"text-align: center;\">\n<p>Zra\u010dne luke u Texasu<\/p>\n<\/td>\n<td style=\"text-align: center;\">\n<p>Zra\u010dne luke u Oklahomi<\/p>\n<\/td>\n<\/tr>\n<tr>\n<td style=\"text-align: center;\">\n<p>Zra\u010dne luke u Missouriju<\/p>\n<\/td>\n<td style=\"text-align: center;\">\n<p>Zra\u010dne luke u Tennesseeju<\/p>\n<\/td>\n<td style=\"text-align: center;\">\n<p>Zra\u010dne luke u Mississippiju<\/p>\n<\/td>\n<\/tr>\n<\/tbody>\n<\/table>\n<h3><span class=\"ez-toc-section\" id=\"Karta_zracnih_luka_u_Arkansasu\"><\/span>Karta zra\u010dnih luka u Arkansasu<span class=\"ez-toc-section-end\"><\/span><\/h3>\n\n\n<iframe src=\"https:\/\/www.google.com\/maps\/d\/u\/0\/embed?mid=12RlphmiF0uAXPDtW0SpZV4rw4dFe8Qic\" width=\"640\" height=\"480\"><\/iframe>\n","protected":false},"excerpt":{"rendered":"<p>U Arkansasu se nalazi mali broj zra\u010dnih luka u koje mo\u017eete sletjeti, no, dobro su povezane s ostalim ameri\u010dkim gradovima. Glavni zrakoplovni prijevoznici koji nude polaske iz i u Arkansas su American Eagle, Delta Connection i Allegiant Air. Trenutno u Arkansasu postoji 8 zra\u010dnih luka s malim \u010dvori\u0161tima i nonhub zra\u010dnih luka koje nude komercijalne [&hellip;]<\/p>\n<p><a class=\"more-link btn btn-primary\" href=\"https:\/\/traveling.com\/hr\/blog\/zracne-luke-arkansas\/\"> Continue reading&#8230;<\/a><\/p>\n","protected":false},"author":1,"featured_media":0,"parent":0,"menu_order":0,"comment_status":"closed","ping_status":"closed","template":"","meta":[],"yoast_head":"<!-- This site is optimized with the Yoast SEO plugin v19.8 - https:\/\/yoast.com\/wordpress\/plugins\/seo\/ -->\n<title>Zra\u010dne luke u Arkansasu - IATA Kodovi, Karta zra\u010dnih luka i drugo<\/title>\n<meta name=\"description\" content=\"Popis svih zra\u010dnih luka u saveznoj dr\u017eavi Arkansas, kao i IATA kodovi, karta zra\u010dnih luka u Arkansasu i broj putnika godi\u0161nje.\" \/>\n<meta name=\"robots\" content=\"index, follow, max-snippet:-1, max-image-preview:large, max-video-preview:-1\" \/>\n<link rel=\"canonical\" href=\"https:\/\/traveling.com\/hr\/blog\/zracne-luke-arkansas\/\" \/>\n<meta property=\"og:locale\" content=\"hr_HR\" \/>\n<meta property=\"og:type\" content=\"article\" \/>\n<meta property=\"og:title\" content=\"Zra\u010dne luke u Arkansasu - IATA Kodovi, Karta zra\u010dnih luka i drugo\" \/>\n<meta property=\"og:description\" content=\"Popis svih zra\u010dnih luka u saveznoj dr\u017eavi Arkansas, kao i IATA kodovi, karta zra\u010dnih luka u Arkansasu i broj putnika godi\u0161nje.\" \/>\n<meta property=\"og:url\" content=\"https:\/\/traveling.com\/hr\/blog\/zracne-luke-arkansas\/\" \/>\n<meta property=\"og:site_name\" content=\"Traveling.com Blog\" \/>\n<meta property=\"article:modified_time\" content=\"2025-03-24T10:58:51+00:00\" \/>\n<meta name=\"twitter:card\" content=\"summary_large_image\" \/>\n<meta name=\"twitter:label1\" content=\"Est. reading time\" \/>\n\t<meta name=\"twitter:data1\" content=\"3 minutes\" \/>\n<script type=\"application\/ld+json\" class=\"yoast-schema-graph\">{\"@context\":\"https:\/\/schema.org\",\"@graph\":[{\"@type\":\"WebPage\",\"@id\":\"https:\/\/traveling.com\/hr\/blog\/zracne-luke-arkansas\/\",\"url\":\"https:\/\/traveling.com\/hr\/blog\/zracne-luke-arkansas\/\",\"name\":\"Zra\u010dne luke u Arkansasu - IATA Kodovi, Karta zra\u010dnih luka i drugo\",\"isPartOf\":{\"@id\":\"https:\/\/traveling.com\/hr\/blog\/#website\"},\"datePublished\":\"2021-07-03T07:00:09+00:00\",\"dateModified\":\"2025-03-24T10:58:51+00:00\",\"description\":\"Popis svih zra\u010dnih luka u saveznoj dr\u017eavi Arkansas, kao i IATA kodovi, karta zra\u010dnih luka u Arkansasu i broj putnika godi\u0161nje.\",\"breadcrumb\":{\"@id\":\"https:\/\/traveling.com\/hr\/blog\/zracne-luke-arkansas\/#breadcrumb\"},\"inLanguage\":\"hr\",\"potentialAction\":[{\"@type\":\"ReadAction\",\"target\":[\"https:\/\/traveling.com\/hr\/blog\/zracne-luke-arkansas\/\"]}]},{\"@type\":\"BreadcrumbList\",\"@id\":\"https:\/\/traveling.com\/hr\/blog\/zracne-luke-arkansas\/#breadcrumb\",\"itemListElement\":[{\"@type\":\"ListItem\",\"position\":1,\"name\":\"Home\",\"item\":\"https:\/\/traveling.com\/hr\/blog\/\"},{\"@type\":\"ListItem\",\"position\":2,\"name\":\"Zra\u010dne luke u Arkansasu\"}]},{\"@type\":\"WebSite\",\"@id\":\"https:\/\/traveling.com\/hr\/blog\/#website\",\"url\":\"https:\/\/traveling.com\/hr\/blog\/\",\"name\":\"Traveling.com Blog\",\"description\":\"Tvoj najbolji vodi\u010d na putovanju\",\"potentialAction\":[{\"@type\":\"SearchAction\",\"target\":{\"@type\":\"EntryPoint\",\"urlTemplate\":\"https:\/\/traveling.com\/hr\/blog\/?s={search_term_string}\"},\"query-input\":\"required name=search_term_string\"}],\"inLanguage\":\"hr\"}]}<\/script>\n<!-- \/ Yoast SEO plugin. -->","yoast_head_json":{"title":"Zra\u010dne luke u Arkansasu - IATA Kodovi, Karta zra\u010dnih luka i drugo","description":"Popis svih zra\u010dnih luka u saveznoj dr\u017eavi Arkansas, kao i IATA kodovi, karta zra\u010dnih luka u Arkansasu i broj putnika godi\u0161nje.","robots":{"index":"index","follow":"follow","max-snippet":"max-snippet:-1","max-image-preview":"max-image-preview:large","max-video-preview":"max-video-preview:-1"},"canonical":"https:\/\/traveling.com\/hr\/blog\/zracne-luke-arkansas\/","og_locale":"hr_HR","og_type":"article","og_title":"Zra\u010dne luke u Arkansasu - IATA Kodovi, Karta zra\u010dnih luka i drugo","og_description":"Popis svih zra\u010dnih luka u saveznoj dr\u017eavi Arkansas, kao i IATA kodovi, karta zra\u010dnih luka u Arkansasu i broj putnika godi\u0161nje.","og_url":"https:\/\/traveling.com\/hr\/blog\/zracne-luke-arkansas\/","og_site_name":"Traveling.com Blog","article_modified_time":"2025-03-24T10:58:51+00:00","twitter_card":"summary_large_image","twitter_misc":{"Est. reading time":"3 minutes"},"schema":{"@context":"https:\/\/schema.org","@graph":[{"@type":"WebPage","@id":"https:\/\/traveling.com\/hr\/blog\/zracne-luke-arkansas\/","url":"https:\/\/traveling.com\/hr\/blog\/zracne-luke-arkansas\/","name":"Zra\u010dne luke u Arkansasu - IATA Kodovi, Karta zra\u010dnih luka i drugo","isPartOf":{"@id":"https:\/\/traveling.com\/hr\/blog\/#website"},"datePublished":"2021-07-03T07:00:09+00:00","dateModified":"2025-03-24T10:58:51+00:00","description":"Popis svih zra\u010dnih luka u saveznoj dr\u017eavi Arkansas, kao i IATA kodovi, karta zra\u010dnih luka u Arkansasu i broj putnika godi\u0161nje.","breadcrumb":{"@id":"https:\/\/traveling.com\/hr\/blog\/zracne-luke-arkansas\/#breadcrumb"},"inLanguage":"hr","potentialAction":[{"@type":"ReadAction","target":["https:\/\/traveling.com\/hr\/blog\/zracne-luke-arkansas\/"]}]},{"@type":"BreadcrumbList","@id":"https:\/\/traveling.com\/hr\/blog\/zracne-luke-arkansas\/#breadcrumb","itemListElement":[{"@type":"ListItem","position":1,"name":"Home","item":"https:\/\/traveling.com\/hr\/blog\/"},{"@type":"ListItem","position":2,"name":"Zra\u010dne luke u Arkansasu"}]},{"@type":"WebSite","@id":"https:\/\/traveling.com\/hr\/blog\/#website","url":"https:\/\/traveling.com\/hr\/blog\/","name":"Traveling.com Blog","description":"Tvoj najbolji vodi\u010d na putovanju","potentialAction":[{"@type":"SearchAction","target":{"@type":"EntryPoint","urlTemplate":"https:\/\/traveling.com\/hr\/blog\/?s={search_term_string}"},"query-input":"required name=search_term_string"}],"inLanguage":"hr"}]}},"_links":{"self":[{"href":"https:\/\/traveling.com\/hr\/blog\/wp-json\/wp\/v2\/pages\/10990"}],"collection":[{"href":"https:\/\/traveling.com\/hr\/blog\/wp-json\/wp\/v2\/pages"}],"about":[{"href":"https:\/\/traveling.com\/hr\/blog\/wp-json\/wp\/v2\/types\/page"}],"author":[{"embeddable":true,"href":"https:\/\/traveling.com\/hr\/blog\/wp-json\/wp\/v2\/users\/1"}],"replies":[{"embeddable":true,"href":"https:\/\/traveling.com\/hr\/blog\/wp-json\/wp\/v2\/comments?post=10990"}],"version-history":[{"count":8,"href":"https:\/\/traveling.com\/hr\/blog\/wp-json\/wp\/v2\/pages\/10990\/revisions"}],"predecessor-version":[{"id":11094,"href":"https:\/\/traveling.com\/hr\/blog\/wp-json\/wp\/v2\/pages\/10990\/revisions\/11094"}],"wp:attachment":[{"href":"https:\/\/traveling.com\/hr\/blog\/wp-json\/wp\/v2\/media?parent=10990"}],"curies":[{"name":"wp","href":"https:\/\/api.w.org\/{rel}","templated":true}]}}