{"id":11036,"date":"2021-07-10T09:00:41","date_gmt":"2021-07-10T07:00:41","guid":{"rendered":"https:\/\/getbybus.com\/hr\/blog\/?page_id=11036"},"modified":"2025-03-24T12:59:10","modified_gmt":"2025-03-24T10:59:10","slug":"zracne-luke-georgija","status":"publish","type":"page","link":"https:\/\/traveling.com\/hr\/blog\/zracne-luke-georgija\/","title":{"rendered":"Zra\u010dne luke u Georgiji"},"content":{"rendered":"<p>Iako samo 8 zra\u010dnih luka obavlja komercijalne letove, Georgia je dom jedne od najprometnijih ameri\u010dkih zra\u010dnih luka u Atlanti. To je naj\u010de\u0161\u0107a opcija prilikom odlaska u Georgiju. No, ostale zra\u010dne luke u Georgiji su tako\u0111er dobar odabir, pogotovo za doma\u0107e i regionalne letove. Neki regionalni i niskotarifni zrakoplovni prijevoznici poput jetBluea, Frontier Airlinesa i Allegiant Aira nude svakodnevne letove. Ove zra\u010dne luke su dobra opcija za putnike koji planiraju posjetiti Georgiju. Na kraju teksta se nalazi i <b>k<\/b><strong>artu svih zra\u010dnih luka u Georgiji<\/strong>.<\/p>\n<h3><span class=\"ez-toc-section\" id=\"Popis_zracnih_luka\"><\/span>Popis zra\u010dnih luka<span class=\"ez-toc-section-end\"><\/span><\/h3>\n<h4><span class=\"ez-toc-section\" id=\"Medunarodna_zracna_luka_Atlanta_Hartsfield-Jackson_-_IATA_Kod_-_ATL_110_M_Putnika\"><\/span><span style=\"color: #2a2a2a;\">Me\u0111unarodna zra\u010dna luka Atlanta Hartsfield\u2013Jackson<\/span> \u2013 IATA Kod \u2013 ATL (~ 110 M Putnika)<span class=\"ez-toc-section-end\"><\/span><\/h4>\n<p><strong>Me\u0111unarodna zra\u010dna luka Atlanta<\/strong> najve\u0107a je zra\u010dna luka u Georgiji i jedna od najprometnijih svjetskih i ameri\u010dkih zra\u010dnih luka. \u0160tovi\u0161e, zra\u010dna luka ATL je do 2020. Bila najprometnija zra\u010dna luka na svijetu. Zra\u010dna luka Hartsfield \u2013 Jackson ima 2 velika terminala s desecima prolaza za me\u0111unarodne i doma\u0107e letove. Glavno je sredi\u0161te <strong>Delte<\/strong>, jednog od glavnih zrakoplovnih prijevoznika u SAD-u. Nalazi se oko 10 km ju\u017eno od centra Atlante, ali slu\u017ei i kao ulazna to\u010dka za cijelu Georgiju. Nadalje, zbog svog velikog broja veza glavna je poveznica izme\u0111u najve\u0107ih ameri\u010dkih gradova, kao i europskih destinacija. Do Atlante se mo\u017ee do\u0107i na nekoliko na\u010dina &#8211; javnim prijevozom (MARTA Transit), taksijem, autobusom zra\u010dne luke, limuzinom i unajmljenim automobilom.<\/p>\n<h4><span class=\"ez-toc-section\" id=\"Medunarodna_zracna_luka_SavannahHilton_Head_-_IATA_Kod_-_SAV_3_M_Putnika\"><\/span><span style=\"color: #2a2a2a;\">Me\u0111unarodna zra\u010dna luka Savannah\/Hilton Head<\/span> \u2013 IATA Kod \u2013 SAV (~ 3 M Putnika)<span class=\"ez-toc-section-end\"><\/span><\/h4>\n<p><strong>Me\u0111unarodna zra\u010dna luka Savannah<\/strong> druga je najve\u0107a zra\u010dna luka u Georgiji. Lokalno poznata kao Travis Field i Chatham Field, opslu\u017euje grad Savannah. Udaljenost do grada je oko 13 km, a do grada se mo\u017ee do\u0107i na nekoliko na\u010dina. \u0160to se ti\u010de javnog prijevoza, Chatham Area Transit i Coastal Regional Coaches nude svoje usluge. Dostupni su i autobusi zra\u010dne luke te limuzine. <strong>Delta<\/strong>, <strong>JetBlue<\/strong>, <strong>United Airlines<\/strong> i <strong>American<\/strong> redovno lete do zra\u010dne luke. \u0160to se ti\u010de glavnih gradova &#8211; Atlanta i Charlotte su najbolje povezane destinacije.<\/p>\n<h4><span class=\"ez-toc-section\" id=\"Regionalna_zracna_luka_Augusta_-_IATA_Kod_-_AGS\"><\/span><span style=\"color: #2a2a2a;\">Regionalna zra\u010dna luka Augusta<\/span> \u2013 IATA Kod \u2013 AGS<span class=\"ez-toc-section-end\"><\/span><\/h4>\n<ul>\n<li aria-level=\"1\">Poznata i kao: Bush Field<\/li>\n<li aria-level=\"1\">Gradovi u blizini: Augusta (11 km)\u00a0<\/li>\n<li aria-level=\"1\">Zrakoplovni prijevoznici: American Eagle, Delta<\/li>\n<\/ul>\n<h4><span class=\"ez-toc-section\" id=\"Metropolitanska_zracna_luka_Columbus_-_IATA_Kod_-_CSG\"><\/span><span style=\"color: #2a2a2a;\">Metropolitanska zra\u010dna luka Columbus<\/span> \u2013 IATA Kod \u2013 CSG<span class=\"ez-toc-section-end\"><\/span><\/h4>\n<ul>\n<li aria-level=\"1\">Gradovi u blizini: Columbus (6 km)\u00a0<\/li>\n<li aria-level=\"1\">Zrakoplovni prijevoznici: Delta<\/li>\n<\/ul>\n<h4><span class=\"ez-toc-section\" id=\"Regionalna_zracna_luka_Valdosta_-_IATA_Kod_-_VLD\"><\/span><span style=\"color: #2a2a2a;\">Regionalna zra\u010dna luka Valdosta<\/span> \u2013 IATA Kod \u2013 VLD<span class=\"ez-toc-section-end\"><\/span><\/h4>\n<ul>\n<li aria-level=\"1\">Gradovi u blizini: Valdosta (6 km)<\/li>\n<li aria-level=\"1\">Zrakoplovni prijevoznici: Delta<\/li>\n<\/ul>\n<h4><span class=\"ez-toc-section\" id=\"Zracna_luka_Brunswick_Zlatni_otoci_-_IATA_Kod_-_BQK\"><\/span><span style=\"color: #2a2a2a;\">Zra\u010dna luka Brunswick Zlatni otoci<\/span> \u2013 IATA Kod \u2013 BQK<span class=\"ez-toc-section-end\"><\/span><\/h4>\n<ul>\n<li aria-level=\"1\">Poznata i kao: Glynco Jetport<\/li>\n<li aria-level=\"1\">Gradovi u blizini: Brunswick (9 km)\u00a0<\/li>\n<li aria-level=\"1\">Zrakoplovni prijevoznici: Delta<\/li>\n<\/ul>\n<h4><span class=\"ez-toc-section\" id=\"Regionalna_zracna_luka_Southwest_Georgia_-_IATA_Kod_-_ABY\"><\/span><span style=\"color: #2a2a2a;\">Regionalna zra\u010dna luka Southwest Georgia<\/span> \u2013 IATA Kod \u2013 ABY<span class=\"ez-toc-section-end\"><\/span><\/h4>\n<ul>\n<li aria-level=\"1\">Gradovi u blizini: Albany (6 km)\u00a0<\/li>\n<li aria-level=\"1\">Zrakoplovni prijevoznici: Delta<\/li>\n<\/ul>\n<h4><span class=\"ez-toc-section\" id=\"Regionalna_zracna_luka_Middle_Georgia_-_IATA_Kod_-_MCN\"><\/span><span style=\"color: #2a2a2a;\">Regionalna zra\u010dna luka Middle Georgia<\/span> \u2013 IATA Kod \u2013 MCN<span class=\"ez-toc-section-end\"><\/span><\/h4>\n<ul>\n<li aria-level=\"1\">Gradovi u blizini: Macon (17 km)\u00a0<\/li>\n<li aria-level=\"1\">Zrakoplovni prijevoznici: Contour<\/li>\n<\/ul>\n<h3><span class=\"ez-toc-section\" id=\"Zracne_luke_u_susjednim_saveznim_drzavama\"><\/span>Zra\u010dne luke u susjednim saveznim dr\u017eavama<span class=\"ez-toc-section-end\"><\/span><\/h3>\n\n<table>\n<tbody>\n<tr>\n<td style=\"text-align: center;\">\n<p>Zra\u010dne luke u Floridi<\/p>\n<\/td>\n<td style=\"text-align: center;\">\n<p>Zra\u010dne luke u Alabami<\/p>\n<\/td>\n<td style=\"text-align: center;\">\n<p>Zra\u010dne luke u Tennesseeju<\/p>\n<\/td>\n<td style=\"text-align: center;\">\n<p>Zra\u010dne luke u Sjevernoj Karolini<\/p>\n<\/td>\n<td style=\"text-align: center;\">\n<p>Zra\u010dne luke u Ju\u017enoj Karolini<\/p>\n<\/td>\n<\/tr>\n<\/tbody>\n<\/table>\n\n<h3><span class=\"ez-toc-section\" id=\"Karta_zracnih_luka_u_Georgiji\"><\/span>Karta zra\u010dnih luka u Georgiji<span class=\"ez-toc-section-end\"><\/span><\/h3>\n\n\n<iframe src=\"https:\/\/www.google.com\/maps\/d\/u\/0\/embed?mid=1S5ihBEL742ePhCFGAldXK1FNtWesQef_\" width=\"640\" height=\"480\"><\/iframe>\n","protected":false},"excerpt":{"rendered":"<p>Iako samo 8 zra\u010dnih luka obavlja komercijalne letove, Georgia je dom jedne od najprometnijih ameri\u010dkih zra\u010dnih luka u Atlanti. To je naj\u010de\u0161\u0107a opcija prilikom odlaska u Georgiju. No, ostale zra\u010dne luke u Georgiji su tako\u0111er dobar odabir, pogotovo za doma\u0107e i regionalne letove. Neki regionalni i niskotarifni zrakoplovni prijevoznici poput jetBluea, Frontier Airlinesa i Allegiant [&hellip;]<\/p>\n<p><a class=\"more-link btn btn-primary\" href=\"https:\/\/traveling.com\/hr\/blog\/zracne-luke-georgija\/\"> Continue reading&#8230;<\/a><\/p>\n","protected":false},"author":1,"featured_media":0,"parent":0,"menu_order":0,"comment_status":"closed","ping_status":"closed","template":"","meta":[],"yoast_head":"<!-- This site is optimized with the Yoast SEO plugin v19.8 - https:\/\/yoast.com\/wordpress\/plugins\/seo\/ -->\n<title>Zra\u010dne luke u Georgiji - IATA kodovi, karta i ostale informacije<\/title>\n<meta name=\"description\" content=\"Popis zra\u010dnih luka u saveznoj dr\u017eavi Georgiji, IATA kodovi, karta lokacija zra\u010dnih luka i broj putnika godi\u0161nje u zra\u010dnim lukama u Georgiji.\" \/>\n<meta name=\"robots\" content=\"index, follow, max-snippet:-1, max-image-preview:large, max-video-preview:-1\" \/>\n<link rel=\"canonical\" href=\"https:\/\/traveling.com\/hr\/blog\/zracne-luke-georgija\/\" \/>\n<meta property=\"og:locale\" content=\"hr_HR\" \/>\n<meta property=\"og:type\" content=\"article\" \/>\n<meta property=\"og:title\" content=\"Zra\u010dne luke u Georgiji - IATA kodovi, karta i ostale informacije\" \/>\n<meta property=\"og:description\" content=\"Popis zra\u010dnih luka u saveznoj dr\u017eavi Georgiji, IATA kodovi, karta lokacija zra\u010dnih luka i broj putnika godi\u0161nje u zra\u010dnim lukama u Georgiji.\" \/>\n<meta property=\"og:url\" content=\"https:\/\/traveling.com\/hr\/blog\/zracne-luke-georgija\/\" \/>\n<meta property=\"og:site_name\" content=\"Traveling.com Blog\" \/>\n<meta property=\"article:modified_time\" content=\"2025-03-24T10:59:10+00:00\" \/>\n<meta name=\"twitter:card\" content=\"summary_large_image\" \/>\n<meta name=\"twitter:label1\" content=\"Est. reading time\" \/>\n\t<meta name=\"twitter:data1\" content=\"3 minutes\" \/>\n<script type=\"application\/ld+json\" class=\"yoast-schema-graph\">{\"@context\":\"https:\/\/schema.org\",\"@graph\":[{\"@type\":\"WebPage\",\"@id\":\"https:\/\/traveling.com\/hr\/blog\/zracne-luke-georgija\/\",\"url\":\"https:\/\/traveling.com\/hr\/blog\/zracne-luke-georgija\/\",\"name\":\"Zra\u010dne luke u Georgiji - IATA kodovi, karta i ostale informacije\",\"isPartOf\":{\"@id\":\"https:\/\/traveling.com\/hr\/blog\/#website\"},\"datePublished\":\"2021-07-10T07:00:41+00:00\",\"dateModified\":\"2025-03-24T10:59:10+00:00\",\"description\":\"Popis zra\u010dnih luka u saveznoj dr\u017eavi Georgiji, IATA kodovi, karta lokacija zra\u010dnih luka i broj putnika godi\u0161nje u zra\u010dnim lukama u Georgiji.\",\"breadcrumb\":{\"@id\":\"https:\/\/traveling.com\/hr\/blog\/zracne-luke-georgija\/#breadcrumb\"},\"inLanguage\":\"hr\",\"potentialAction\":[{\"@type\":\"ReadAction\",\"target\":[\"https:\/\/traveling.com\/hr\/blog\/zracne-luke-georgija\/\"]}]},{\"@type\":\"BreadcrumbList\",\"@id\":\"https:\/\/traveling.com\/hr\/blog\/zracne-luke-georgija\/#breadcrumb\",\"itemListElement\":[{\"@type\":\"ListItem\",\"position\":1,\"name\":\"Home\",\"item\":\"https:\/\/traveling.com\/hr\/blog\/\"},{\"@type\":\"ListItem\",\"position\":2,\"name\":\"Zra\u010dne luke u Georgiji\"}]},{\"@type\":\"WebSite\",\"@id\":\"https:\/\/traveling.com\/hr\/blog\/#website\",\"url\":\"https:\/\/traveling.com\/hr\/blog\/\",\"name\":\"Traveling.com Blog\",\"description\":\"Tvoj najbolji vodi\u010d na putovanju\",\"potentialAction\":[{\"@type\":\"SearchAction\",\"target\":{\"@type\":\"EntryPoint\",\"urlTemplate\":\"https:\/\/traveling.com\/hr\/blog\/?s={search_term_string}\"},\"query-input\":\"required name=search_term_string\"}],\"inLanguage\":\"hr\"}]}<\/script>\n<!-- \/ Yoast SEO plugin. -->","yoast_head_json":{"title":"Zra\u010dne luke u Georgiji - IATA kodovi, karta i ostale informacije","description":"Popis zra\u010dnih luka u saveznoj dr\u017eavi Georgiji, IATA kodovi, karta lokacija zra\u010dnih luka i broj putnika godi\u0161nje u zra\u010dnim lukama u Georgiji.","robots":{"index":"index","follow":"follow","max-snippet":"max-snippet:-1","max-image-preview":"max-image-preview:large","max-video-preview":"max-video-preview:-1"},"canonical":"https:\/\/traveling.com\/hr\/blog\/zracne-luke-georgija\/","og_locale":"hr_HR","og_type":"article","og_title":"Zra\u010dne luke u Georgiji - IATA kodovi, karta i ostale informacije","og_description":"Popis zra\u010dnih luka u saveznoj dr\u017eavi Georgiji, IATA kodovi, karta lokacija zra\u010dnih luka i broj putnika godi\u0161nje u zra\u010dnim lukama u Georgiji.","og_url":"https:\/\/traveling.com\/hr\/blog\/zracne-luke-georgija\/","og_site_name":"Traveling.com Blog","article_modified_time":"2025-03-24T10:59:10+00:00","twitter_card":"summary_large_image","twitter_misc":{"Est. reading time":"3 minutes"},"schema":{"@context":"https:\/\/schema.org","@graph":[{"@type":"WebPage","@id":"https:\/\/traveling.com\/hr\/blog\/zracne-luke-georgija\/","url":"https:\/\/traveling.com\/hr\/blog\/zracne-luke-georgija\/","name":"Zra\u010dne luke u Georgiji - IATA kodovi, karta i ostale informacije","isPartOf":{"@id":"https:\/\/traveling.com\/hr\/blog\/#website"},"datePublished":"2021-07-10T07:00:41+00:00","dateModified":"2025-03-24T10:59:10+00:00","description":"Popis zra\u010dnih luka u saveznoj dr\u017eavi Georgiji, IATA kodovi, karta lokacija zra\u010dnih luka i broj putnika godi\u0161nje u zra\u010dnim lukama u Georgiji.","breadcrumb":{"@id":"https:\/\/traveling.com\/hr\/blog\/zracne-luke-georgija\/#breadcrumb"},"inLanguage":"hr","potentialAction":[{"@type":"ReadAction","target":["https:\/\/traveling.com\/hr\/blog\/zracne-luke-georgija\/"]}]},{"@type":"BreadcrumbList","@id":"https:\/\/traveling.com\/hr\/blog\/zracne-luke-georgija\/#breadcrumb","itemListElement":[{"@type":"ListItem","position":1,"name":"Home","item":"https:\/\/traveling.com\/hr\/blog\/"},{"@type":"ListItem","position":2,"name":"Zra\u010dne luke u Georgiji"}]},{"@type":"WebSite","@id":"https:\/\/traveling.com\/hr\/blog\/#website","url":"https:\/\/traveling.com\/hr\/blog\/","name":"Traveling.com Blog","description":"Tvoj najbolji vodi\u010d na putovanju","potentialAction":[{"@type":"SearchAction","target":{"@type":"EntryPoint","urlTemplate":"https:\/\/traveling.com\/hr\/blog\/?s={search_term_string}"},"query-input":"required name=search_term_string"}],"inLanguage":"hr"}]}},"_links":{"self":[{"href":"https:\/\/traveling.com\/hr\/blog\/wp-json\/wp\/v2\/pages\/11036"}],"collection":[{"href":"https:\/\/traveling.com\/hr\/blog\/wp-json\/wp\/v2\/pages"}],"about":[{"href":"https:\/\/traveling.com\/hr\/blog\/wp-json\/wp\/v2\/types\/page"}],"author":[{"embeddable":true,"href":"https:\/\/traveling.com\/hr\/blog\/wp-json\/wp\/v2\/users\/1"}],"replies":[{"embeddable":true,"href":"https:\/\/traveling.com\/hr\/blog\/wp-json\/wp\/v2\/comments?post=11036"}],"version-history":[{"count":3,"href":"https:\/\/traveling.com\/hr\/blog\/wp-json\/wp\/v2\/pages\/11036\/revisions"}],"predecessor-version":[{"id":11039,"href":"https:\/\/traveling.com\/hr\/blog\/wp-json\/wp\/v2\/pages\/11036\/revisions\/11039"}],"wp:attachment":[{"href":"https:\/\/traveling.com\/hr\/blog\/wp-json\/wp\/v2\/media?parent=11036"}],"curies":[{"name":"wp","href":"https:\/\/api.w.org\/{rel}","templated":true}]}}