{"id":11387,"date":"2021-09-09T09:00:00","date_gmt":"2021-09-09T07:00:00","guid":{"rendered":"https:\/\/getbybus.com\/hr\/blog\/?page_id=11387"},"modified":"2025-03-24T12:59:32","modified_gmt":"2025-03-24T10:59:32","slug":"zracne-luke-u-mississippiju","status":"publish","type":"page","link":"https:\/\/traveling.com\/hr\/blog\/zracne-luke-u-mississippiju\/","title":{"rendered":"Zra\u010dne luke u Mississippiju"},"content":{"rendered":"<p>Mississippi je jedna od ameri\u010dkih saveznih dr\u017eava koje imaju samo male i <i>nonhub<\/i> zra\u010dne luke, prema klasifikaciji FAA-e. Na ovaj popis smo uvrstili i neke zra\u010dne luke op\u0107eg zrakoplovstva Mississippi koje obavljaju \u010darter i komercijalne letove. U Mississippiju postoje samo dvije zra\u010dne luke koje broje tek oko nekoliko tisu\u0107a putnika godi\u0161nje, te ih to ih ne svrstava me\u0111u glavne ameri\u010dke zra\u010dne luke. Sve zra\u010dne luke u Mississippiju mo\u017eete vidjeti na <strong>karti zra\u010dnih luka u Mississippiju <\/strong>koja se nalazi na kraju objave.<\/p>\n<h3><span class=\"ez-toc-section\" id=\"Popis_zracnih_luka\"><\/span>Popis zra\u010dnih luka\u00a0<span class=\"ez-toc-section-end\"><\/span><\/h3>\n<h4><span class=\"ez-toc-section\" id=\"Medunarodna_zracna_luka_Jackson-Evers_-_IATA_Kod_-_JAN\"><\/span><span style=\"color: #2a2a2a;\">Me\u0111unarodna zra\u010dna luka Jackson\u2013Evers<\/span> \u2013 IATA Kod \u2013 JAN<span class=\"ez-toc-section-end\"><\/span><\/h4>\n<ul>\n<li aria-level=\"1\">Poznata i kao: Me\u0111unarodna zra\u010dna luka Jackson\u2013Medgar Wiley Evers\u00a0<\/li>\n<li aria-level=\"1\">Gradovi u blizini: Jackson (10 km)<\/li>\n<li aria-level=\"1\">Zrakoplovni prijevoznici: Delta, American, Frontier<\/li>\n<\/ul>\n<h4><span class=\"ez-toc-section\" id=\"Medunarodna_zracna_luka_Gulfport-Biloxi_-_IATA_Kod_-_GPT\"><\/span><span style=\"color: #2a2a2a;\">Me\u0111unarodna zra\u010dna luka Gulfport\u2013Biloxi<\/span> \u2013 IATA Kod \u2013 GPT<span class=\"ez-toc-section-end\"><\/span><\/h4>\n<ul>\n<li aria-level=\"1\">Gradovi u blizini: Gulfport (6 km)<\/li>\n<li aria-level=\"1\">Zrakoplovni prijevoznici: Allegiant, American, Delta. Sun Country<\/li>\n<\/ul>\n<h4><span class=\"ez-toc-section\" id=\"Regionalna_zracna_luka_Golden_Triangle_-_IATA_Kod_-_GTR\"><\/span><span style=\"color: #2a2a2a;\">Regionalna zra\u010dna luka Golden Triangle<\/span> \u2013 IATA Kod \u2013 GTR<span class=\"ez-toc-section-end\"><\/span><\/h4>\n<ul>\n<li aria-level=\"1\">Gradovi u blizini: Starkville (25 km), Westpoint (25 km)<\/li>\n<li aria-level=\"1\">Zrakoplovni prijevoznici: Delta<\/li>\n<\/ul>\n<h4><span class=\"ez-toc-section\" id=\"Regionalna_zracna_luka_Tupelo_-_IATA_Kod_-_TUP\"><\/span><span style=\"color: #2a2a2a;\">Regionalna zra\u010dna luka Tupelo<\/span> \u2013 IATA Kod \u2013 TUP<span class=\"ez-toc-section-end\"><\/span><\/h4>\n<ul>\n<li aria-level=\"1\">Gradovi u blizini: Tupelo (6 km)<\/li>\n<li aria-level=\"1\">Zrakoplovni prijevoznici: Contour Airlines<\/li>\n<\/ul>\n<h4><span class=\"ez-toc-section\" id=\"Regionalna_zracna_luka_Meridian_-_IATA_Kod_-_MEI\"><\/span><span style=\"color: #2a2a2a;\">Regionalna zra\u010dna luka Meridian<\/span> \u2013 IATA Kod \u2013 MEI<span class=\"ez-toc-section-end\"><\/span><\/h4>\n<ul>\n<li aria-level=\"1\">Poznata i kao: Zra\u010dna luka Key Field\u00a0<\/li>\n<li aria-level=\"1\">Gradovi u blizini: Meridian (6 km)<\/li>\n<li aria-level=\"1\">Zrakoplovni prijevoznici: American Eagle, United Express<\/li>\n<\/ul>\n<h4><span class=\"ez-toc-section\" id=\"Regionalna_zracna_luka_Hattiesburg-Laurel_-_IATA_Kod_-_PIB\"><\/span><span style=\"color: #2a2a2a;\">Regionalna zra\u010dna luka Hattiesburg\u2013Laurel<\/span> \u2013 IATA Kod \u2013 PIB<span class=\"ez-toc-section-end\"><\/span><\/h4>\n<ul>\n<li aria-level=\"1\">Poznata i kao: Airport City<\/li>\n<li aria-level=\"1\">Gradovi u blizini: Hattiesburg (17 km)<\/li>\n<li aria-level=\"1\">Zrakoplovni prijevoznici: American Eagle, United Express<\/li>\n<\/ul>\n<h4><span class=\"ez-toc-section\" id=\"Regionalna_zracna_luka_Mid_Delta_-_IATA_Kod_-_GLH\"><\/span><span style=\"color: #2a2a2a;\">Regionalna zra\u010dna luka Mid Delta<\/span> \u2013 IATA Kod \u2013 GLH<span class=\"ez-toc-section-end\"><\/span><\/h4>\n<ul>\n<li aria-level=\"1\">Poznata i kao: Zrakoplovna baza Greenville\u00a0<\/li>\n<li aria-level=\"1\">Gradovi u blizini: Greenville (9 km)<\/li>\n<li aria-level=\"1\">Zrakoplovni prijevoznici: Boutique Air<\/li>\n<\/ul>\n<h3><span class=\"ez-toc-section\" id=\"Zracne_luke_u_susjednim_saveznim_drzavama\"><\/span>Zra\u010dne luke u susjednim saveznim dr\u017eavama<span class=\"ez-toc-section-end\"><\/span><\/h3>\n<table>\n<tbody>\n<tr>\n<td style=\"text-align: center;\">\n<p>Zra\u010dne luke u Alabami<\/p>\n<\/td>\n<td style=\"text-align: center;\">\n<p>Zra\u010dne luke u Louisiani<\/p>\n<\/td>\n<\/tr>\n<tr>\n<td style=\"text-align: center;\">\n<p>Zra\u010dne luke u Arkansasu<\/p>\n<\/td>\n<td style=\"text-align: center;\">\n<p>Zra\u010dne luke u Tennesseeju<\/p>\n<\/td>\n<\/tr>\n<\/tbody>\n<\/table>\n<h3><span class=\"ez-toc-section\" id=\"Karta_zracnih_luka_u_Mississippiju\"><\/span>Karta zra\u010dnih luka u Mississippiju<span class=\"ez-toc-section-end\"><\/span><\/h3>\n\n\n<iframe src=\"https:\/\/www.google.com\/maps\/d\/u\/0\/embed?mid=1xS9CSjDccp1GZ-MoxYsIa8g2Dcl8_RdL\" width=\"640\" height=\"480\"><\/iframe>\n","protected":false},"excerpt":{"rendered":"<p>Mississippi je jedna od ameri\u010dkih saveznih dr\u017eava koje imaju samo male i nonhub zra\u010dne luke, prema klasifikaciji FAA-e. Na ovaj popis smo uvrstili i neke zra\u010dne luke op\u0107eg zrakoplovstva Mississippi koje obavljaju \u010darter i komercijalne letove. U Mississippiju postoje samo dvije zra\u010dne luke koje broje tek oko nekoliko tisu\u0107a putnika godi\u0161nje, te ih to ih [&hellip;]<\/p>\n<p><a class=\"more-link btn btn-primary\" href=\"https:\/\/traveling.com\/hr\/blog\/zracne-luke-u-mississippiju\/\"> Continue reading&#8230;<\/a><\/p>\n","protected":false},"author":1,"featured_media":0,"parent":0,"menu_order":0,"comment_status":"closed","ping_status":"closed","template":"","meta":[],"yoast_head":"<!-- This site is optimized with the Yoast SEO plugin v19.8 - https:\/\/yoast.com\/wordpress\/plugins\/seo\/ -->\n<title>Zra\u010dne luke u Mississipiju - IATA kodovi, karta i ostale informacije<\/title>\n<meta name=\"description\" content=\"Popis zra\u010dnih luka u saveznoj dr\u017eavi Mississipi, IATA kodovi, karta lokacija zra\u010dnih luka i broj putnika godi\u0161nje u zra\u010dnim lukama u Mississipi.\" \/>\n<meta name=\"robots\" content=\"index, follow, max-snippet:-1, max-image-preview:large, max-video-preview:-1\" \/>\n<link rel=\"canonical\" href=\"https:\/\/traveling.com\/hr\/blog\/zracne-luke-u-mississippiju\/\" \/>\n<meta property=\"og:locale\" content=\"hr_HR\" \/>\n<meta property=\"og:type\" content=\"article\" \/>\n<meta property=\"og:title\" content=\"Zra\u010dne luke u Mississipiju - IATA kodovi, karta i ostale informacije\" \/>\n<meta property=\"og:description\" content=\"Popis zra\u010dnih luka u saveznoj dr\u017eavi Mississipi, IATA kodovi, karta lokacija zra\u010dnih luka i broj putnika godi\u0161nje u zra\u010dnim lukama u Mississipi.\" \/>\n<meta property=\"og:url\" content=\"https:\/\/traveling.com\/hr\/blog\/zracne-luke-u-mississippiju\/\" \/>\n<meta property=\"og:site_name\" content=\"Traveling.com Blog\" \/>\n<meta property=\"article:modified_time\" content=\"2025-03-24T10:59:32+00:00\" \/>\n<meta name=\"twitter:card\" content=\"summary_large_image\" \/>\n<meta name=\"twitter:label1\" content=\"Est. reading time\" \/>\n\t<meta name=\"twitter:data1\" content=\"1 minute\" \/>\n<script type=\"application\/ld+json\" class=\"yoast-schema-graph\">{\"@context\":\"https:\/\/schema.org\",\"@graph\":[{\"@type\":\"WebPage\",\"@id\":\"https:\/\/traveling.com\/hr\/blog\/zracne-luke-u-mississippiju\/\",\"url\":\"https:\/\/traveling.com\/hr\/blog\/zracne-luke-u-mississippiju\/\",\"name\":\"Zra\u010dne luke u Mississipiju - IATA kodovi, karta i ostale informacije\",\"isPartOf\":{\"@id\":\"https:\/\/traveling.com\/hr\/blog\/#website\"},\"datePublished\":\"2021-09-09T07:00:00+00:00\",\"dateModified\":\"2025-03-24T10:59:32+00:00\",\"description\":\"Popis zra\u010dnih luka u saveznoj dr\u017eavi Mississipi, IATA kodovi, karta lokacija zra\u010dnih luka i broj putnika godi\u0161nje u zra\u010dnim lukama u Mississipi.\",\"breadcrumb\":{\"@id\":\"https:\/\/traveling.com\/hr\/blog\/zracne-luke-u-mississippiju\/#breadcrumb\"},\"inLanguage\":\"hr\",\"potentialAction\":[{\"@type\":\"ReadAction\",\"target\":[\"https:\/\/traveling.com\/hr\/blog\/zracne-luke-u-mississippiju\/\"]}]},{\"@type\":\"BreadcrumbList\",\"@id\":\"https:\/\/traveling.com\/hr\/blog\/zracne-luke-u-mississippiju\/#breadcrumb\",\"itemListElement\":[{\"@type\":\"ListItem\",\"position\":1,\"name\":\"Home\",\"item\":\"https:\/\/traveling.com\/hr\/blog\/\"},{\"@type\":\"ListItem\",\"position\":2,\"name\":\"Zra\u010dne luke u Mississippiju\"}]},{\"@type\":\"WebSite\",\"@id\":\"https:\/\/traveling.com\/hr\/blog\/#website\",\"url\":\"https:\/\/traveling.com\/hr\/blog\/\",\"name\":\"Traveling.com Blog\",\"description\":\"Tvoj najbolji vodi\u010d na putovanju\",\"potentialAction\":[{\"@type\":\"SearchAction\",\"target\":{\"@type\":\"EntryPoint\",\"urlTemplate\":\"https:\/\/traveling.com\/hr\/blog\/?s={search_term_string}\"},\"query-input\":\"required name=search_term_string\"}],\"inLanguage\":\"hr\"}]}<\/script>\n<!-- \/ Yoast SEO plugin. -->","yoast_head_json":{"title":"Zra\u010dne luke u Mississipiju - IATA kodovi, karta i ostale informacije","description":"Popis zra\u010dnih luka u saveznoj dr\u017eavi Mississipi, IATA kodovi, karta lokacija zra\u010dnih luka i broj putnika godi\u0161nje u zra\u010dnim lukama u Mississipi.","robots":{"index":"index","follow":"follow","max-snippet":"max-snippet:-1","max-image-preview":"max-image-preview:large","max-video-preview":"max-video-preview:-1"},"canonical":"https:\/\/traveling.com\/hr\/blog\/zracne-luke-u-mississippiju\/","og_locale":"hr_HR","og_type":"article","og_title":"Zra\u010dne luke u Mississipiju - IATA kodovi, karta i ostale informacije","og_description":"Popis zra\u010dnih luka u saveznoj dr\u017eavi Mississipi, IATA kodovi, karta lokacija zra\u010dnih luka i broj putnika godi\u0161nje u zra\u010dnim lukama u Mississipi.","og_url":"https:\/\/traveling.com\/hr\/blog\/zracne-luke-u-mississippiju\/","og_site_name":"Traveling.com Blog","article_modified_time":"2025-03-24T10:59:32+00:00","twitter_card":"summary_large_image","twitter_misc":{"Est. reading time":"1 minute"},"schema":{"@context":"https:\/\/schema.org","@graph":[{"@type":"WebPage","@id":"https:\/\/traveling.com\/hr\/blog\/zracne-luke-u-mississippiju\/","url":"https:\/\/traveling.com\/hr\/blog\/zracne-luke-u-mississippiju\/","name":"Zra\u010dne luke u Mississipiju - IATA kodovi, karta i ostale informacije","isPartOf":{"@id":"https:\/\/traveling.com\/hr\/blog\/#website"},"datePublished":"2021-09-09T07:00:00+00:00","dateModified":"2025-03-24T10:59:32+00:00","description":"Popis zra\u010dnih luka u saveznoj dr\u017eavi Mississipi, IATA kodovi, karta lokacija zra\u010dnih luka i broj putnika godi\u0161nje u zra\u010dnim lukama u Mississipi.","breadcrumb":{"@id":"https:\/\/traveling.com\/hr\/blog\/zracne-luke-u-mississippiju\/#breadcrumb"},"inLanguage":"hr","potentialAction":[{"@type":"ReadAction","target":["https:\/\/traveling.com\/hr\/blog\/zracne-luke-u-mississippiju\/"]}]},{"@type":"BreadcrumbList","@id":"https:\/\/traveling.com\/hr\/blog\/zracne-luke-u-mississippiju\/#breadcrumb","itemListElement":[{"@type":"ListItem","position":1,"name":"Home","item":"https:\/\/traveling.com\/hr\/blog\/"},{"@type":"ListItem","position":2,"name":"Zra\u010dne luke u Mississippiju"}]},{"@type":"WebSite","@id":"https:\/\/traveling.com\/hr\/blog\/#website","url":"https:\/\/traveling.com\/hr\/blog\/","name":"Traveling.com Blog","description":"Tvoj najbolji vodi\u010d na putovanju","potentialAction":[{"@type":"SearchAction","target":{"@type":"EntryPoint","urlTemplate":"https:\/\/traveling.com\/hr\/blog\/?s={search_term_string}"},"query-input":"required name=search_term_string"}],"inLanguage":"hr"}]}},"_links":{"self":[{"href":"https:\/\/traveling.com\/hr\/blog\/wp-json\/wp\/v2\/pages\/11387"}],"collection":[{"href":"https:\/\/traveling.com\/hr\/blog\/wp-json\/wp\/v2\/pages"}],"about":[{"href":"https:\/\/traveling.com\/hr\/blog\/wp-json\/wp\/v2\/types\/page"}],"author":[{"embeddable":true,"href":"https:\/\/traveling.com\/hr\/blog\/wp-json\/wp\/v2\/users\/1"}],"replies":[{"embeddable":true,"href":"https:\/\/traveling.com\/hr\/blog\/wp-json\/wp\/v2\/comments?post=11387"}],"version-history":[{"count":2,"href":"https:\/\/traveling.com\/hr\/blog\/wp-json\/wp\/v2\/pages\/11387\/revisions"}],"predecessor-version":[{"id":11389,"href":"https:\/\/traveling.com\/hr\/blog\/wp-json\/wp\/v2\/pages\/11387\/revisions\/11389"}],"wp:attachment":[{"href":"https:\/\/traveling.com\/hr\/blog\/wp-json\/wp\/v2\/media?parent=11387"}],"curies":[{"name":"wp","href":"https:\/\/api.w.org\/{rel}","templated":true}]}}