{"id":11438,"date":"2021-09-14T09:00:50","date_gmt":"2021-09-14T07:00:50","guid":{"rendered":"https:\/\/getbybus.com\/hr\/blog\/?page_id=11438"},"modified":"2025-03-24T12:59:34","modified_gmt":"2025-03-24T10:59:34","slug":"zracne-luke-nova-skotska","status":"publish","type":"page","link":"https:\/\/traveling.com\/hr\/blog\/zracne-luke-nova-skotska\/","title":{"rendered":"Zra\u010dne luke u Novoj \u0160kotskoj"},"content":{"rendered":"<p>Samo dvije zra\u010dne luke u Novoj \u0160kotskoj nude redovne komercijalne letove. Zajedno kroz te dvije zra\u010dne godi\u0161nje luke pro\u0111e oko 4 milijuna putnika. Me\u0111utim, svi glavni zrakoplovni prijevoznici nude letove do zra\u010dnih luka tijekom cijele godine. Na kraju objave smo uklju\u010dili i kartu zra\u010dnih luka u Novoj \u0160kotskoj kako bismo vam pomogli vizualizirati gdje se nalazi pojedina zra\u010dna luka.<\/p>\n<h3><span class=\"ez-toc-section\" id=\"Popis_zracnih_luka\"><\/span>Popis zra\u010dnih luka<span class=\"ez-toc-section-end\"><\/span><\/h3>\n<h4><span class=\"ez-toc-section\" id=\"Zracna_luka_Halifax_Stanfield_-_IATA_Kod_-_YHZ_-_43_M_Putnika\"><\/span><span style=\"color: #2a2a2a;\">Zra\u010dna luka Halifax Stanfield<\/span> \u2013 IATA Kod \u2013 YHZ \u2013 (~ 4.3 M Putnika)<span class=\"ez-toc-section-end\"><\/span><\/h4>\n<p>Zra\u010dna luka Halifax Stanfield Int. osma je najprometnija zra\u010dna luka u Kanadi te najva\u017enija zra\u010dna luka u Novoj \u0160kotskoj. Nalazi se oko 30 km sjeveroisto\u010dno od Halifaxa i 28 km od Dartmoutha. Slu\u017ei kao sredi\u0161te za Air Canada Express, PAL Airlines, ujedno i oko 15 drugih zrakoplovnih prijevoznika obavlja redovne letove iz zra\u010dne luke. Uz velik broj doma\u0107ih letova, tijekom ljetne sezone u ponudi su je i zna\u010dajan broj me\u0111unarodnih linija. Iz zra\u010dne luke postoje<a href=\"https:\/\/Traveling.com\/hr\/autobus-halifax-zracna-luka-ns-do-halifax-ns\"> autobusne linije za Halifax<\/a>, <a href=\"https:\/\/Traveling.com\/hr\/autobus-halifax-zracna-luka-ns-do-dartmouth-ns\">Dartmouth <\/a>i druge gradove u Novoj \u0160kotskoj.<\/p>\n<h4><span class=\"ez-toc-section\" id=\"Zracna_luka_JA_Douglas_McCurdy_Sydney_-_IATA_Kod_-_YQY_-_02_M_Putnika\"><\/span><span style=\"color: #2a2a2a;\">Zra\u010dna luka JA Douglas McCurdy Sydney<\/span> \u2013 IATA Kod \u2013 YQY \u2013 (~ 0.2 M Putnika)<span class=\"ez-toc-section-end\"><\/span><\/h4>\n<p>Zra\u010dna luka Sydney druga je najva\u017enija zra\u010dna luka u Novoj \u0160kotskoj, a uglavnom slu\u017ei kao &#8220;dovodna&#8221; zra\u010dna luka za Zra\u010dnu luku Halifax Stanfield i Toronto \u2013 Pearson. Nalazi se 13 km sjeveroisto\u010dno od Sydneya i 9 km zapadno od Glace Baya. Redovne letove iz zra\u010dne luke obavljaju Air Canada Express, WestJet i WestJet Encore.<\/p>\n<h3><span class=\"ez-toc-section\" id=\"Zracne_luke_u_susjednim_provincijama\"><\/span>Zra\u010dne luke u susjednim provincijama<span class=\"ez-toc-section-end\"><\/span><\/h3>\n<table>\n<tbody>\n<tr>\n<td style=\"text-align: center;\">\n<p>Zra\u010dne luke u Novom Brunswicku<\/p>\n<\/td>\n<td style=\"text-align: center;\">\n<p>Zra\u010dne luke na Otoku Princa Edwarda<\/p>\n<\/td>\n<\/tr>\n<\/tbody>\n<\/table>\n<h3><span class=\"ez-toc-section\" id=\"Karta_zracnih_luka_u_Novoj_Skotskoj\"><\/span>Karta zra\u010dnih luka u Novoj \u0160kotskoj<span class=\"ez-toc-section-end\"><\/span><\/h3>\n\n\n<iframe src=\"https:\/\/www.google.com\/maps\/d\/u\/0\/embed?mid=1EV2_mBCwVLImREx_caF2FY2-5tjnVrYG\" width=\"640\" height=\"480\"><\/iframe>\n","protected":false},"excerpt":{"rendered":"<p>Samo dvije zra\u010dne luke u Novoj \u0160kotskoj nude redovne komercijalne letove. Zajedno kroz te dvije zra\u010dne godi\u0161nje luke pro\u0111e oko 4 milijuna putnika. Me\u0111utim, svi glavni zrakoplovni prijevoznici nude letove do zra\u010dnih luka tijekom cijele godine. Na kraju objave smo uklju\u010dili i kartu zra\u010dnih luka u Novoj \u0160kotskoj kako bismo vam pomogli vizualizirati gdje se [&hellip;]<\/p>\n<p><a class=\"more-link btn btn-primary\" href=\"https:\/\/traveling.com\/hr\/blog\/zracne-luke-nova-skotska\/\"> Continue reading&#8230;<\/a><\/p>\n","protected":false},"author":1,"featured_media":0,"parent":0,"menu_order":0,"comment_status":"closed","ping_status":"closed","template":"","meta":[],"yoast_head":"<!-- This site is optimized with the Yoast SEO plugin v19.8 - https:\/\/yoast.com\/wordpress\/plugins\/seo\/ -->\n<title>Zra\u010dne luke u Novoj \u0160kotskoj - IATA kodovi i ostale informacije<\/title>\n<meta name=\"description\" content=\"Popis zra\u010dnih luka u u Novoj \u0160kotskoj, broj putnika godi\u0161nje, IATA kodovi, karta me\u0111unarodnih i doma\u0107ih zra\u010dnih luka u Novoj \u0160kotskoj.\" \/>\n<meta name=\"robots\" content=\"index, follow, max-snippet:-1, max-image-preview:large, max-video-preview:-1\" \/>\n<link rel=\"canonical\" href=\"https:\/\/traveling.com\/hr\/blog\/zracne-luke-nova-skotska\/\" \/>\n<meta property=\"og:locale\" content=\"hr_HR\" \/>\n<meta property=\"og:type\" content=\"article\" \/>\n<meta property=\"og:title\" content=\"Zra\u010dne luke u Novoj \u0160kotskoj - IATA kodovi i ostale informacije\" \/>\n<meta property=\"og:description\" content=\"Popis zra\u010dnih luka u u Novoj \u0160kotskoj, broj putnika godi\u0161nje, IATA kodovi, karta me\u0111unarodnih i doma\u0107ih zra\u010dnih luka u Novoj \u0160kotskoj.\" \/>\n<meta property=\"og:url\" content=\"https:\/\/traveling.com\/hr\/blog\/zracne-luke-nova-skotska\/\" \/>\n<meta property=\"og:site_name\" content=\"Traveling.com Blog\" \/>\n<meta property=\"article:modified_time\" content=\"2025-03-24T10:59:34+00:00\" \/>\n<meta name=\"twitter:card\" content=\"summary_large_image\" \/>\n<meta name=\"twitter:label1\" content=\"Est. reading time\" \/>\n\t<meta name=\"twitter:data1\" content=\"1 minute\" \/>\n<script type=\"application\/ld+json\" class=\"yoast-schema-graph\">{\"@context\":\"https:\/\/schema.org\",\"@graph\":[{\"@type\":\"WebPage\",\"@id\":\"https:\/\/traveling.com\/hr\/blog\/zracne-luke-nova-skotska\/\",\"url\":\"https:\/\/traveling.com\/hr\/blog\/zracne-luke-nova-skotska\/\",\"name\":\"Zra\u010dne luke u Novoj \u0160kotskoj - IATA kodovi i ostale informacije\",\"isPartOf\":{\"@id\":\"https:\/\/traveling.com\/hr\/blog\/#website\"},\"datePublished\":\"2021-09-14T07:00:50+00:00\",\"dateModified\":\"2025-03-24T10:59:34+00:00\",\"description\":\"Popis zra\u010dnih luka u u Novoj \u0160kotskoj, broj putnika godi\u0161nje, IATA kodovi, karta me\u0111unarodnih i doma\u0107ih zra\u010dnih luka u Novoj \u0160kotskoj.\",\"breadcrumb\":{\"@id\":\"https:\/\/traveling.com\/hr\/blog\/zracne-luke-nova-skotska\/#breadcrumb\"},\"inLanguage\":\"hr\",\"potentialAction\":[{\"@type\":\"ReadAction\",\"target\":[\"https:\/\/traveling.com\/hr\/blog\/zracne-luke-nova-skotska\/\"]}]},{\"@type\":\"BreadcrumbList\",\"@id\":\"https:\/\/traveling.com\/hr\/blog\/zracne-luke-nova-skotska\/#breadcrumb\",\"itemListElement\":[{\"@type\":\"ListItem\",\"position\":1,\"name\":\"Home\",\"item\":\"https:\/\/traveling.com\/hr\/blog\/\"},{\"@type\":\"ListItem\",\"position\":2,\"name\":\"Zra\u010dne luke u Novoj \u0160kotskoj\"}]},{\"@type\":\"WebSite\",\"@id\":\"https:\/\/traveling.com\/hr\/blog\/#website\",\"url\":\"https:\/\/traveling.com\/hr\/blog\/\",\"name\":\"Traveling.com Blog\",\"description\":\"Tvoj najbolji vodi\u010d na putovanju\",\"potentialAction\":[{\"@type\":\"SearchAction\",\"target\":{\"@type\":\"EntryPoint\",\"urlTemplate\":\"https:\/\/traveling.com\/hr\/blog\/?s={search_term_string}\"},\"query-input\":\"required name=search_term_string\"}],\"inLanguage\":\"hr\"}]}<\/script>\n<!-- \/ Yoast SEO plugin. -->","yoast_head_json":{"title":"Zra\u010dne luke u Novoj \u0160kotskoj - IATA kodovi i ostale informacije","description":"Popis zra\u010dnih luka u u Novoj \u0160kotskoj, broj putnika godi\u0161nje, IATA kodovi, karta me\u0111unarodnih i doma\u0107ih zra\u010dnih luka u Novoj \u0160kotskoj.","robots":{"index":"index","follow":"follow","max-snippet":"max-snippet:-1","max-image-preview":"max-image-preview:large","max-video-preview":"max-video-preview:-1"},"canonical":"https:\/\/traveling.com\/hr\/blog\/zracne-luke-nova-skotska\/","og_locale":"hr_HR","og_type":"article","og_title":"Zra\u010dne luke u Novoj \u0160kotskoj - IATA kodovi i ostale informacije","og_description":"Popis zra\u010dnih luka u u Novoj \u0160kotskoj, broj putnika godi\u0161nje, IATA kodovi, karta me\u0111unarodnih i doma\u0107ih zra\u010dnih luka u Novoj \u0160kotskoj.","og_url":"https:\/\/traveling.com\/hr\/blog\/zracne-luke-nova-skotska\/","og_site_name":"Traveling.com Blog","article_modified_time":"2025-03-24T10:59:34+00:00","twitter_card":"summary_large_image","twitter_misc":{"Est. reading time":"1 minute"},"schema":{"@context":"https:\/\/schema.org","@graph":[{"@type":"WebPage","@id":"https:\/\/traveling.com\/hr\/blog\/zracne-luke-nova-skotska\/","url":"https:\/\/traveling.com\/hr\/blog\/zracne-luke-nova-skotska\/","name":"Zra\u010dne luke u Novoj \u0160kotskoj - IATA kodovi i ostale informacije","isPartOf":{"@id":"https:\/\/traveling.com\/hr\/blog\/#website"},"datePublished":"2021-09-14T07:00:50+00:00","dateModified":"2025-03-24T10:59:34+00:00","description":"Popis zra\u010dnih luka u u Novoj \u0160kotskoj, broj putnika godi\u0161nje, IATA kodovi, karta me\u0111unarodnih i doma\u0107ih zra\u010dnih luka u Novoj \u0160kotskoj.","breadcrumb":{"@id":"https:\/\/traveling.com\/hr\/blog\/zracne-luke-nova-skotska\/#breadcrumb"},"inLanguage":"hr","potentialAction":[{"@type":"ReadAction","target":["https:\/\/traveling.com\/hr\/blog\/zracne-luke-nova-skotska\/"]}]},{"@type":"BreadcrumbList","@id":"https:\/\/traveling.com\/hr\/blog\/zracne-luke-nova-skotska\/#breadcrumb","itemListElement":[{"@type":"ListItem","position":1,"name":"Home","item":"https:\/\/traveling.com\/hr\/blog\/"},{"@type":"ListItem","position":2,"name":"Zra\u010dne luke u Novoj \u0160kotskoj"}]},{"@type":"WebSite","@id":"https:\/\/traveling.com\/hr\/blog\/#website","url":"https:\/\/traveling.com\/hr\/blog\/","name":"Traveling.com Blog","description":"Tvoj najbolji vodi\u010d na putovanju","potentialAction":[{"@type":"SearchAction","target":{"@type":"EntryPoint","urlTemplate":"https:\/\/traveling.com\/hr\/blog\/?s={search_term_string}"},"query-input":"required name=search_term_string"}],"inLanguage":"hr"}]}},"_links":{"self":[{"href":"https:\/\/traveling.com\/hr\/blog\/wp-json\/wp\/v2\/pages\/11438"}],"collection":[{"href":"https:\/\/traveling.com\/hr\/blog\/wp-json\/wp\/v2\/pages"}],"about":[{"href":"https:\/\/traveling.com\/hr\/blog\/wp-json\/wp\/v2\/types\/page"}],"author":[{"embeddable":true,"href":"https:\/\/traveling.com\/hr\/blog\/wp-json\/wp\/v2\/users\/1"}],"replies":[{"embeddable":true,"href":"https:\/\/traveling.com\/hr\/blog\/wp-json\/wp\/v2\/comments?post=11438"}],"version-history":[{"count":1,"href":"https:\/\/traveling.com\/hr\/blog\/wp-json\/wp\/v2\/pages\/11438\/revisions"}],"predecessor-version":[{"id":11439,"href":"https:\/\/traveling.com\/hr\/blog\/wp-json\/wp\/v2\/pages\/11438\/revisions\/11439"}],"wp:attachment":[{"href":"https:\/\/traveling.com\/hr\/blog\/wp-json\/wp\/v2\/media?parent=11438"}],"curies":[{"name":"wp","href":"https:\/\/api.w.org\/{rel}","templated":true}]}}