{"id":154,"date":"2015-08-01T08:23:10","date_gmt":"2015-08-01T08:23:10","guid":{"rendered":"https:\/\/getbybus.com\/hr\/blog\/?page_id=154"},"modified":"2025-03-30T22:13:15","modified_gmt":"2025-03-30T20:13:15","slug":"kupovina-povratne-karte","status":"publish","type":"page","link":"https:\/\/traveling.com\/hr\/blog\/kupovina-povratne-karte\/","title":{"rendered":"Kupnja povratne karte"},"content":{"rendered":"\n<p>Hej! Drago nam je \u0161to si tu. Idemo putovati?\u00a0Kupnja povratne karte na Traveling.com je stvarno jednostavna, ali imamo nekoliko savjeta koji \u0107e ti olak\u0161ati cijeli proces:<\/p>\n\n\n\n<div id=\"ez-toc-container\" class=\"ez-toc-v2_0_34 counter-hierarchy ez-toc-counter ez-toc-container-direction\">\n<div class=\"ez-toc-title-container\">\n<p class=\"ez-toc-title\">Sadr\u017eaj<\/p>\n<span class=\"ez-toc-title-toggle\"><\/span><\/div>\n<nav><ul class='ez-toc-list ez-toc-list-level-1'><li class='ez-toc-page-1 ez-toc-heading-level-2'><a class=\"ez-toc-link ez-toc-heading-1\" href=\"https:\/\/traveling.com\/hr\/blog\/kupovina-povratne-karte\/#Krenimo\" title=\"Krenimo!\">Krenimo!<\/a><\/li><li class='ez-toc-page-1 ez-toc-heading-level-2'><a class=\"ez-toc-link ez-toc-heading-2\" href=\"https:\/\/traveling.com\/hr\/blog\/kupovina-povratne-karte\/#Odaberi_svoju_rutu\" title=\"Odaberi svoju rutu\">Odaberi svoju rutu<\/a><\/li><li class='ez-toc-page-1 ez-toc-heading-level-2'><a class=\"ez-toc-link ez-toc-heading-3\" href=\"https:\/\/traveling.com\/hr\/blog\/kupovina-povratne-karte\/#Prijavi_se_Registriraj_se\" title=\"Prijavi se \/ Registriraj se\">Prijavi se \/ Registriraj se<\/a><\/li><li class='ez-toc-page-1 ez-toc-heading-level-2'><a class=\"ez-toc-link ez-toc-heading-4\" href=\"https:\/\/traveling.com\/hr\/blog\/kupovina-povratne-karte\/#Detalji_putnika\" title=\"Detalji putnika\">Detalji putnika<\/a><\/li><li class='ez-toc-page-1 ez-toc-heading-level-2'><a class=\"ez-toc-link ez-toc-heading-5\" href=\"https:\/\/traveling.com\/hr\/blog\/kupovina-povratne-karte\/#Pregled_putovanja_i_placanje\" title=\"Pregled putovanja i pla\u0107anje\">Pregled putovanja i pla\u0107anje<\/a><\/li><li class='ez-toc-page-1 ez-toc-heading-level-2'><a class=\"ez-toc-link ez-toc-heading-6\" href=\"https:\/\/traveling.com\/hr\/blog\/kupovina-povratne-karte\/#Sto_se_dogada_ako_rute_nisu_dostupne\" title=\"\u0160to se doga\u0111a ako rute nisu dostupne?\">\u0160to se doga\u0111a ako rute nisu dostupne?<\/a><\/li><\/ul><\/nav><\/div>\n<h2><span class=\"ez-toc-section\" id=\"Krenimo\"><\/span>Krenimo!<span class=\"ez-toc-section-end\"><\/span><\/h2>\n\n\n\n<p>Evo, stigao si na na\u0161u stranicu i \u017eeli\u0161 putovati. Prvi korak?<\/p>\n\n\n\n<p>Ispred sebe \u0107e\u0161 vidjeti jednostavan okvir za pretra\u017eivanje. Samo upi\u0161i mjesto polaska, odredi\u0161te i datume za odlazak i povratak. To je to \u2014 jednostavno, zar ne?<\/p>\n\n\n\n<p><img decoding=\"async\" width=\"624\" height=\"451.0315001869242\" src=\"https:\/\/lh7-rt.googleusercontent.com\/docsz\/AD_4nXfPII86AHvHNf1u3TJBrATHymFk-oU0CSkPZnrXnr3pAXlQa0jOCB_ldDq6vHwdeoua18aYB8xfG6DNcgz8xVJi8dVFKWH5caeobS7_DFkVyypReh1ehhC9QS3VHyU8I35zik_E0Q?key=eihXHi8P8A30s-AJJpKGNbpo\"><\/p>\n\n\n\n<p>Malo upozorenje \u2014 ovaj vodi\u010d obja\u0161njava kako izgleda kupnja povratne karte. Ako \u017eeli\u0161 rezervirati kartu u jednom smjeru, e to je ve\u0107 druga pri\u010da: u tom slu\u010daju pogledaj na\u0161 <a href=\"https:\/\/traveling.com\/hr\/blog\/kupnja-jednosmjerne-karte\/\">vodi\u010d za kupnju jednosmjerne karte<\/a>!<\/p>\n\n\n\n<p>Nakon \u0161to popuni\u0161 sva polja, odaberi broj putnika \u2014 i hej, ne osu\u0111ujemo ako putuje\u0161 solo! Kada klikne\u0161 na opciju \u201eputnici\u201c, kao \u0161to je prikazano na slici gore, vidjet \u0107e\u0161 dodatne kategorije s popustima.<\/p>\n\n\n\n<p>Klikni na<strong> \u201ePretra\u017ei\u201c<\/strong> i prelazi\u0161 na sljede\u0107i korak!<\/p>\n\n\n\n<h2><span class=\"ez-toc-section\" id=\"Odaberi_svoju_rutu\"><\/span>Odaberi svoju rutu<span class=\"ez-toc-section-end\"><\/span><\/h2>\n\n\n\n<p>Ako je sve odra\u0111eno kako treba, tvoj ekran bi trebao izgledati ovako:<\/p>\n\n\n\n<p><img decoding=\"async\" width=\"624\" height=\"451\" src=\"https:\/\/lh7-rt.googleusercontent.com\/docsz\/AD_4nXeD4UmENjanxsALwb0yMecX7GtpCxvlm-bA2jZo1aA17R82C8uP1zrvjcIlML9vl5JOurJ38QxY2zwFdWO5Uid3Kq43LWmrkD7VY7I8mgGrtIdmgMhOsguWpMoo483iRQ2GOxO5Fg?key=eihXHi8P8A30s-AJJpKGNbpo\"><\/p>\n\n\n\n<p>Vidjet \u0107e\u0161 popis svih dostupnih polazaka za odabranu rutu i datum.<\/p>\n\n\n\n<p>Kliknuo\/la si pogre\u0161nu opciju? Bez brige, lako mo\u017ee\u0161 promijeniti datum putovanja putem trake za brzi odabir datuma ili promijeniti rutu pomo\u0107u tra\u017eilice na vrhu ekrana.<\/p>\n\n\n\n<p>Kada klikne\u0161 na odabranu rutu, prikazat \u0107e ti se dodatni detalji \u2014 vrijeme polaska, trajanje vo\u017enje, stajali\u0161ta (ako ih ima), te format karte koji treba\u0161 pri ulasku u autobus.<br>Svi najva\u017eniji podaci na jednom mjestu!<\/p>\n\n\n\n<p>Nakon \u0161to odabere\u0161 prvu rutu, sljede\u0107i korak je odabrati onu za povratak.<\/p>\n\n\n\n<p><img decoding=\"async\" width=\"624\" height=\"451\" src=\"https:\/\/lh7-rt.googleusercontent.com\/docsz\/AD_4nXeRAM9_MMcxygCvrOe-g8_HAXrnsgohkh_JyYAdVkfiVhUDwZm1ZSo4doRdRf4LmgDMPDblpuHMDWQkFsCmnikvnC2XmUAK1QWRCbaBhpNf2uB1oHBtD_Gtbuhu0MnGIE5H4HJM?key=eihXHi8P8A30s-AJJpKGNbpo\"><\/p>\n\n\n\n<p>Ako pa\u017eljivo pogleda\u0161, primijetit \u0107e\u0161 da su imena nekih autobusnih kompanija u crnoj boji, dok je ona koju si odabrao\/la za svoju polaznu vo\u017enju u ljubi\u010dastoj. To je zato \u0161to ti rezervacija obje vo\u017enje s istom kompanijom daje popust. Genijalno, zar ne?<br><\/p>\n\n\n\n<p><strong>Napomena: Ve\u0107ina autobusa polazi s glavne autobusne stanice<\/strong>, ali ako to nije slu\u010daj, nema brige \u2014 sve posebne stanice bit \u0107e navedene zajedno s ostalim informacijama.Kada prona\u0111e\u0161 savr\u0161enu rutu, samo klikni na <strong>\u201eKupi kartu\u201c<\/strong> i bit \u0107e\u0161 preusmjeren na sljede\u0107i korak.<\/p>\n\n\n\n<h2><span class=\"ez-toc-section\" id=\"Prijavi_se_Registriraj_se\"><\/span>Prijavi se \/ Registriraj se<span class=\"ez-toc-section-end\"><\/span><\/h2>\n\n\n\n<p>Ovo je klasi\u010dan korak za koji nam trebaju samo osnovne informacije o tebi \u2014 ime, prezime, e-mail i broj telefona \u2014 kako bismo te obavijestili ako se ne\u0161to promijeni u vezi s tvojim putovanjem.<\/p>\n\n\n\n<p><img decoding=\"async\" width=\"624\" height=\"451\" src=\"https:\/\/lh7-rt.googleusercontent.com\/docsz\/AD_4nXc08TvDvqlT3NbcXNfe2nAsfv0edKO5UIts8ec2BvEKgvjm1bhJ4HzEtmzeKfqHNUF71Jm-xT2Y2t9QSa4GA9M0gjELu8UJhosIRSnYX30qxNKqFh8eRBXVpuKeik-lErr53rY9?key=eihXHi8P8A30s-AJJpKGNbpo\"><\/p>\n\n\n\n<p>Prije nego \u0161to kupi\u0161 kartu na Traveling.com, mora\u0161 se <strong>prijaviti<\/strong>. Ako ve\u0107 ima\u0161 ra\u010dun, e-mail i lozinka bit \u0107e dovoljni.<\/p>\n\n\n\n<p>Ako si novi ovdje, bez brige \u2014 registracija je brza i jednostavna. Trebat \u0107e nam tvoje ime, prezime, e-mail i lozinka. Slijedi korake, i tvoje putovanje je spremno za \u010das!<\/p>\n\n\n\n<p><img decoding=\"async\" width=\"624\" height=\"535.189462363728\" src=\"https:\/\/lh7-rt.googleusercontent.com\/docsz\/AD_4nXcl1uFwCjogNeChfbyz0ydz4i03JRP_LByGyP6UAue2W27VffhyjfPTvn3-35ZwfNxp4DMtQ-bidDyhQluekXaZH3DOaaDPkwV-eEpOeOWzWo3mg1E9aJmYwKmwgZjIb-wLvZTa?key=eihXHi8P8A30s-AJJpKGNbpo\"><\/p>\n\n\n\n<p>Ime koje unese\u0161 prilikom registracije automatski \u0107e biti dodano kao prvi putnik na bilo kojoj karti koju kupi\u0161 \u2014 ali to mo\u017ee\u0161 naknadno promijeniti ako bude potrebno.<\/p>\n\n\n\n<h2><span class=\"ez-toc-section\" id=\"Detalji_putnika\"><\/span>Detalji putnika<span class=\"ez-toc-section-end\"><\/span><\/h2>\n\n\n\n<p>Sada se vrati na popunjavanje ostatka informacija. Ako ima\u0161 kod za popust, unesi ga u ozna\u010deno polje kako bi se primjenio popust.<\/p>\n\n\n\n<p>Tako\u0111er mo\u017ee\u0161 dodati nekoliko ekstra opcija kako bi tvoje putovanje bilo jo\u0161 ugodnije \u2014 premium korisni\u010dku podr\u0161ku, SMS podsjetnik ili fleksibilne otkazne opcije ako treba\u0161 promijeniti svoje planove u zadnji tren. Vidi\u0161 da mislimo na sve.<\/p>\n\n\n\n<p><strong>Vidi\u0161 li onaj zeleni gumb za recenziju s desne strane?<\/strong><strong><br><\/strong>Nakon tvog putovanja voljeli bismo \u010duti dojmove! Javi nam je li rezervacija bila jednostavna i je li putovanje pro\u0161lo bez problema. Tvoja recenzija puno nam zna\u010di \u2014 ali hej, ako stvarno \u017eeli\u0161 isklju\u010diti taj gumb, poku\u0161at \u0107emo to ne shvatiti<em> previ\u0161e<\/em> osobno (ne obe\u0107ajemo ni\u0161ta).<\/p>\n\n\n\n<p><strong>A kad smo ve\u0107 kod zelenih detalja&#8230;<\/strong><br>Primijetit \u0107e\u0161 timer u gornjem desnom kutu, \u0161to zna\u010di da su tvoje karte rezervirane na ograni\u010deno vrijeme. Kad timer stigne do 00:00, karte vi\u0161e nisu tvoje &#8211; postaju ponovno dostupne kako bi ih drugi putnici mogli kupiti. Ukratko: ako \u017eeli\u0161 te karte, kupi ih prije nego istekne vrijeme!<\/p>\n\n\n\n<p>Prije nego finalizira\u0161 svoju kupnju i klikne\u0161 na <strong>\u201cPotvrdi &amp; Plati\u201d<\/strong>, vidjet \u0107e\u0161 dvije ku\u0107ice za potvrdu:<\/p>\n\n\n\n<p><img decoding=\"async\" width=\"596.0930232558139\" height=\"95.85517165250027\" src=\"https:\/\/lh7-rt.googleusercontent.com\/docsz\/AD_4nXewD3SK7w7Egb4C3ixni-VEx6I6Vo52BHkMunas6S1Io6taGz0rf0VcfgS4XjEiNqVoHujFhOjgMOCyobgmMcW8EV60OC518iUgBNuEAQmURhwlQXvnDQryVSPqENBBDupA7ioRMw?key=eihXHi8P8A30s-AJJpKGNbpo\"><\/p>\n\n\n\n<p>Klikni na one koje vrijede za tebe i spremni smo \u2013 jednostavno, zar ne?<\/p>\n\n\n\n<h2><span class=\"ez-toc-section\" id=\"Pregled_putovanja_i_placanje\"><\/span>Pregled putovanja i pla\u0107anje<span class=\"ez-toc-section-end\"><\/span><\/h2>\n\n\n\n<p>Nakon prijave, vidjet \u0107e\u0161 jasno pregled putovanja \u2014 \u0161to si rezervirao\/la, detalje polaska i ukupnu cijenu. Zatim samo nadodaj podatke o kreditnoj kartici, i to je to!<\/p>\n\n\n\n<p>Ako sve izgleda dobro, vrijeme je da zavr\u0161i\u0161 s pla\u0107anjem.<\/p>\n\n\n\n<p><img decoding=\"async\" width=\"624\" height=\"433\" src=\"https:\/\/lh7-rt.googleusercontent.com\/docsz\/AD_4nXeLDZWh4JO8i26IzmX7CDagljVGbP5aGJt1KURNHT-dqJ_kL__2CZ0lbTkK4Rhr_ZQqtH5L_2DCOq0kiRH-Vl4BiIqphknMXqfQ42dZhfIJ0fa0eUL-jS_fZ8d9l_Ow9S2mK3ccNQ?key=eihXHi8P8A30s-AJJpKGNbpo\"><\/p>\n\n\n\n<p><strong>3D Secure autentifikacija<\/strong> dodaje dodatni sloj za\u0161tite tvojoj kreditnoj kartici. Tvoja banka \u0107e vjerojatno tra\u017eiti da unese\u0161 PIN ili kod kako bi uplata bila potvr\u0111ena.<br>Ako uplata ne pro\u0111e, dobit \u0107e\u0161 poruku o gre\u0161ci \u2014 obi\u010dno se radi o problemu s 3D Secure, pa provjeri s bankom.<br>Sve \u0161to treba\u0161 u\u010diniti je kliknuti na &#8220;Potvrdi &amp; Plati&#8221; \u2014 i spreman\/na si!<\/p>\n\n\n\n<p>Ako tvoja uplata pro\u0111e, na ekranu \u0107e ti se prikazati potvrda o uspje\u0161nom pla\u0107anju.<\/p>\n\n\n\n<p>Karte \u0107e ti sti\u0107i na e-mail, pa provjeri pristiglu po\u0161tu. Ako si pogre\u0161no upisao\/la e-mail prilikom registracije, nema brige \u2014 samo klikni na gumb<strong> &#8220;Moje karte&#8221;<\/strong> u svom ra\u010dunu kako bi ih preuzeo\/la i spremio\/la.<\/p>\n\n\n\n<hr class=\"wp-block-separator has-alpha-channel-opacity\"\/>\n\n\n\n<h2><span class=\"ez-toc-section\" id=\"Sto_se_dogada_ako_rute_nisu_dostupne\"><\/span>\u0160to se doga\u0111a ako rute nisu dostupne?<span class=\"ez-toc-section-end\"><\/span><\/h2>\n\n\n\n<p>To se mo\u017ee dogoditi za neke rute. Mo\u017eda \u0107e\u0161 vidjeti neku od sljede\u0107ih poruka, pa evo da ti objasnimo \u0161to to zna\u010di:<\/p>\n\n\n\n<ol>\n<li><strong>Rasprodano na Traveling.com<\/strong> \u2014 Ovo se rijetko doga\u0111a, ali ako vidi\u0161 ovakvu poruku, to zna\u010di da vi\u0161e nemamo karata dostupnih online. Mo\u017eda ih mo\u017ee\u0161 prona\u0107i na autobusnom kolodvoru, ali nemamo informacije o dostupnosti na drugim prodajnim mjestima.<\/li>\n\n\n\n<li><strong>Nike dostupno online<\/strong> \u2014 Karte za ovaj specifi\u010dan polazak ne mogu se kupiti online, ali mogu biti dostupne na drugim prodajnim mjestima. Me\u0111utim, ponavljamo, nemamo informacije o dostupnosti na drugim prodajnim mjestima.<\/li>\n\n\n\n<li><strong>Online prodaja zatvorena<\/strong> \u2014 Online kupnja karata za ovaj polazak vi\u0161e nije mogu\u0107a. Karte mo\u017eda budu dostupne na drugim prodajnim mjestima, ali ne mo\u017eemo pru\u017eiti nikakve informacije o dostupnosti na drugim prodajnim mjestima.<\/li>\n<\/ol>\n","protected":false},"excerpt":{"rendered":"<p>Hej! Drago nam je \u0161to si tu. Idemo putovati?\u00a0Kupnja povratne karte na Traveling.com je stvarno jednostavna, ali imamo nekoliko savjeta koji \u0107e ti olak\u0161ati cijeli proces: Krenimo! Evo, stigao si na na\u0161u stranicu i \u017eeli\u0161 putovati. Prvi korak? Ispred sebe \u0107e\u0161 vidjeti jednostavan okvir za pretra\u017eivanje. Samo upi\u0161i mjesto polaska, odredi\u0161te i datume za odlazak [&hellip;]<\/p>\n<p><a class=\"more-link btn btn-primary\" href=\"https:\/\/traveling.com\/hr\/blog\/kupovina-povratne-karte\/\"> Continue reading&#8230;<\/a><\/p>\n","protected":false},"author":1,"featured_media":0,"parent":0,"menu_order":0,"comment_status":"open","ping_status":"closed","template":"","meta":[],"yoast_head":"<!-- This site is optimized with the Yoast SEO plugin v19.8 - https:\/\/yoast.com\/wordpress\/plugins\/seo\/ -->\n<title>Kupnja povratne karte - Traveling.com<\/title>\n<meta name=\"description\" content=\"Saznaj kako lako kupiti povratnu kartu na Traveling.com. Slijedi na\u0161 jednostavan vodi\u010d i zapo\u010dni svoje putovanje u trenu!\" \/>\n<meta name=\"robots\" content=\"index, follow, max-snippet:-1, max-image-preview:large, max-video-preview:-1\" \/>\n<link rel=\"canonical\" href=\"https:\/\/traveling.com\/hr\/blog\/kupovina-povratne-karte\/\" \/>\n<meta property=\"og:locale\" content=\"hr_HR\" \/>\n<meta property=\"og:type\" content=\"article\" \/>\n<meta property=\"og:title\" content=\"Kupnja povratne karte - Traveling.com\" \/>\n<meta property=\"og:description\" content=\"Saznaj kako lako kupiti povratnu kartu na Traveling.com. Slijedi na\u0161 jednostavan vodi\u010d i zapo\u010dni svoje putovanje u trenu!\" \/>\n<meta property=\"og:url\" content=\"https:\/\/traveling.com\/hr\/blog\/kupovina-povratne-karte\/\" \/>\n<meta property=\"og:site_name\" content=\"Traveling.com Blog\" \/>\n<meta property=\"article:modified_time\" content=\"2025-03-30T20:13:15+00:00\" \/>\n<meta property=\"og:image\" content=\"https:\/\/lh7-rt.googleusercontent.com\/docsz\/AD_4nXfPII86AHvHNf1u3TJBrATHymFk-oU0CSkPZnrXnr3pAXlQa0jOCB_ldDq6vHwdeoua18aYB8xfG6DNcgz8xVJi8dVFKWH5caeobS7_DFkVyypReh1ehhC9QS3VHyU8I35zik_E0Q?key=eihXHi8P8A30s-AJJpKGNbpo\" \/>\n<meta name=\"twitter:card\" content=\"summary_large_image\" \/>\n<meta name=\"twitter:label1\" content=\"Est. reading time\" \/>\n\t<meta name=\"twitter:data1\" content=\"7 minutes\" \/>\n<script type=\"application\/ld+json\" class=\"yoast-schema-graph\">{\"@context\":\"https:\/\/schema.org\",\"@graph\":[{\"@type\":\"WebPage\",\"@id\":\"https:\/\/traveling.com\/hr\/blog\/kupovina-povratne-karte\/\",\"url\":\"https:\/\/traveling.com\/hr\/blog\/kupovina-povratne-karte\/\",\"name\":\"Kupnja povratne karte - Traveling.com\",\"isPartOf\":{\"@id\":\"https:\/\/traveling.com\/hr\/blog\/#website\"},\"datePublished\":\"2015-08-01T08:23:10+00:00\",\"dateModified\":\"2025-03-30T20:13:15+00:00\",\"description\":\"Saznaj kako lako kupiti povratnu kartu na Traveling.com. Slijedi na\u0161 jednostavan vodi\u010d i zapo\u010dni svoje putovanje u trenu!\",\"breadcrumb\":{\"@id\":\"https:\/\/traveling.com\/hr\/blog\/kupovina-povratne-karte\/#breadcrumb\"},\"inLanguage\":\"hr\",\"potentialAction\":[{\"@type\":\"ReadAction\",\"target\":[\"https:\/\/traveling.com\/hr\/blog\/kupovina-povratne-karte\/\"]}]},{\"@type\":\"BreadcrumbList\",\"@id\":\"https:\/\/traveling.com\/hr\/blog\/kupovina-povratne-karte\/#breadcrumb\",\"itemListElement\":[{\"@type\":\"ListItem\",\"position\":1,\"name\":\"Home\",\"item\":\"https:\/\/traveling.com\/hr\/blog\/\"},{\"@type\":\"ListItem\",\"position\":2,\"name\":\"Kupnja povratne karte\"}]},{\"@type\":\"WebSite\",\"@id\":\"https:\/\/traveling.com\/hr\/blog\/#website\",\"url\":\"https:\/\/traveling.com\/hr\/blog\/\",\"name\":\"Traveling.com Blog\",\"description\":\"Tvoj najbolji vodi\u010d na putovanju\",\"potentialAction\":[{\"@type\":\"SearchAction\",\"target\":{\"@type\":\"EntryPoint\",\"urlTemplate\":\"https:\/\/traveling.com\/hr\/blog\/?s={search_term_string}\"},\"query-input\":\"required name=search_term_string\"}],\"inLanguage\":\"hr\"}]}<\/script>\n<!-- \/ Yoast SEO plugin. -->","yoast_head_json":{"title":"Kupnja povratne karte - Traveling.com","description":"Saznaj kako lako kupiti povratnu kartu na Traveling.com. Slijedi na\u0161 jednostavan vodi\u010d i zapo\u010dni svoje putovanje u trenu!","robots":{"index":"index","follow":"follow","max-snippet":"max-snippet:-1","max-image-preview":"max-image-preview:large","max-video-preview":"max-video-preview:-1"},"canonical":"https:\/\/traveling.com\/hr\/blog\/kupovina-povratne-karte\/","og_locale":"hr_HR","og_type":"article","og_title":"Kupnja povratne karte - Traveling.com","og_description":"Saznaj kako lako kupiti povratnu kartu na Traveling.com. Slijedi na\u0161 jednostavan vodi\u010d i zapo\u010dni svoje putovanje u trenu!","og_url":"https:\/\/traveling.com\/hr\/blog\/kupovina-povratne-karte\/","og_site_name":"Traveling.com Blog","article_modified_time":"2025-03-30T20:13:15+00:00","og_image":[{"url":"https:\/\/lh7-rt.googleusercontent.com\/docsz\/AD_4nXfPII86AHvHNf1u3TJBrATHymFk-oU0CSkPZnrXnr3pAXlQa0jOCB_ldDq6vHwdeoua18aYB8xfG6DNcgz8xVJi8dVFKWH5caeobS7_DFkVyypReh1ehhC9QS3VHyU8I35zik_E0Q?key=eihXHi8P8A30s-AJJpKGNbpo"}],"twitter_card":"summary_large_image","twitter_misc":{"Est. reading time":"7 minutes"},"schema":{"@context":"https:\/\/schema.org","@graph":[{"@type":"WebPage","@id":"https:\/\/traveling.com\/hr\/blog\/kupovina-povratne-karte\/","url":"https:\/\/traveling.com\/hr\/blog\/kupovina-povratne-karte\/","name":"Kupnja povratne karte - Traveling.com","isPartOf":{"@id":"https:\/\/traveling.com\/hr\/blog\/#website"},"datePublished":"2015-08-01T08:23:10+00:00","dateModified":"2025-03-30T20:13:15+00:00","description":"Saznaj kako lako kupiti povratnu kartu na Traveling.com. Slijedi na\u0161 jednostavan vodi\u010d i zapo\u010dni svoje putovanje u trenu!","breadcrumb":{"@id":"https:\/\/traveling.com\/hr\/blog\/kupovina-povratne-karte\/#breadcrumb"},"inLanguage":"hr","potentialAction":[{"@type":"ReadAction","target":["https:\/\/traveling.com\/hr\/blog\/kupovina-povratne-karte\/"]}]},{"@type":"BreadcrumbList","@id":"https:\/\/traveling.com\/hr\/blog\/kupovina-povratne-karte\/#breadcrumb","itemListElement":[{"@type":"ListItem","position":1,"name":"Home","item":"https:\/\/traveling.com\/hr\/blog\/"},{"@type":"ListItem","position":2,"name":"Kupnja povratne karte"}]},{"@type":"WebSite","@id":"https:\/\/traveling.com\/hr\/blog\/#website","url":"https:\/\/traveling.com\/hr\/blog\/","name":"Traveling.com Blog","description":"Tvoj najbolji vodi\u010d na putovanju","potentialAction":[{"@type":"SearchAction","target":{"@type":"EntryPoint","urlTemplate":"https:\/\/traveling.com\/hr\/blog\/?s={search_term_string}"},"query-input":"required name=search_term_string"}],"inLanguage":"hr"}]}},"_links":{"self":[{"href":"https:\/\/traveling.com\/hr\/blog\/wp-json\/wp\/v2\/pages\/154"}],"collection":[{"href":"https:\/\/traveling.com\/hr\/blog\/wp-json\/wp\/v2\/pages"}],"about":[{"href":"https:\/\/traveling.com\/hr\/blog\/wp-json\/wp\/v2\/types\/page"}],"author":[{"embeddable":true,"href":"https:\/\/traveling.com\/hr\/blog\/wp-json\/wp\/v2\/users\/1"}],"replies":[{"embeddable":true,"href":"https:\/\/traveling.com\/hr\/blog\/wp-json\/wp\/v2\/comments?post=154"}],"version-history":[{"count":9,"href":"https:\/\/traveling.com\/hr\/blog\/wp-json\/wp\/v2\/pages\/154\/revisions"}],"predecessor-version":[{"id":23570,"href":"https:\/\/traveling.com\/hr\/blog\/wp-json\/wp\/v2\/pages\/154\/revisions\/23570"}],"wp:attachment":[{"href":"https:\/\/traveling.com\/hr\/blog\/wp-json\/wp\/v2\/media?parent=154"}],"curies":[{"name":"wp","href":"https:\/\/api.w.org\/{rel}","templated":true}]}}