{"id":7204,"date":"2021-05-10T09:00:22","date_gmt":"2021-05-10T09:00:22","guid":{"rendered":"https:\/\/getbybus.com\/it\/blog\/?page_id=7204"},"modified":"2025-03-24T14:53:49","modified_gmt":"2025-03-24T14:53:49","slug":"aeroporti-bolivia","status":"publish","type":"page","link":"https:\/\/traveling.com\/it\/blog\/aeroporti-bolivia\/","title":{"rendered":"Aeroporti in Bolivia"},"content":{"rendered":"\n<p>La <strong>Bolivia<\/strong> \u00e8 un paese del Sud America al confine con 5 paesi: Per\u00f9, Brasile, Paraguay, Argentina e Cile. Il paese \u00e8 famoso per le montagne delle Ande, le enormi saline, la foresta pluviale amazzonica e i lama! Se si vola in Bolivia, \u00e8 bene sapere che ci sono <strong>3 aeroporti internazionali<\/strong> e molti altri regionali. In questa guida vi presenteremo la maggior parte degli aeroporti in Bolivia, inclusi tutti gli aeroporti internazionali. Alla fine del post, troverete anche una <strong>mappa di tutti gli aeroporti in Bolivia<\/strong> per una navigazione pi\u00f9 facile.<\/p>\n\n\n\n<h4><span class=\"ez-toc-section\" id=\"Aeroporto_di_Santa_Cruz_-_Codice_IATA_-_VVI\"><\/span><span style=\"color: #2a2a2a;\">Aeroporto di Santa Cruz<\/span> &#8211; Codice IATA &#8211; VVI<span class=\"ez-toc-section-end\"><\/span><\/h4>\n\n\n\n<p style=\"font-size:12px\">\u223cCirca 2,5 milioni di passeggeri<\/p>\n\n\n\n<p><strong>L&#8217;Aeroporto Internazionale Viru Viru<\/strong>, come viene chiamato per esteso, \u00e8 un aeroporto che serve <strong>Santa Cruz de la Sierra<\/strong>, la capitale della Bolivia. Gestisce 2-3 milioni di passeggeri all&#8217;anno e funge da hub per la pi\u00f9 grande compagnia aerea della Bolivia, <strong>Boliviana de Aviaci\u00f3n<\/strong>. L&#8217;aeroporto offre voli per il resto del Sud America e per la Spagna. L&#8217;Aeroporto di Santa Cruz si trova a circa 20 km dal centro della citt\u00e0 di Santa Cruz. Raggiungere la citt\u00e0 pu\u00f2 essere effettuato tramite navetta aeroportuale o servizio taxi. Altre destinazioni vicine includono Porongo, Montero e El Torno.<\/p>\n\n\n\n<h4><span class=\"ez-toc-section\" id=\"Aeroporto_di_La_Paz_-_Codice_IATA_-_LPB\"><\/span><span style=\"color: #2a2a2a;\">Aeroporto di La Paz<\/span> &#8211; Codice IATA &#8211; LPB<span class=\"ez-toc-section-end\"><\/span><\/h4>\n\n\n\n<p style=\"font-size:12px\">\u223cCirca 2 milioni di passeggeri<\/p>\n\n\n\n<p><strong>L&#8217;Aeroporto di La Paz<\/strong> o completamente <strong>l&#8217;Aeroporto Internazionale di El Alto<\/strong> si trova a <strong>El Alto<\/strong>, la seconda citt\u00e0 pi\u00f9 grande della Bolivia. Serve anche La Paz, la terza citt\u00e0 pi\u00f9 grande. L&#8217;aeroporto gestisce circa 2-3 milioni di passeggeri all&#8217;anno e funge da hub per<strong> L\u00ednea A\u00e9rea Amaszonas<\/strong> e <strong>Boliviana de Aviaci\u00f3n<\/strong>. L&#8217;aeroporto si trova all&#8217;interno della citt\u00e0 di El Alto, quindi spostarsi \u00e8 facile con i mezzi pubblici. Si trova inoltre a circa 13 km dal centro di La Paz, raggiungibile con un servizio taxi. Altre destinazioni vicino all&#8217;aeroporto includono Achocalla, Viacha e Laja.<\/p>\n\n\n\n<h4><span class=\"ez-toc-section\" id=\"Aeroporto_di_Cochabamba_-_Codice_IATA_-_CBB\"><\/span><span style=\"color: #2a2a2a;\">Aeroporto di Cochabamba<\/span> &#8211; Codice IATA &#8211; CBB<span class=\"ez-toc-section-end\"><\/span><\/h4>\n\n\n\n<p style=\"font-size:12px\">\u223cCirca 2 milioni di passeggeri<\/p>\n\n\n\n<p><strong>L&#8217;Aeroporto Internazionale Jorge Wilstermann<\/strong>, come viene chiamato ufficialmente, \u00e8 un aeroporto che serve <strong>Cochabamba<\/strong>. L&#8217;aeroporto gestisce circa 2-3 milioni di passeggeri all&#8217;anno. Le compagnie aeree che gestiscono l&#8217;aeroporto sono <strong>Amaszonas<\/strong>, <strong>Boliviana de Aviaci\u00f3n<\/strong> ed <strong>EcoJet<\/strong>. L&#8217;aeroporto offre principalmente collegamenti con il resto del Sud America. La distanza tra l&#8217;aeroporto e il centro di Cochabamba \u00e8 di soli 3 km circa, facilmente raggiungibile in taxi. Tra le altre destinazioni vicine ci sono Quillacollo, Sacaba e Tiquipaya.<\/p>\n\n\n\n<p><strong><span style=\"color: #2a2a2a;\">Aeroporto di Tarija<\/span> &#8211; Codice IATA &#8211; TJA<\/strong><\/p>\n\n\n\n<ul><li aria-level=\"1\">Chiamato anche: Aeroporto di Capit\u00e1n Oriel Lea Plaza&nbsp;<\/li><li aria-level=\"1\">Compagnie aeree: Amaszonas, Boliviana de Aviaci\u00f3n, EcoJet<\/li><li aria-level=\"1\">Citt\u00e0 vicine: Tarija, Uriondo, San Lorenzo<\/li><\/ul>\n\n\n\n<p><strong><span style=\"color: #2a2a2a;\">Aeroporto di Cobija<\/span> &#8211; Codice IATA &#8211; CIJ<\/strong><\/p>\n\n\n\n<ul><li aria-level=\"1\">Chiamato anche: Aeroporto di Captain An\u00edbal Arab&nbsp;<\/li><li aria-level=\"1\">Compagnie aeree: Amaszonas, Boliviana de Aviaci\u00f3n, EcoJet<\/li><li aria-level=\"1\">Citt\u00e0 vicine: Cobija, Brasileia (Brasile)<\/li><\/ul>\n\n\n\n<p><span style=\"color: #000000;\"><strong><span style=\"color: #2a2a2a;\">Aeroporto di Sucre<\/span> &#8211; Codice IATA &#8211; SRE<\/strong><\/span><\/p>\n\n\n\n<ul><li aria-level=\"1\">Chiamato anche: Aeroporto di Alcantar\u00ed<\/li><li aria-level=\"1\">Compagnie aeree: Amaszonas, Boliviana de Aviaci\u00f3n, EcoJet<\/li><li aria-level=\"1\">Citt\u00e0 vicine: Sucre, Yamparaez, Yotala<\/li><\/ul>\n\n\n\n<p><strong><span style=\"color: #2a2a2a;\">Aeroporto di Riberalta<\/span> &#8211; Codice IATA &#8211; RIB<\/strong><\/p>\n\n\n\n<ul><li aria-level=\"1\">Chiamato anche: Aeroporto di Capit\u00e1n Av. Selin Zeitun Lopez<\/li><li aria-level=\"1\">Compagnie aeree: Amaszonas, EcoJet<\/li><li aria-level=\"1\">Citt\u00e0 vicine: Riberalta, Las Piedras<\/li><\/ul>\n\n\n\n<p><strong><span style=\"color: #2a2a2a;\">Aeroporto di Uyuni<\/span> &#8211; Codice IATA &#8211; UYU<\/strong><\/p>\n\n\n\n<ul><li aria-level=\"1\">Chiamato anche: Aeroporto di Joya Andina&nbsp;<\/li><li aria-level=\"1\">Compagnie aeree: Amaszonas, Boliviana de Aviaci\u00f3n<\/li><li aria-level=\"1\">Citt\u00e0 vicine: Uyuni, Colchani, Pulacayo<\/li><\/ul>\n\n\n\n<p><strong><span style=\"color: #2a2a2a;\">Aeroporto di Trinidad<\/span> &#8211; Codice IATA &#8211; TDD<\/strong><\/p>\n\n\n\n<ul><li aria-level=\"1\">Chiamato anche: Aeroporto di Teniente Jorge Henrich Arauz<\/li><li aria-level=\"1\">Compagnie aeree: Amaszonas, Boliviana de Aviaci\u00f3n, EcoJet<\/li><li aria-level=\"1\">Citt\u00e0 vicine: Trinidad, Loma Su\u00e1rez, Sachojere<\/li><\/ul>\n\n\n\n<p><strong><span style=\"color: #2a2a2a;\">Aeroporto di Santa Ana del Yacuma<\/span> &#8211; Codice IATA &#8211; SBL<\/strong><\/p>\n\n\n\n<ul><li aria-level=\"1\">Chiamato anche: Aeroporto di Jos\u00e9 Ch\u00e1vez Su\u00e1rez<\/li><li aria-level=\"1\">Compagnia aerea: Amaszonas<\/li><li aria-level=\"1\">Citt\u00e0 vicine: Santa Ana del Yacuma, Santa Ana<\/li><\/ul>\n\n\n\n<p><strong><span style=\"color: #2a2a2a;\">Aeroporto di Rurrenabaque<\/span> &#8211; Codice IATA &#8211; RBQ<\/strong><\/p>\n\n\n\n<ul><li aria-level=\"1\">Compagnia aerea: Amaszonas<\/li><li aria-level=\"1\">Citt\u00e0 vicine:<\/li><\/ul>\n\n\n\n<p><strong><span style=\"color: #2a2a2a;\">Aeroporto di Puerto Suarez<\/span> &#8211; Codice IATA &#8211; PSZ<\/strong><\/p>\n\n\n\n<ul><li aria-level=\"1\">Chiamato anche: Aeroporto di Capit\u00e1n Av. Salvador Ogaya G.<\/li><li aria-level=\"1\">Compagnia aerea: L\u00ednea A\u00e9rea Amaszonas<\/li><li aria-level=\"1\">Citt\u00e0 vicine: Puerto Suarez, Puerto Quijarro, Corumb\u00e1 (Brasile)<\/li><\/ul>\n\n\n\n<p><strong><span style=\"color: #2a2a2a;\">Aeroporto di Potosi<\/span> &#8211; Codice IATA &#8211; POI<\/strong><\/p>\n\n\n\n<ul><li aria-level=\"1\">Chiamato anche: Aeroporto di Capit\u00e1n Nicolas Rojas<\/li><li aria-level=\"1\">Compagnia aerea: Boliviana de Aviaci\u00f3n<\/li><li aria-level=\"1\">Citt\u00e0 vicine: Potosi, Betanzos, Chaqu\u00ed<\/li><\/ul>\n\n\n\n<p><strong><span style=\"color: #2a2a2a;\">Aeroporto di Oruro<\/span> &#8211; Codice IATA &#8211; ORU<\/strong><\/p>\n\n\n\n<ul><li aria-level=\"1\">Chiamato anche: Aeroporto di Juan Mendoza&nbsp;<\/li><li aria-level=\"1\">Compagnia aerea: Boliviana de Aviaci\u00f3n<\/li><li aria-level=\"1\">Citt\u00e0 vicine: Oruro, Sepulturas<\/li><\/ul>\n\n\n\n<p><strong><span style=\"color: #2a2a2a;\">Aeroporto di Yacuiba<\/span> &#8211; Codice IATA &#8211; BYC<\/strong><\/p>\n\n\n\n<ul><li aria-level=\"1\">Compagnie aeree: Amaszonas, Boliviana de Aviaci\u00f3n<\/li><li aria-level=\"1\">Citt\u00e0 vicine: Yacuiba, Villa El Carmen, Salvador Mazza (Argentina)<\/li><\/ul>\n\n\n\n<p><strong><span style=\"color: #2a2a2a;\">Aeroporto di San Ignacio de Velasco<\/span> &#8211; Codice IATA &#8211; SNG<\/strong><\/p>\n\n\n\n<ul><li aria-level=\"1\">Chiamato anche: Aeroporto di Capit\u00e1n Av. Juan Cochamanidis<\/li><li aria-level=\"1\">Citt\u00e0 vicine: San Ignacio de Velasco, San Miguel de Velasco, Santa Ana de Velasco<\/li><\/ul>\n\n\n\n<p><strong><span style=\"color: #2a2a2a;\">Aeroporto di San Jose de Chiquitos<\/span> &#8211; Codice IATA &#8211; SJS<\/strong><\/p>\n\n\n\n<ul><li aria-level=\"1\">Citt\u00e0 vicine: San Jose de Chiquitos, Choch\u00eds, Las Taperas<\/li><\/ul>\n\n\n\n<p><strong><span style=\"color: #2a2a2a;\">Aeroporto di San Joaquin<\/span> &#8211; Codice IATA &#8211; SJB<\/strong><\/p>\n\n\n\n<ul><li aria-level=\"1\">Citt\u00e0 vicine: San Joaquin, San Ram\u00f3n<\/li><\/ul>\n\n\n\n<p><strong><span style=\"color: #2a2a2a;\">Aeroporto di Reyes<\/span> &#8211; Codice IATA &#8211; REY<\/strong><\/p>\n\n\n\n<ul><li aria-level=\"1\">Citt\u00e0 vicine: Reyes, Raquio, Rurrenabaque<\/li><\/ul>\n\n\n\n<p><strong><span style=\"color: #2a2a2a;\">Aeroporto di Robore<\/span> &#8211; Codice IATA &#8211; RBO<\/strong><\/p>\n\n\n\n<ul><li aria-level=\"1\">Citt\u00e0 vicine: Robore, Santiago de Chiquitos<\/li><\/ul>\n\n\n\n<p><strong><span style=\"color: #2a2a2a;\">Aeroporto di San Matias<\/span> &#8211; Codice IATA &#8211; MQK<\/strong><\/p>\n\n\n\n<ul><li aria-level=\"1\">Citt\u00e0 vicine: San Matias, Estancia San Lorenzo<\/li><\/ul>\n\n\n\n<p><strong><span style=\"color: #2a2a2a;\">Aeroporto di Monteagudo<\/span> &#8211; Codice IATA &#8211; MHW<\/strong><\/p>\n\n\n\n<ul><li aria-level=\"1\">Chiamato anche: Aeroporto di Apiahuaiqui Tumpa&nbsp;<\/li><li aria-level=\"1\">Citt\u00e0 vicine: Monteagudo<\/li><\/ul>\n\n\n\n<p><strong><span style=\"color: #2a2a2a;\">Aeroporto di Concepci\u00f3n<\/span> &#8211; Codice IATA &#8211; CEP<\/strong><\/p>\n\n\n\n<ul><li aria-level=\"1\">Citt\u00e0 vicine: Concepcion, San Javier, \u00d1uflo de Ch\u00e1vez<\/li><\/ul>\n\n\n\n<p><strong><span style=\"color: #2a2a2a;\">Aeroporto di Camiri<\/span> &#8211; Codice IATA &#8211; CAM<\/strong><\/p>\n\n\n\n<ul><li aria-level=\"1\">Citt\u00e0 vicine: Camiri<\/li><\/ul>\n\n\n\n<p><strong><span style=\"color: #2a2a2a;\">Aeroporto di Huacaraje<\/span> &#8211; Codice IATA &#8211; BVK<\/strong><\/p>\n\n\n\n<ul><li aria-level=\"1\">Citt\u00e0 vicine: Huacaraje, Baures<\/li><\/ul>\n\n\n\n<p><strong><span style=\"color: #2a2a2a;\">Aeroporto di Bermejo<\/span> &#8211; Codice IATA &#8211; BJO<\/strong><\/p>\n\n\n\n<ul><li aria-level=\"1\">Citt\u00e0 vicine: Bermejo, Aguas Blancas (Argentina)<\/li><\/ul>\n\n\n\n<p><strong><span style=\"color: #2a2a2a;\">Aeroporto di Ascensi\u00f3n de Guarayos<\/span> &#8211; Codice IATA &#8211; ASC<\/strong><\/p>\n\n\n\n<ul><li aria-level=\"1\">Citt\u00e0 vicine: Ascension<\/li><\/ul>\n\n\n\n<p><strong><span style=\"color: #2a2a2a;\">Aeroporto di Apolo<\/span> &#8211; Codice IATA &#8211; APB<\/strong><\/p>\n\n\n\n<ul><li aria-level=\"1\">Citt\u00e0 vicine: Apolo, At\u00e9n<\/li><\/ul>\n\n\n\n<p><strong><span style=\"color: #2a2a2a;\">Aeroporto di Santa Cruz<\/span> &#8211; Codice IATA &#8211; SRZ<\/strong><\/p>\n\n\n\n<ul><li aria-level=\"1\">Chiamato anche: Aeroporto El Trompillo<\/li><li aria-level=\"1\">Citt\u00e0 vicine: Santa Cruz<\/li><\/ul>\n\n\n\n<p><strong><span style=\"color: #2a2a2a;\">Aeroporto di Villamontes<\/span> &#8211; Codice IATA &#8211; VLM<\/strong><\/p>\n\n\n\n<ul><li aria-level=\"1\">Chiamato anche: Aeroporto di Tenente Colonnello Rafael Pab\u00f3n<\/li><li aria-level=\"1\">Citt\u00e0 vicine: Villamontes, Tahiguati, Tig\u00fcipa<\/li><\/ul>\n\n\n\n<p><strong><span style=\"color: #2a2a2a;\">Aeroporto di Vallegrande<\/span> &#8211; Codice IATA &#8211; VAH<\/strong><\/p>\n\n\n\n<ul><li aria-level=\"1\">Chiamato anche: Aeroporto di Capit\u00e1n Av. Vidal Villagomez Toledo<\/li><li aria-level=\"1\">Citt\u00e0 vicine: Vallegrande, Trigal, Postervalle<\/li><\/ul>\n\n\n\n<p><strong><span style=\"color: #2a2a2a;\">Aeroporto di San Borja<\/span> &#8211; Codice IATA &#8211; SRJ<\/strong><\/p>\n\n\n\n<ul><li aria-level=\"1\">Chiamato anche: Aeroporto di Capit\u00e1n Germ\u00e1n Quiroga Guardia<\/li><li aria-level=\"1\">Citt\u00e0 vicine: San Borja, Yucumo<\/li><\/ul>\n\n\n\n<p><strong><span style=\"color: #2a2a2a;\">Aeroporto di San Ramon<\/span> &#8211; Codice IATA &#8211; SRD<\/strong><\/p>\n\n\n\n<ul><li aria-level=\"1\">Citt\u00e0 vicine: San Ramon, San Joaquin, Magdalena<\/li><\/ul>\n\n\n\n<p><strong><span style=\"color: #2a2a2a;\">Aeroporto di Santa Rosa<\/span> &#8211; Codice IATA &#8211; SRB<\/strong><\/p>\n\n\n\n<ul><li aria-level=\"1\">Citt\u00e0 vicine: Santa Rosa de Yacuma, Palalo<\/li><\/ul>\n\n\n\n<p><strong><span style=\"color: #2a2a2a;\">Aeroporto di San Ignacio de Moxos<\/span> &#8211; Codice IATA &#8211; SNM<\/strong><\/p>\n\n\n\n<ul><li aria-level=\"1\">Citt\u00e0 vicine: San Ignacio de Moxos<\/li><\/ul>\n\n\n\n<h3><span class=\"ez-toc-section\" id=\"Mappa_degli_aeroporti_in_Bolivia\"><\/span><span style=\"color: #2a2a2a;\">Mappa degli aeroporti in Bolivia<\/span><span class=\"ez-toc-section-end\"><\/span><\/h3>\n\n\n\n<figure><iframe src=\"https:\/\/www.google.com\/maps\/d\/embed?mid=1qXBUH2mRBgTn_3RZrmHTpDVZjVYlg5ih\" width=\"640\" height=\"480\"><\/iframe><\/figure>\n","protected":false},"excerpt":{"rendered":"<p>La Bolivia \u00e8 un paese del Sud America al confine con 5 paesi: Per\u00f9, Brasile, Paraguay, Argentina e Cile. Il paese \u00e8 famoso per le montagne delle Ande, le enormi saline, la foresta pluviale amazzonica e i lama! Se si vola in Bolivia, \u00e8 bene sapere che ci sono 3 aeroporti internazionali e molti altri [&hellip;]<\/p>\n<p><a class=\"more-link btn btn-primary\" href=\"https:\/\/traveling.com\/it\/blog\/aeroporti-bolivia\/\"> Continua a leggere\u2026<\/a><\/p>\n","protected":false},"author":1,"featured_media":0,"parent":0,"menu_order":0,"comment_status":"closed","ping_status":"closed","template":"","meta":[],"yoast_head":"<!-- This site is optimized with the Yoast SEO plugin v19.8 - https:\/\/yoast.com\/wordpress\/plugins\/seo\/ -->\n<title>Aeroporti in Bolivia - Codici IATA, Mappa e Informazioni Di Viaggio<\/title>\n<meta name=\"description\" content=\"Controllate qui tutte le informazioni necessarie degli aeroporti della Bolivia. Troverete la mappa degli aeroporti alla fine di questo post.\" \/>\n<meta name=\"robots\" content=\"index, follow, max-snippet:-1, max-image-preview:large, max-video-preview:-1\" \/>\n<link rel=\"canonical\" href=\"https:\/\/traveling.com\/it\/blog\/aeroporti-bolivia\/\" \/>\n<meta property=\"og:locale\" content=\"it_IT\" \/>\n<meta property=\"og:type\" content=\"article\" \/>\n<meta property=\"og:title\" content=\"Aeroporti in Bolivia - Codici IATA, Mappa e Informazioni Di Viaggio\" \/>\n<meta property=\"og:description\" content=\"Controllate qui tutte le informazioni necessarie degli aeroporti della Bolivia. Troverete la mappa degli aeroporti alla fine di questo post.\" \/>\n<meta property=\"og:url\" content=\"https:\/\/traveling.com\/it\/blog\/aeroporti-bolivia\/\" \/>\n<meta property=\"og:site_name\" content=\"Traveling.com Blog\" \/>\n<meta property=\"article:modified_time\" content=\"2025-03-24T14:53:49+00:00\" \/>\n<meta name=\"twitter:card\" content=\"summary_large_image\" \/>\n<meta name=\"twitter:label1\" content=\"Est. reading time\" \/>\n\t<meta name=\"twitter:data1\" content=\"5 minutes\" \/>\n<script type=\"application\/ld+json\" class=\"yoast-schema-graph\">{\"@context\":\"https:\/\/schema.org\",\"@graph\":[{\"@type\":\"WebPage\",\"@id\":\"https:\/\/traveling.com\/it\/blog\/aeroporti-bolivia\/\",\"url\":\"https:\/\/traveling.com\/it\/blog\/aeroporti-bolivia\/\",\"name\":\"Aeroporti in Bolivia - Codici IATA, Mappa e Informazioni Di Viaggio\",\"isPartOf\":{\"@id\":\"https:\/\/traveling.com\/it\/blog\/#website\"},\"datePublished\":\"2021-05-10T09:00:22+00:00\",\"dateModified\":\"2025-03-24T14:53:49+00:00\",\"description\":\"Controllate qui tutte le informazioni necessarie degli aeroporti della Bolivia. Troverete la mappa degli aeroporti alla fine di questo post.\",\"breadcrumb\":{\"@id\":\"https:\/\/traveling.com\/it\/blog\/aeroporti-bolivia\/#breadcrumb\"},\"inLanguage\":\"it-IT\",\"potentialAction\":[{\"@type\":\"ReadAction\",\"target\":[\"https:\/\/traveling.com\/it\/blog\/aeroporti-bolivia\/\"]}]},{\"@type\":\"BreadcrumbList\",\"@id\":\"https:\/\/traveling.com\/it\/blog\/aeroporti-bolivia\/#breadcrumb\",\"itemListElement\":[{\"@type\":\"ListItem\",\"position\":1,\"name\":\"Home\",\"item\":\"https:\/\/traveling.com\/it\/blog\/\"},{\"@type\":\"ListItem\",\"position\":2,\"name\":\"Aeroporti in Bolivia\"}]},{\"@type\":\"WebSite\",\"@id\":\"https:\/\/traveling.com\/it\/blog\/#website\",\"url\":\"https:\/\/traveling.com\/it\/blog\/\",\"name\":\"Traveling.com Blog\",\"description\":\"La Tua Guida di Viaggio Completa\",\"potentialAction\":[{\"@type\":\"SearchAction\",\"target\":{\"@type\":\"EntryPoint\",\"urlTemplate\":\"https:\/\/traveling.com\/it\/blog\/?s={search_term_string}\"},\"query-input\":\"required name=search_term_string\"}],\"inLanguage\":\"it-IT\"}]}<\/script>\n<!-- \/ Yoast SEO plugin. -->","yoast_head_json":{"title":"Aeroporti in Bolivia - Codici IATA, Mappa e Informazioni Di Viaggio","description":"Controllate qui tutte le informazioni necessarie degli aeroporti della Bolivia. Troverete la mappa degli aeroporti alla fine di questo post.","robots":{"index":"index","follow":"follow","max-snippet":"max-snippet:-1","max-image-preview":"max-image-preview:large","max-video-preview":"max-video-preview:-1"},"canonical":"https:\/\/traveling.com\/it\/blog\/aeroporti-bolivia\/","og_locale":"it_IT","og_type":"article","og_title":"Aeroporti in Bolivia - Codici IATA, Mappa e Informazioni Di Viaggio","og_description":"Controllate qui tutte le informazioni necessarie degli aeroporti della Bolivia. Troverete la mappa degli aeroporti alla fine di questo post.","og_url":"https:\/\/traveling.com\/it\/blog\/aeroporti-bolivia\/","og_site_name":"Traveling.com Blog","article_modified_time":"2025-03-24T14:53:49+00:00","twitter_card":"summary_large_image","twitter_misc":{"Est. reading time":"5 minutes"},"schema":{"@context":"https:\/\/schema.org","@graph":[{"@type":"WebPage","@id":"https:\/\/traveling.com\/it\/blog\/aeroporti-bolivia\/","url":"https:\/\/traveling.com\/it\/blog\/aeroporti-bolivia\/","name":"Aeroporti in Bolivia - Codici IATA, Mappa e Informazioni Di Viaggio","isPartOf":{"@id":"https:\/\/traveling.com\/it\/blog\/#website"},"datePublished":"2021-05-10T09:00:22+00:00","dateModified":"2025-03-24T14:53:49+00:00","description":"Controllate qui tutte le informazioni necessarie degli aeroporti della Bolivia. Troverete la mappa degli aeroporti alla fine di questo post.","breadcrumb":{"@id":"https:\/\/traveling.com\/it\/blog\/aeroporti-bolivia\/#breadcrumb"},"inLanguage":"it-IT","potentialAction":[{"@type":"ReadAction","target":["https:\/\/traveling.com\/it\/blog\/aeroporti-bolivia\/"]}]},{"@type":"BreadcrumbList","@id":"https:\/\/traveling.com\/it\/blog\/aeroporti-bolivia\/#breadcrumb","itemListElement":[{"@type":"ListItem","position":1,"name":"Home","item":"https:\/\/traveling.com\/it\/blog\/"},{"@type":"ListItem","position":2,"name":"Aeroporti in Bolivia"}]},{"@type":"WebSite","@id":"https:\/\/traveling.com\/it\/blog\/#website","url":"https:\/\/traveling.com\/it\/blog\/","name":"Traveling.com Blog","description":"La Tua Guida di Viaggio Completa","potentialAction":[{"@type":"SearchAction","target":{"@type":"EntryPoint","urlTemplate":"https:\/\/traveling.com\/it\/blog\/?s={search_term_string}"},"query-input":"required name=search_term_string"}],"inLanguage":"it-IT"}]}},"_links":{"self":[{"href":"https:\/\/traveling.com\/it\/blog\/wp-json\/wp\/v2\/pages\/7204"}],"collection":[{"href":"https:\/\/traveling.com\/it\/blog\/wp-json\/wp\/v2\/pages"}],"about":[{"href":"https:\/\/traveling.com\/it\/blog\/wp-json\/wp\/v2\/types\/page"}],"author":[{"embeddable":true,"href":"https:\/\/traveling.com\/it\/blog\/wp-json\/wp\/v2\/users\/1"}],"replies":[{"embeddable":true,"href":"https:\/\/traveling.com\/it\/blog\/wp-json\/wp\/v2\/comments?post=7204"}],"version-history":[{"count":15,"href":"https:\/\/traveling.com\/it\/blog\/wp-json\/wp\/v2\/pages\/7204\/revisions"}],"predecessor-version":[{"id":7219,"href":"https:\/\/traveling.com\/it\/blog\/wp-json\/wp\/v2\/pages\/7204\/revisions\/7219"}],"wp:attachment":[{"href":"https:\/\/traveling.com\/it\/blog\/wp-json\/wp\/v2\/media?parent=7204"}],"curies":[{"name":"wp","href":"https:\/\/api.w.org\/{rel}","templated":true}]}}