{"id":7336,"date":"2021-06-07T09:00:07","date_gmt":"2021-06-07T09:00:07","guid":{"rendered":"https:\/\/getbybus.com\/it\/blog\/?page_id=7336"},"modified":"2025-03-24T14:58:44","modified_gmt":"2025-03-24T14:58:44","slug":"aeroporti-territori-del-nord-ovest","status":"publish","type":"page","link":"https:\/\/traveling.com\/it\/blog\/aeroporti-territori-del-nord-ovest\/","title":{"rendered":"Aeroporti nei Territori del Nord-Ovest"},"content":{"rendered":"<p>Ci sono un totale di <strong>17 aeroporti nei Territori del Nord-Ovest del Canada<\/strong> con voli commerciali di linea. Gli aeroporti di Yellowknife e Inuvik sono i pi\u00f9 trafficati e gli unici con un numero significativo di passeggeri. Air Canada e Canadian North hanno entrambe voli regolari da questi aeroporti. Per quanto riguarda il resto degli aeroporti dei Territori del Nordovest, abbiamo incluso<strong> una mappa<\/strong> per capire meglio dove si trova ogni aeroporto.<\/p>\n<h4><span class=\"ez-toc-section\" id=\"Aeroporto_di_Yellowknife_-_Codice_IATA_-_YZF_05_M_passeggeri\"><\/span><strong><span style=\"color: #2a2a2a;\">Aeroporto di Yellowknife<\/span> &#8211; Codice IATA &#8211; YZF (~ 0,5 M passeggeri)<\/strong><span class=\"ez-toc-section-end\"><\/span><\/h4>\n<p>L&#8217;Aeroporto di Yellowknife \u00e8 il principale aeroporto dei Territori del Nord-Ovest, si trova a 5 km a nord-ovest del centro della citt\u00e0. Dall&#8217;aeroporto ci sono voli frequenti per Calgary, Edmonton, Vancouver operati da Air Canada Express, WestJet Encore e Canadian North, che hanno anche voli di linea per molti aeroporti pi\u00f9 piccoli della regione. Anche le compagnie aeree, Air North, Air Tindi, Northwestern Air e North-Wright Airways operano voli di linea dall&#8217;aeroporto. Non ci sono trasporti programmati tra l&#8217;aeroporto e la citt\u00e0.<\/p>\n<h4><span class=\"ez-toc-section\" id=\"Aeroporto_di_Inuvik_Mike_Zubko_-_Codice_IATA_-_YEV\"><\/span><strong><span style=\"color: #2a2a2a;\">Aeroporto di Inuvik (Mike Zubko)<\/span> &#8211; Codice IATA &#8211; YEV<\/strong><span class=\"ez-toc-section-end\"><\/span><\/h4>\n<p>L&#8217;Aeroporto di Inuvik \u00e8 l&#8217;aeroporto nel Territori del Nord-Ovest con il maggior numero di voli programmati. Air North ha voli per Dawson City, Old Crow e Whitehorse, Canadian North ha voli di linea per Edmonton, Norman Wells, Yellowknife, anche Kenn Borek Air e North-Wright Airways operano alcuni voli dall&#8217;aeroporto.<\/p>\n<h3><span class=\"ez-toc-section\" id=\"Aeroporti_piu_piccoli\"><\/span><span style=\"color: #2a2a2a;\">Aeroporti pi\u00f9 piccoli<\/span><span class=\"ez-toc-section-end\"><\/span><\/h3>\n<p><strong><span style=\"color: #2a2a2a;\">Aeroporto di Aklavik\/Freddie Carmichael<\/span> &#8211; Codice IATA &#8211; LAK<\/strong><\/p>\n<ul>\n<li aria-level=\"1\">Citt\u00e0 vicine: Aklavik (0,5 km)<\/li>\n<li aria-level=\"1\">Compagnia aerea: North-Wright Airways<\/li>\n<\/ul>\n<p><strong><span style=\"color: #2a2a2a;\">Aeroporto di Colville Lake <span style=\"color: #000000;\">&#8211; Codice IATA<\/span><\/span> &#8211; YCK<\/strong><\/p>\n<ul>\n<li aria-level=\"1\">Chiamato anche: Aerodromo di Tommy Kochon<\/li>\n<li aria-level=\"1\">Citt\u00e0 vicine: Colville Lake (2 km)<\/li>\n<li aria-level=\"1\">Compagnia aerea: North-Wright Airways<\/li>\n<\/ul>\n<p><strong><span style=\"color: #2a2a2a;\">Aeroporto di D\u00e9line<\/span> &#8211; Codice IATA &#8211; YWJ<\/strong><\/p>\n<ul>\n<li aria-level=\"1\">Citt\u00e0 vicine: Deline (2 km)<\/li>\n<li aria-level=\"1\">Compagnia aerea: North-Wright Airways<\/li>\n<\/ul>\n<p><strong><span style=\"color: #2a2a2a;\">Aeroporto di Fort Good Hope<\/span> &#8211; Codice IATA &#8211; YGH<\/strong><\/p>\n<ul>\n<li aria-level=\"1\">Citt\u00e0 vicine: Fort Good Hope (2 km)<\/li>\n<li aria-level=\"1\">Compagnia aerea: North-Wright Airways<\/li>\n<\/ul>\n<p><strong><span style=\"color: #2a2a2a;\">Aeroporto di Fort McPherson<\/span> &#8211; Codice IATA &#8211; ZFM<\/strong><\/p>\n<ul>\n<li aria-level=\"1\">Citt\u00e0 vicine: Fort McPherson (3,5 km)<\/li>\n<li aria-level=\"1\">Compagnia aerea: Kenn Borek Air<\/li>\n<\/ul>\n<p><strong><span style=\"color: #2a2a2a;\">Aeroporto di Fort Simpson<\/span> &#8211; Codice IATA &#8211; YFS<\/strong><\/p>\n<ul>\n<li aria-level=\"1\">Citt\u00e0 vicine: Fort Simpson (15 km)<\/li>\n<li aria-level=\"1\">Compagnie aeree: Air Tindi, Canadian North<\/li>\n<\/ul>\n<p><strong><span style=\"color: #2a2a2a;\">Aeroporto di Fort Smith<\/span> &#8211; Codice IATA &#8211; YSM<\/strong><\/p>\n<ul>\n<li aria-level=\"1\">Citt\u00e0 vicine: Fort Smith (4 km)<\/li>\n<li aria-level=\"1\">Compagnia aerea: Northwestern Air<\/li>\n<\/ul>\n<p><strong><span style=\"color: #2a2a2a;\">Aeroporto di Rae Lakes<\/span> &#8211; Codice IATA &#8211; YRA<\/strong><\/p>\n<ul>\n<li aria-level=\"1\">Citt\u00e0 vicine: Gam\u00e8t\u00ec (3 km)<\/li>\n<li aria-level=\"1\">Compagnia aerea: Air Tindi<\/li>\n<\/ul>\n<p><strong><span style=\"color: #2a2a2a;\">Aeroporto di Hay River<\/span> &#8211; Codice IATA &#8211; YHY<\/strong><\/p>\n<ul>\n<li aria-level=\"1\">Chiamato anche: Aeroporto di Merlyn Carter<\/li>\n<li aria-level=\"1\">Citt\u00e0 vicine: Hay River (1.5 km)<\/li>\n<li aria-level=\"1\">Compagnie aeree: Canadian North, Northwestern Air<\/li>\n<\/ul>\n<p><strong><span style=\"color: #2a2a2a;\">Aeroporto di Norman Wells<\/span> &#8211; Codice IATA &#8211; YVQ<\/strong><\/p>\n<ul>\n<li aria-level=\"1\">Citt\u00e0 vicine: Norman Wells (0,5 km)<\/li>\n<li aria-level=\"1\">Compagnie aeree: Canadian North, Discovery Air, North-Wright Airways<\/li>\n<\/ul>\n<p><strong><span style=\"color: #2a2a2a;\">Aeroporto di Paulatuk<\/span> &#8211; Codice IATA &#8211; YPC<\/strong><\/p>\n<ul>\n<li aria-level=\"1\">Chiamato anche: Aeroporto di Nora Aliqatchialuk Ruben<\/li>\n<li aria-level=\"1\">Citt\u00e0 vicine: Paulatuk (1 km)<\/li>\n<li aria-level=\"1\">Compagnia aerea: Kenn Borek Air<\/li>\n<\/ul>\n<p><strong><span style=\"color: #2a2a2a;\">Aeroporto di Sachs Harbour<\/span> &#8211; Codice IATA &#8211; YSY<\/strong><\/p>\n<ul>\n<li aria-level=\"1\">Chiamato anche: Aeroporto di David Nasogaluak Jr. Saaryuaq<\/li>\n<li aria-level=\"1\">Citt\u00e0 vicine: Sachs Harbour (1 km)<\/li>\n<li aria-level=\"1\">Compagnia aerea: Kenn Borek Air<\/li>\n<\/ul>\n<p><strong><span style=\"color: #2a2a2a;\">Aeroporto di Tuktoyaktuk\/James Gruben<\/span> &#8211; Codice IATA &#8211; YUB<\/strong><\/p>\n<ul>\n<li aria-level=\"1\">Citt\u00e0 vicine: Tuktoyaktuk (1 km)<\/li>\n<li aria-level=\"1\">Compagnia aerea: Kenn Borek Air<\/li>\n<\/ul>\n<p><strong><span style=\"color: #2a2a2a;\">Aeroporto di Tulita<\/span> &#8211; Codice IATA &#8211; ZFN<\/strong><\/p>\n<ul>\n<li aria-level=\"1\">Citt\u00e0 vicine: Tulita (1 km)<\/li>\n<li aria-level=\"1\">Compagnia aerea: North-Wright Airways<\/li>\n<\/ul>\n<p><strong><span style=\"color: #2a2a2a;\">Aeroporto di Ulukhaktok\/Holman<\/span> &#8211; Codice IATA &#8211; YHI<\/strong><\/p>\n<ul>\n<li aria-level=\"1\">Citt\u00e0 vicine: Ulukhaktok (3.5 km)<\/li>\n<li aria-level=\"1\">Compagnie aeree: Canadian North, Kenn Borek Air<\/li>\n<\/ul>\n<h3><span class=\"ez-toc-section\" id=\"Aeroporti_nelle_province_limitrofe\"><\/span><span style=\"color: #2a2a2a;\">Aeroporti nelle province limitrofe<\/span><span class=\"ez-toc-section-end\"><\/span><\/h3>\n<table style=\"border-collapse: collapse; width: 100%;\" border=\"1\">\n<tbody>\n<tr>\n<td style=\"width: 20%; text-align: center;\"><a href=\"https:\/\/Traveling.com\/it\/blog\/aeroporti-nunavut\/\"><span style=\"color: #2a2a2a;\"><strong>Aeroporti in Nunavut<\/strong><\/span><\/a><\/td>\n<td style=\"width: 20%; text-align: center;\"><a href=\"https:\/\/Traveling.com\/it\/blog\/aeroporti-yukon\/\"><span style=\"color: #2a2a2a;\"><strong>Aeroporti in Yukon<\/strong><\/span><\/a><\/td>\n<td style=\"width: 20%; text-align: center;\"><a href=\"https:\/\/Traveling.com\/it\/blog\/aeroporti-columbia-britannica\/\"><span style=\"color: #2a2a2a;\"><strong>Aeroporti in Columbia Britannica<\/strong><\/span><\/a><\/td>\n<td style=\"width: 20%; text-align: center;\"><a href=\"https:\/\/Traveling.com\/it\/blog\/aeroporti-alberta\/\"><span style=\"color: #2a2a2a;\"><strong>Aeroporti in Alberta<\/strong><\/span><\/a><\/td>\n<td style=\"width: 20%; text-align: center;\"><a href=\"https:\/\/Traveling.com\/it\/blog\/aeroporti-saskatchewan\/\"><span style=\"color: #2a2a2a;\"><strong>Aeroporti in Saskatchewan<\/strong><\/span><\/a><\/td>\n<\/tr>\n<\/tbody>\n<\/table>\n<h3><span class=\"ez-toc-section\" id=\"Mappa_degli_aeroporti_dei_Territori_del_Nordovest\"><\/span><span style=\"color: #2a2a2a;\">Mappa degli aeroporti dei Territori del Nordovest<\/span><span class=\"ez-toc-section-end\"><\/span><\/h3>\n<p><iframe src=\"https:\/\/www.google.com\/maps\/d\/embed?mid=1qqaMfhWbO7e0YwdK0SE1ilG8BnBDpac8\" width=\"640\" height=\"480\"><\/iframe><\/p>\n","protected":false},"excerpt":{"rendered":"<p>Ci sono un totale di 17 aeroporti nei Territori del Nord-Ovest del Canada con voli commerciali di linea. Gli aeroporti di Yellowknife e Inuvik sono i pi\u00f9 trafficati e gli unici con un numero significativo di passeggeri. Air Canada e Canadian North hanno entrambe voli regolari da questi aeroporti. Per quanto riguarda il resto degli [&hellip;]<\/p>\n<p><a class=\"more-link btn btn-primary\" href=\"https:\/\/traveling.com\/it\/blog\/aeroporti-territori-del-nord-ovest\/\"> Continua a leggere\u2026<\/a><\/p>\n","protected":false},"author":1,"featured_media":0,"parent":0,"menu_order":0,"comment_status":"closed","ping_status":"closed","template":"","meta":[],"yoast_head":"<!-- This site is optimized with the Yoast SEO plugin v19.8 - https:\/\/yoast.com\/wordpress\/plugins\/seo\/ -->\n<title>Aeroporti nei Territori del Nord-Ovest - Codici IATA, Mappa e Informazioni<\/title>\n<meta name=\"description\" content=\"Controllate qui tutte le informazioni necessarie degli aeroporti dei Territori del Nordovest. Troverete la mappa degli aeroporti alla fine di questo post.\" \/>\n<meta name=\"robots\" content=\"index, follow, max-snippet:-1, max-image-preview:large, max-video-preview:-1\" \/>\n<link rel=\"canonical\" href=\"https:\/\/traveling.com\/it\/blog\/aeroporti-territori-del-nord-ovest\/\" \/>\n<meta property=\"og:locale\" content=\"it_IT\" \/>\n<meta property=\"og:type\" content=\"article\" \/>\n<meta property=\"og:title\" content=\"Aeroporti nei Territori del Nord-Ovest - Codici IATA, Mappa e Informazioni\" \/>\n<meta property=\"og:description\" content=\"Controllate qui tutte le informazioni necessarie degli aeroporti dei Territori del Nordovest. Troverete la mappa degli aeroporti alla fine di questo post.\" \/>\n<meta property=\"og:url\" content=\"https:\/\/traveling.com\/it\/blog\/aeroporti-territori-del-nord-ovest\/\" \/>\n<meta property=\"og:site_name\" content=\"Traveling.com Blog\" \/>\n<meta property=\"article:modified_time\" content=\"2025-03-24T14:58:44+00:00\" \/>\n<meta name=\"twitter:card\" content=\"summary_large_image\" \/>\n<meta name=\"twitter:label1\" content=\"Est. reading time\" \/>\n\t<meta name=\"twitter:data1\" content=\"3 minutes\" \/>\n<script type=\"application\/ld+json\" class=\"yoast-schema-graph\">{\"@context\":\"https:\/\/schema.org\",\"@graph\":[{\"@type\":\"WebPage\",\"@id\":\"https:\/\/traveling.com\/it\/blog\/aeroporti-territori-del-nord-ovest\/\",\"url\":\"https:\/\/traveling.com\/it\/blog\/aeroporti-territori-del-nord-ovest\/\",\"name\":\"Aeroporti nei Territori del Nord-Ovest - Codici IATA, Mappa e Informazioni\",\"isPartOf\":{\"@id\":\"https:\/\/traveling.com\/it\/blog\/#website\"},\"datePublished\":\"2021-06-07T09:00:07+00:00\",\"dateModified\":\"2025-03-24T14:58:44+00:00\",\"description\":\"Controllate qui tutte le informazioni necessarie degli aeroporti dei Territori del Nordovest. Troverete la mappa degli aeroporti alla fine di questo post.\",\"breadcrumb\":{\"@id\":\"https:\/\/traveling.com\/it\/blog\/aeroporti-territori-del-nord-ovest\/#breadcrumb\"},\"inLanguage\":\"it-IT\",\"potentialAction\":[{\"@type\":\"ReadAction\",\"target\":[\"https:\/\/traveling.com\/it\/blog\/aeroporti-territori-del-nord-ovest\/\"]}]},{\"@type\":\"BreadcrumbList\",\"@id\":\"https:\/\/traveling.com\/it\/blog\/aeroporti-territori-del-nord-ovest\/#breadcrumb\",\"itemListElement\":[{\"@type\":\"ListItem\",\"position\":1,\"name\":\"Home\",\"item\":\"https:\/\/traveling.com\/it\/blog\/\"},{\"@type\":\"ListItem\",\"position\":2,\"name\":\"Aeroporti nei Territori del Nord-Ovest\"}]},{\"@type\":\"WebSite\",\"@id\":\"https:\/\/traveling.com\/it\/blog\/#website\",\"url\":\"https:\/\/traveling.com\/it\/blog\/\",\"name\":\"Traveling.com Blog\",\"description\":\"La Tua Guida di Viaggio Completa\",\"potentialAction\":[{\"@type\":\"SearchAction\",\"target\":{\"@type\":\"EntryPoint\",\"urlTemplate\":\"https:\/\/traveling.com\/it\/blog\/?s={search_term_string}\"},\"query-input\":\"required name=search_term_string\"}],\"inLanguage\":\"it-IT\"}]}<\/script>\n<!-- \/ Yoast SEO plugin. -->","yoast_head_json":{"title":"Aeroporti nei Territori del Nord-Ovest - Codici IATA, Mappa e Informazioni","description":"Controllate qui tutte le informazioni necessarie degli aeroporti dei Territori del Nordovest. Troverete la mappa degli aeroporti alla fine di questo post.","robots":{"index":"index","follow":"follow","max-snippet":"max-snippet:-1","max-image-preview":"max-image-preview:large","max-video-preview":"max-video-preview:-1"},"canonical":"https:\/\/traveling.com\/it\/blog\/aeroporti-territori-del-nord-ovest\/","og_locale":"it_IT","og_type":"article","og_title":"Aeroporti nei Territori del Nord-Ovest - Codici IATA, Mappa e Informazioni","og_description":"Controllate qui tutte le informazioni necessarie degli aeroporti dei Territori del Nordovest. Troverete la mappa degli aeroporti alla fine di questo post.","og_url":"https:\/\/traveling.com\/it\/blog\/aeroporti-territori-del-nord-ovest\/","og_site_name":"Traveling.com Blog","article_modified_time":"2025-03-24T14:58:44+00:00","twitter_card":"summary_large_image","twitter_misc":{"Est. reading time":"3 minutes"},"schema":{"@context":"https:\/\/schema.org","@graph":[{"@type":"WebPage","@id":"https:\/\/traveling.com\/it\/blog\/aeroporti-territori-del-nord-ovest\/","url":"https:\/\/traveling.com\/it\/blog\/aeroporti-territori-del-nord-ovest\/","name":"Aeroporti nei Territori del Nord-Ovest - Codici IATA, Mappa e Informazioni","isPartOf":{"@id":"https:\/\/traveling.com\/it\/blog\/#website"},"datePublished":"2021-06-07T09:00:07+00:00","dateModified":"2025-03-24T14:58:44+00:00","description":"Controllate qui tutte le informazioni necessarie degli aeroporti dei Territori del Nordovest. Troverete la mappa degli aeroporti alla fine di questo post.","breadcrumb":{"@id":"https:\/\/traveling.com\/it\/blog\/aeroporti-territori-del-nord-ovest\/#breadcrumb"},"inLanguage":"it-IT","potentialAction":[{"@type":"ReadAction","target":["https:\/\/traveling.com\/it\/blog\/aeroporti-territori-del-nord-ovest\/"]}]},{"@type":"BreadcrumbList","@id":"https:\/\/traveling.com\/it\/blog\/aeroporti-territori-del-nord-ovest\/#breadcrumb","itemListElement":[{"@type":"ListItem","position":1,"name":"Home","item":"https:\/\/traveling.com\/it\/blog\/"},{"@type":"ListItem","position":2,"name":"Aeroporti nei Territori del Nord-Ovest"}]},{"@type":"WebSite","@id":"https:\/\/traveling.com\/it\/blog\/#website","url":"https:\/\/traveling.com\/it\/blog\/","name":"Traveling.com Blog","description":"La Tua Guida di Viaggio Completa","potentialAction":[{"@type":"SearchAction","target":{"@type":"EntryPoint","urlTemplate":"https:\/\/traveling.com\/it\/blog\/?s={search_term_string}"},"query-input":"required name=search_term_string"}],"inLanguage":"it-IT"}]}},"_links":{"self":[{"href":"https:\/\/traveling.com\/it\/blog\/wp-json\/wp\/v2\/pages\/7336"}],"collection":[{"href":"https:\/\/traveling.com\/it\/blog\/wp-json\/wp\/v2\/pages"}],"about":[{"href":"https:\/\/traveling.com\/it\/blog\/wp-json\/wp\/v2\/types\/page"}],"author":[{"embeddable":true,"href":"https:\/\/traveling.com\/it\/blog\/wp-json\/wp\/v2\/users\/1"}],"replies":[{"embeddable":true,"href":"https:\/\/traveling.com\/it\/blog\/wp-json\/wp\/v2\/comments?post=7336"}],"version-history":[{"count":9,"href":"https:\/\/traveling.com\/it\/blog\/wp-json\/wp\/v2\/pages\/7336\/revisions"}],"predecessor-version":[{"id":8168,"href":"https:\/\/traveling.com\/it\/blog\/wp-json\/wp\/v2\/pages\/7336\/revisions\/8168"}],"wp:attachment":[{"href":"https:\/\/traveling.com\/it\/blog\/wp-json\/wp\/v2\/media?parent=7336"}],"curies":[{"name":"wp","href":"https:\/\/api.w.org\/{rel}","templated":true}]}}