{"id":7740,"date":"2021-06-22T17:45:32","date_gmt":"2021-06-22T17:45:32","guid":{"rendered":"https:\/\/getbybus.com\/it\/blog\/?page_id=7740"},"modified":"2025-03-24T14:58:34","modified_gmt":"2025-03-24T14:58:34","slug":"aeroporti-michigan","status":"publish","type":"page","link":"https:\/\/traveling.com\/it\/blog\/aeroporti-michigan\/","title":{"rendered":"Aeroporti in Michigan"},"content":{"rendered":"<p>Il <strong>Michigan<\/strong> ha <strong>15 aeroporti<\/strong> che offrono voli commerciali. Di questi quindici, solo l&#8217;Aeroporto di Detroit \u00e8 classificato come un <i>grande <\/i>aeroporto <i>hub<\/i>, mentre il resto sono <i>piccoli <\/i>aeroporti o aeroporti <i>non hub<\/i>. L&#8217;Aeroporto di Gerald R. Ford segue l&#8217;Aeroporto di Detroit come il secondo aeroporto statale pi\u00f9 trafficato. Gli aeroporti pi\u00f9 piccoli del Michigan sono serviti principalmente da Delta e United Airlines. Per capire meglio dove si trova ogni aeroporto, abbiamo incluso una <strong>mappa degli aeroporti del Michigan<\/strong> alla fine del post.<\/p>\n<h3><span class=\"ez-toc-section\" id=\"Elenco_degli_aeroporti\"><\/span><span style=\"color: #2a2a2a;\">Elenco degli aeroporti<\/span><span class=\"ez-toc-section-end\"><\/span><\/h3>\n<h4><span class=\"ez-toc-section\" id=\"Aeroporto_Metropolitano_di_Detroit-Contea_di_Wayne_-_Codice_IATA_-_DTW_367_milioni_di_passeggeri\"><\/span><span style=\"color: #2a2a2a;\">Aeroporto Metropolitano di Detroit-Contea di Wayne<\/span> &#8211; Codice IATA &#8211; DTW (~ 36,7 milioni di passeggeri)<span class=\"ez-toc-section-end\"><\/span><\/h4>\n<p>L&#8217;<strong>Aeroporto Metropolitano di Detroit<\/strong> \u00e8 il principale aeroporto che serve la citt\u00e0 di Detroit. Inoltre, \u00e8 il pi\u00f9 grande aeroporto del Michigan, nonch\u00e9 uno dei 20 aeroporti pi\u00f9 trafficati degli Stati Uniti. L&#8217;Aeroporto DTW funge da hub principale per <strong>Delta<\/strong> e <strong>Spirit Airlines<\/strong>. \u00c8 collegato con numerose destinazioni negli Stati Uniti e nel mondo. Atlanta \u00e8 la destinazione nazionale pi\u00f9 trafficata mentre la destinazione internazionale pi\u00f9 trafficata \u00e8 Amsterdam. Per quanto riguarda l&#8217;aeroporto stesso, ha 2 terminal con 4 atri. La distanza tra l&#8217;Aeroporto Metropolitano e la citt\u00e0 di Detroit \u00e8 di circa 30 km, quindi arrivarci potrebbe richiedere del tempo. Tuttavia, i passeggeri possono scegliere tra navette, condivisioni auto, taxi e trasporti pubblici.<\/p>\n<h4><span class=\"ez-toc-section\" id=\"Aeroporto_Internazionale_di_Gerald_R_Ford_-_Codice_IATA_-_GRR_35_milioni_di_passeggeri\"><\/span><span style=\"color: #2a2a2a;\">Aeroporto Internazionale di Gerald R. Ford<\/span> &#8211; Codice IATA &#8211; GRR (~ 3,5 milioni di passeggeri)<span class=\"ez-toc-section-end\"><\/span><\/h4>\n<p>L&#8217;<strong>Aeroporto di Gerald R. Ford<\/strong> \u00e8 un altro aeroporto commerciale del Michigan, situato a circa 20 km a sud-est di Grand Rapids. Altri nomi di aeroporti includono Aeroporto della Contea di Kent e Aeroporto di Grand Rapids. L&#8217;aeroporto offre principalmente voli nazionali, solitamente di <strong>American<\/strong>, <strong>Delta<\/strong> e <strong>Allegiant Air Airlines<\/strong>. \u00c8 una scelta comune quando si visitano Grand Rapids e le vicine Foreste nazionali di Huron-Manistee. Per spostarsi in citt\u00e0, i passeggeri possono scegliere il trasporto pubblico The Rapid, navette e taxi.<\/p>\n<p><strong><span style=\"color: #2a2a2a;\">Aeroporto Internazionale di Bishop<\/span> &#8211; Codice IATA &#8211; FNT<\/strong><\/p>\n<ul>\n<li aria-level=\"1\">Citt\u00e0 vicine: Flint (8 km)<\/li>\n<li aria-level=\"1\">Compagnie aeree: Allegiant Air, American, Delta<\/li>\n<\/ul>\n<p><strong><span style=\"color: #2a2a2a;\">Aeroporto di Cherry Capital<\/span> &#8211; Codice IATA &#8211; TVC<\/strong><\/p>\n<ul>\n<li aria-level=\"1\">Chiamato anche: Cherry County Airpark<\/li>\n<li aria-level=\"1\">Citt\u00e0 vicine: Traverse City (4 km)<\/li>\n<li aria-level=\"1\">Compagnie aeree: Allegiant Air, American, Delta<\/li>\n<\/ul>\n<p><strong><span style=\"color: #2a2a2a;\">Aeroporto di Lansing Capital City<\/span> &#8211; Codice IATA &#8211; LAN<\/strong><\/p>\n<ul>\n<li aria-level=\"1\">Chiamato anche: Aeroporto Internazionale della Regione della Capitale<\/li>\n<li aria-level=\"1\">Citt\u00e0 vicine: Lansing (5 km)<\/li>\n<li aria-level=\"1\">Compagnie aeree: American Eagle, Delta, United<\/li>\n<\/ul>\n<p><strong><span style=\"color: #2a2a2a;\">Aeroporto di Kalamazoo \/ Battle Creek<\/span> &#8211; Codice IATA &#8211; AZO<\/strong><\/p>\n<ul>\n<li aria-level=\"1\">Citt\u00e0 vicine: Kalamazoo (5 km)<\/li>\n<li aria-level=\"1\">Compagnie aeree: American Eagle, Delta, United<\/li>\n<\/ul>\n<p><strong><span style=\"color: #2a2a2a;\">Aeroporto Internazionale di Midland<\/span> &#8211; Codice IATA &#8211; MBS<\/strong><\/p>\n<ul>\n<li aria-level=\"1\">Chiamato anche: Aeroporto Internazionale MBS<\/li>\n<li aria-level=\"1\">Citt\u00e0 vicine: Midland (20 km), Saginaw (25 km)<\/li>\n<li aria-level=\"1\">Compagnie aeree: Delta, United<\/li>\n<\/ul>\n<p><strong><span style=\"color: #2a2a2a;\">Aeroporto Internazionale di Sawyer<\/span> &#8211; Codice IATA &#8211; MQT<\/strong><\/p>\n<ul>\n<li aria-level=\"1\">Citt\u00e0 vicine: Marquette (30 km)<\/li>\n<li aria-level=\"1\">Compagnie aeree: Delta, American<\/li>\n<\/ul>\n<p><strong><span style=\"color: #2a2a2a;\">Aeroporto Regionale di Pellston<\/span> &#8211; Codice IATA &#8211; PLN<\/strong><\/p>\n<ul>\n<li aria-level=\"1\">Chiamato anche: Aeroporto Regionale di Pellston della Contea di Emmet<\/li>\n<li aria-level=\"1\">Citt\u00e0 vicine: Peliston (1.6 km)<\/li>\n<li aria-level=\"1\">Compagnia aerea: Delta<\/li>\n<\/ul>\n<p><strong><span style=\"color: #2a2a2a;\">Aeroporto Memoriale della Contea di Houghton<\/span> &#8211; Codice IATA &#8211; CMX<\/strong><\/p>\n<ul>\n<li aria-level=\"1\">Citt\u00e0 vicine: Calumet (7 km)<\/li>\n<li aria-level=\"1\">Compagnia aerea: United<\/li>\n<\/ul>\n<p><strong><span style=\"color: #2a2a2a;\">Aeroporto Internazionale della Contea di Chippewa<\/span> &#8211; Codice IATA &#8211; CIU<\/strong><\/p>\n<ul>\n<li aria-level=\"1\">Citt\u00e0 vicine: Sault Ste. Marie (28 km)<\/li>\n<li aria-level=\"1\">Compagnia aerea: Delta<\/li>\n<\/ul>\n<p><strong><span style=\"color: #2a2a2a;\">Aeroporto della Contea di Muskegon<\/span> &#8211; Codice IATA &#8211; MKG<\/strong><\/p>\n<ul>\n<li aria-level=\"1\">Citt\u00e0 vicine: Muskegon (7 km)<\/li>\n<li aria-level=\"1\">Compagnia aerea: United<\/li>\n<\/ul>\n<p><strong><span style=\"color: #2a2a2a;\">Aeroporto della Contea di Delta<\/span> &#8211; Codice IATA &#8211; ESC<\/strong><\/p>\n<ul>\n<li aria-level=\"1\">Citt\u00e0 vicine: Escanaba (4 km)<\/li>\n<li aria-level=\"1\">Compagnia aerea: Delta<\/li>\n<\/ul>\n<p><strong><span style=\"color: #2a2a2a;\">Aeroporto di Iron Mountain<\/span> &#8211; Codice IATA &#8211; IMT<\/strong><\/p>\n<ul>\n<li aria-level=\"1\">Chiamato anche: Aeroporto di Ford<\/li>\n<li aria-level=\"1\">Citt\u00e0 vicine: Iron Mountain (5 km)<\/li>\n<li aria-level=\"1\">Compagnia aerea: Delta<\/li>\n<\/ul>\n<p><strong><span style=\"color: #2a2a2a;\">Aeroporto Regionale della Contea di Alpena<\/span> &#8211; Codice IATA &#8211; APN<\/strong><\/p>\n<ul>\n<li aria-level=\"1\">Citt\u00e0 vicine: Alpena (11 km)<\/li>\n<li aria-level=\"1\">Compagnia aerea: Delta<\/li>\n<\/ul>\n<h3><span class=\"ez-toc-section\" id=\"Aeroporti_negli_stati_vicini\"><\/span><span style=\"color: #2a2a2a;\">Aeroporti negli stati vicini<\/span><span class=\"ez-toc-section-end\"><\/span><\/h3>\n<table style=\"border-collapse: collapse; width: 100%;\" border=\"1\">\n<tbody>\n<tr>\n<td style=\"width: 33.3333%; text-align: center;\"><a href=\"https:\/\/Traveling.com\/it\/blog\/aeroporti-ohio\/\"><strong><span style=\"color: #2a2a2a;\">Aeroporti in Ohio<\/span><\/strong><\/a><\/td>\n<td style=\"width: 33.3333%; text-align: center;\"><a href=\"https:\/\/Traveling.com\/it\/blog\/aeroporti-wisconsin\/\"><span style=\"color: #2a2a2a;\"><strong>Aeroporti in Wisconsin<\/strong><\/span><\/a><\/td>\n<td style=\"width: 33.3333%; text-align: center;\"><a href=\"https:\/\/Traveling.com\/it\/blog\/aeroporti-indiana\/\"><span style=\"color: #2a2a2a;\"><strong>Aeroporti in Indiana<\/strong><\/span><\/a><\/td>\n<\/tr>\n<\/tbody>\n<\/table>\n<h3><span class=\"ez-toc-section\" id=\"Mappa_degli_aeroporti_del_Michigan\"><\/span><span style=\"color: #2a2a2a;\">Mappa degli aeroporti del Michigan<\/span><span class=\"ez-toc-section-end\"><\/span><\/h3>\n<p><iframe src=\"https:\/\/www.google.com\/maps\/d\/embed?mid=18vgBh3-ka26kjKDTJtWMWrOw30mPuHBD\" width=\"640\" height=\"480\"><\/iframe><\/p>\n","protected":false},"excerpt":{"rendered":"<p>Il Michigan ha 15 aeroporti che offrono voli commerciali. Di questi quindici, solo l&#8217;Aeroporto di Detroit \u00e8 classificato come un grande aeroporto hub, mentre il resto sono piccoli aeroporti o aeroporti non hub. L&#8217;Aeroporto di Gerald R. Ford segue l&#8217;Aeroporto di Detroit come il secondo aeroporto statale pi\u00f9 trafficato. Gli aeroporti pi\u00f9 piccoli del Michigan [&hellip;]<\/p>\n<p><a class=\"more-link btn btn-primary\" href=\"https:\/\/traveling.com\/it\/blog\/aeroporti-michigan\/\"> Continua a leggere\u2026<\/a><\/p>\n","protected":false},"author":1,"featured_media":0,"parent":0,"menu_order":0,"comment_status":"closed","ping_status":"closed","template":"","meta":[],"yoast_head":"<!-- This site is optimized with the Yoast SEO plugin v19.8 - https:\/\/yoast.com\/wordpress\/plugins\/seo\/ -->\n<title>Aeroporti in Michigan - Codici IATA, Mappa e Informazioni Di Viaggio<\/title>\n<meta name=\"description\" content=\"Controllate qui tutte le informazioni necessarie degli aeroporti del Michigan. Troverete la mappa degli aeroporti alla fine di questo post.\" \/>\n<meta name=\"robots\" content=\"index, follow, max-snippet:-1, max-image-preview:large, max-video-preview:-1\" \/>\n<link rel=\"canonical\" href=\"https:\/\/traveling.com\/it\/blog\/aeroporti-michigan\/\" \/>\n<meta property=\"og:locale\" content=\"it_IT\" \/>\n<meta property=\"og:type\" content=\"article\" \/>\n<meta property=\"og:title\" content=\"Aeroporti in Michigan - Codici IATA, Mappa e Informazioni Di Viaggio\" \/>\n<meta property=\"og:description\" content=\"Controllate qui tutte le informazioni necessarie degli aeroporti del Michigan. Troverete la mappa degli aeroporti alla fine di questo post.\" \/>\n<meta property=\"og:url\" content=\"https:\/\/traveling.com\/it\/blog\/aeroporti-michigan\/\" \/>\n<meta property=\"og:site_name\" content=\"Traveling.com Blog\" \/>\n<meta property=\"article:modified_time\" content=\"2025-03-24T14:58:34+00:00\" \/>\n<meta name=\"twitter:card\" content=\"summary_large_image\" \/>\n<meta name=\"twitter:label1\" content=\"Est. reading time\" \/>\n\t<meta name=\"twitter:data1\" content=\"3 minutes\" \/>\n<script type=\"application\/ld+json\" class=\"yoast-schema-graph\">{\"@context\":\"https:\/\/schema.org\",\"@graph\":[{\"@type\":\"WebPage\",\"@id\":\"https:\/\/traveling.com\/it\/blog\/aeroporti-michigan\/\",\"url\":\"https:\/\/traveling.com\/it\/blog\/aeroporti-michigan\/\",\"name\":\"Aeroporti in Michigan - Codici IATA, Mappa e Informazioni Di Viaggio\",\"isPartOf\":{\"@id\":\"https:\/\/traveling.com\/it\/blog\/#website\"},\"datePublished\":\"2021-06-22T17:45:32+00:00\",\"dateModified\":\"2025-03-24T14:58:34+00:00\",\"description\":\"Controllate qui tutte le informazioni necessarie degli aeroporti del Michigan. Troverete la mappa degli aeroporti alla fine di questo post.\",\"breadcrumb\":{\"@id\":\"https:\/\/traveling.com\/it\/blog\/aeroporti-michigan\/#breadcrumb\"},\"inLanguage\":\"it-IT\",\"potentialAction\":[{\"@type\":\"ReadAction\",\"target\":[\"https:\/\/traveling.com\/it\/blog\/aeroporti-michigan\/\"]}]},{\"@type\":\"BreadcrumbList\",\"@id\":\"https:\/\/traveling.com\/it\/blog\/aeroporti-michigan\/#breadcrumb\",\"itemListElement\":[{\"@type\":\"ListItem\",\"position\":1,\"name\":\"Home\",\"item\":\"https:\/\/traveling.com\/it\/blog\/\"},{\"@type\":\"ListItem\",\"position\":2,\"name\":\"Aeroporti in Michigan\"}]},{\"@type\":\"WebSite\",\"@id\":\"https:\/\/traveling.com\/it\/blog\/#website\",\"url\":\"https:\/\/traveling.com\/it\/blog\/\",\"name\":\"Traveling.com Blog\",\"description\":\"La Tua Guida di Viaggio Completa\",\"potentialAction\":[{\"@type\":\"SearchAction\",\"target\":{\"@type\":\"EntryPoint\",\"urlTemplate\":\"https:\/\/traveling.com\/it\/blog\/?s={search_term_string}\"},\"query-input\":\"required name=search_term_string\"}],\"inLanguage\":\"it-IT\"}]}<\/script>\n<!-- \/ Yoast SEO plugin. -->","yoast_head_json":{"title":"Aeroporti in Michigan - Codici IATA, Mappa e Informazioni Di Viaggio","description":"Controllate qui tutte le informazioni necessarie degli aeroporti del Michigan. Troverete la mappa degli aeroporti alla fine di questo post.","robots":{"index":"index","follow":"follow","max-snippet":"max-snippet:-1","max-image-preview":"max-image-preview:large","max-video-preview":"max-video-preview:-1"},"canonical":"https:\/\/traveling.com\/it\/blog\/aeroporti-michigan\/","og_locale":"it_IT","og_type":"article","og_title":"Aeroporti in Michigan - Codici IATA, Mappa e Informazioni Di Viaggio","og_description":"Controllate qui tutte le informazioni necessarie degli aeroporti del Michigan. Troverete la mappa degli aeroporti alla fine di questo post.","og_url":"https:\/\/traveling.com\/it\/blog\/aeroporti-michigan\/","og_site_name":"Traveling.com Blog","article_modified_time":"2025-03-24T14:58:34+00:00","twitter_card":"summary_large_image","twitter_misc":{"Est. reading time":"3 minutes"},"schema":{"@context":"https:\/\/schema.org","@graph":[{"@type":"WebPage","@id":"https:\/\/traveling.com\/it\/blog\/aeroporti-michigan\/","url":"https:\/\/traveling.com\/it\/blog\/aeroporti-michigan\/","name":"Aeroporti in Michigan - Codici IATA, Mappa e Informazioni Di Viaggio","isPartOf":{"@id":"https:\/\/traveling.com\/it\/blog\/#website"},"datePublished":"2021-06-22T17:45:32+00:00","dateModified":"2025-03-24T14:58:34+00:00","description":"Controllate qui tutte le informazioni necessarie degli aeroporti del Michigan. Troverete la mappa degli aeroporti alla fine di questo post.","breadcrumb":{"@id":"https:\/\/traveling.com\/it\/blog\/aeroporti-michigan\/#breadcrumb"},"inLanguage":"it-IT","potentialAction":[{"@type":"ReadAction","target":["https:\/\/traveling.com\/it\/blog\/aeroporti-michigan\/"]}]},{"@type":"BreadcrumbList","@id":"https:\/\/traveling.com\/it\/blog\/aeroporti-michigan\/#breadcrumb","itemListElement":[{"@type":"ListItem","position":1,"name":"Home","item":"https:\/\/traveling.com\/it\/blog\/"},{"@type":"ListItem","position":2,"name":"Aeroporti in Michigan"}]},{"@type":"WebSite","@id":"https:\/\/traveling.com\/it\/blog\/#website","url":"https:\/\/traveling.com\/it\/blog\/","name":"Traveling.com Blog","description":"La Tua Guida di Viaggio Completa","potentialAction":[{"@type":"SearchAction","target":{"@type":"EntryPoint","urlTemplate":"https:\/\/traveling.com\/it\/blog\/?s={search_term_string}"},"query-input":"required name=search_term_string"}],"inLanguage":"it-IT"}]}},"_links":{"self":[{"href":"https:\/\/traveling.com\/it\/blog\/wp-json\/wp\/v2\/pages\/7740"}],"collection":[{"href":"https:\/\/traveling.com\/it\/blog\/wp-json\/wp\/v2\/pages"}],"about":[{"href":"https:\/\/traveling.com\/it\/blog\/wp-json\/wp\/v2\/types\/page"}],"author":[{"embeddable":true,"href":"https:\/\/traveling.com\/it\/blog\/wp-json\/wp\/v2\/users\/1"}],"replies":[{"embeddable":true,"href":"https:\/\/traveling.com\/it\/blog\/wp-json\/wp\/v2\/comments?post=7740"}],"version-history":[{"count":9,"href":"https:\/\/traveling.com\/it\/blog\/wp-json\/wp\/v2\/pages\/7740\/revisions"}],"predecessor-version":[{"id":8212,"href":"https:\/\/traveling.com\/it\/blog\/wp-json\/wp\/v2\/pages\/7740\/revisions\/8212"}],"wp:attachment":[{"href":"https:\/\/traveling.com\/it\/blog\/wp-json\/wp\/v2\/media?parent=7740"}],"curies":[{"name":"wp","href":"https:\/\/api.w.org\/{rel}","templated":true}]}}