{"id":7826,"date":"2021-06-22T15:07:15","date_gmt":"2021-06-22T15:07:15","guid":{"rendered":"https:\/\/getbybus.com\/it\/blog\/?page_id=7826"},"modified":"2025-03-24T14:58:46","modified_gmt":"2025-03-24T14:58:46","slug":"aeroporti-carolina-del-nord","status":"publish","type":"page","link":"https:\/\/traveling.com\/it\/blog\/aeroporti-carolina-del-nord\/","title":{"rendered":"Aeroporti nella Carolina del Nord"},"content":{"rendered":"<p>Lo stato della Carolina del Nord ha<strong> 11 aeroporti<\/strong> che offrono voli commerciali. La maggior parte di questi sono <i>piccoli <\/i>aeroporti <i>hub <\/i>e <i>non hub<\/i>, mentre l&#8217;Aeroporto di Charlotte \u00e8 l&#8217;unico di grandi dimensioni. Tuttavia, nonostante le loro classificazioni, gli aeroporti della Carolina del Nord insieme gestiscono pi\u00f9 di 70 milioni di passeggeri ogni anno. Ecco perch\u00e9 i passeggeri possono scegliere tra diversi aeroporti quando viaggiano in Carolina del Nord. Per capire meglio dove si trova ogni aeroporto, assicuratevi di controllare la <strong>mappa degli aeroporti della Carolina del Nord<\/strong> alla fine.<\/p>\n<h3><span class=\"ez-toc-section\" id=\"Elenco_degli_aeroporti\"><\/span><span style=\"color: #2a2a2a;\">Elenco degli aeroporti<\/span><span class=\"ez-toc-section-end\"><\/span><\/h3>\n<h4><span class=\"ez-toc-section\" id=\"Aeroporto_Internazionale_di_Charlotte_Douglas_-_Codice_IATA_-_CLT_50_milioni_di_passeggeri\"><\/span><span style=\"color: #2a2a2a;\">Aeroporto Internazionale di Charlotte Douglas<\/span> &#8211; Codice IATA &#8211; CLT (~ 50 milioni di passeggeri)<span class=\"ez-toc-section-end\"><\/span><\/h4>\n<p>L&#8217;<strong>Aeroporto Internazionale di Charlotte<\/strong> \u00e8 uno degli aeroporti statunitensi pi\u00f9 trafficati, situato a circa 10 km a ovest del centro di Charlotte. Pi\u00f9 di una dozzina di compagnie aeree operano presso l&#8217;aeroporto, collegando poco meno di 200 destinazioni. <strong>American Airlines<\/strong> e <strong>American Eagle<\/strong> gestiscono attualmente la maggior parte dei voli. La maggior parte dei voli tutto l&#8217;anno sono per le citt\u00e0 degli Stati Uniti, ma ci sono anche voli stagionali per le citt\u00e0 europee. Il trasferimento da e per l&#8217;Aeroporto CLT avviene tramite il servizio pubblico CATS, navette e taxi.<\/p>\n<h4><span class=\"ez-toc-section\" id=\"Aeroporto_Internazionale_di_Raleigh-Durham_-_Codice_IATA_-_RDU_14_milioni_di_passeggeri\"><\/span><span style=\"color: #2a2a2a;\">Aeroporto Internazionale di Raleigh-Durham<\/span> &#8211; Codice IATA &#8211; RDU (~ 14 milioni di passeggeri)<span class=\"ez-toc-section-end\"><\/span><\/h4>\n<p>L&#8217;<strong>Aeroporto di Raleigh-Durham<\/strong> \u00e8 un aeroporto internazionale degli Stati Uniti che serve la citt\u00e0 di Raleigh e la Regione del Triangolo. Circa 70 compagnie aeree servono l&#8217;Aeroporto RDU, gestendo circa 500 voli giornalieri. Oltre ai voli per le citt\u00e0 degli Stati Uniti, ci sono anche voli stagionali per Porto Rico, Messico e le grandi citt\u00e0 europee. La posizione esatta dell&#8217;aeroporto \u00e8 a circa 20 km a nord ovest dalla citt\u00e0 di Raleigh.<\/p>\n<h4><span class=\"ez-toc-section\" id=\"Aeroporto_Internazionale_di_Piedmont_Triad_-_Codice_IATA_-_GSO_18_milioni_di_passeggeri\"><\/span><span style=\"color: #2a2a2a;\">Aeroporto Internazionale di Piedmont Triad<\/span> &#8211; Codice IATA &#8211; GSO (~ 1,8 milioni di passeggeri)<span class=\"ez-toc-section-end\"><\/span><\/h4>\n<p>L\u2019<strong>Aeroporto di Piedmont Triad<\/strong> \u00e8 un aeroporto della Carolina del Nord, che serve la regione Piedmont Triad e le sue citt\u00e0 Greensboro, Winston-Salem e High Point. In particolare, l&#8217;Aeroporto PTI si trova a circa 15 km a ovest di Greensboro. 7 compagnie aeree operano attualmente all&#8217;aeroporto e Atlanta e Charlotte sono gli aeroporti pi\u00f9 collegati. Il servizio di autobus Piedmont Triad Wide dovrebbe portarvi a tutte le citt\u00e0 sopra menzionate. In alternativa, ci sono navette e taxi in loco.<\/p>\n<h3><span class=\"ez-toc-section\" id=\"Aeroporti_piu_piccoli_della_Carolina_del_Nord\"><\/span><span style=\"color: #2a2a2a;\">Aeroporti pi\u00f9 piccoli della Carolina del Nord<\/span><span class=\"ez-toc-section-end\"><\/span><\/h3>\n<p><strong><span style=\"color: #2a2a2a;\">Aeroporto Regionale di Asheville<\/span> &#8211; Codice IATA &#8211; AVL<\/strong><\/p>\n<ul>\n<li aria-level=\"1\">Citt\u00e0 vicine: Asheville (14 km)<\/li>\n<li aria-level=\"1\">Compagnie aeree: Allegiant Air, American, Delta, jetBlue<\/li>\n<\/ul>\n<p><strong><span style=\"color: #2a2a2a;\">Aeroporto Internazionale di Wilmington<\/span> &#8211; Codice IATA &#8211; ILM<\/strong><\/p>\n<ul>\n<li aria-level=\"1\">Citt\u00e0 vicine: Wilmington (10 km)<\/li>\n<li aria-level=\"1\">Compagnie aeree: Americana, Delta, United<\/li>\n<\/ul>\n<p><strong><span style=\"color: #2a2a2a;\">Aeroporto Regionale di Fayetteville<\/span> &#8211; Codice IATA &#8211; FAY<\/strong><\/p>\n<ul>\n<li aria-level=\"1\">Chiamato anche: Grannis Field<\/li>\n<li aria-level=\"1\">Citt\u00e0 vicine: Fayetteville (6 km)<\/li>\n<li aria-level=\"1\">Compagnie aeree: Delta, American Eagle<\/li>\n<\/ul>\n<p><strong><span style=\"color: #2a2a2a;\">Aeroporto Albert J. Ellis<\/span> &#8211; Codice IATA &#8211; OAJ<\/strong><\/p>\n<ul>\n<li aria-level=\"1\">Citt\u00e0 vicine: Jacksonville (19 km)<\/li>\n<li aria-level=\"1\">Compagnie aeree: Delta, American Eagle<\/li>\n<\/ul>\n<p><strong><span style=\"color: #2a2a2a;\">Aeroporto Regionale di Coastal Carolina<\/span> &#8211; Codice IATA &#8211; EWN<\/strong><\/p>\n<ul>\n<li aria-level=\"1\">Chiamato anche: Craven County Regional<\/li>\n<li aria-level=\"1\">Citt\u00e0 vicine: Nuova Berna (5 km)<\/li>\n<li aria-level=\"1\">Compagnie aeree: Delta, American Eagle<\/li>\n<\/ul>\n<p><strong><span style=\"color: #2a2a2a;\">Aeroporto Regionale di Concord<\/span> &#8211; Codice IATA &#8211; USA<\/strong><\/p>\n<ul>\n<li aria-level=\"1\">Citt\u00e0 vicine: Concord (13 km)<\/li>\n<li aria-level=\"1\">Compagnia aerea: Allegiant Air<\/li>\n<\/ul>\n<p><strong><span style=\"color: #2a2a2a;\">Aeroporto di Pitt-Greenville<\/span> &#8211; Codice IATA &#8211; PGV<\/strong><\/p>\n<ul>\n<li aria-level=\"1\">Citt\u00e0 vicine: Greenville (3 km)<\/li>\n<li aria-level=\"1\">Compagnia aerea: American Eagle<\/li>\n<\/ul>\n<h3><span class=\"ez-toc-section\" id=\"Aeroporti_negli_stati_vicini\"><\/span><span style=\"color: #2a2a2a;\">Aeroporti negli stati vicini<\/span><span class=\"ez-toc-section-end\"><\/span><\/h3>\n<table style=\"border-collapse: collapse; width: 100%;\" border=\"1\">\n<tbody>\n<tr>\n<td style=\"width: 50%; text-align: center;\"><a href=\"https:\/\/Traveling.com\/it\/blog\/aeroporti-carolina-del-sud\/\"><span style=\"color: #2a2a2a;\"><strong>Aeroporti in Carolina del Sud<\/strong><\/span><\/a><\/td>\n<td style=\"width: 50%; text-align: center;\"><a href=\"https:\/\/Traveling.com\/it\/blog\/aeroporti-georgia\/\"><span style=\"color: #2a2a2a;\"><strong>Aeroporti in Georgia<\/strong><\/span><\/a><\/td>\n<\/tr>\n<tr>\n<td style=\"width: 50%; text-align: center;\"><a href=\"https:\/\/Traveling.com\/it\/blog\/aeroporti-virginia\/\"><span style=\"color: #2a2a2a;\"><strong>Aeroporti in Virginia<\/strong><\/span><\/a><\/td>\n<td style=\"width: 50%; text-align: center;\"><a href=\"https:\/\/Traveling.com\/it\/blog\/aeroporti-tennessee\/\"><span style=\"color: #2a2a2a;\"><strong>Aeroporti in Tennessee<\/strong><\/span><\/a><\/td>\n<\/tr>\n<\/tbody>\n<\/table>\n<h3><span class=\"ez-toc-section\" id=\"Mappa_degli_aeroporti_della_Carolina_del_Nord\"><\/span><span style=\"color: #2a2a2a;\">Mappa degli aeroporti della Carolina del Nord<\/span><span class=\"ez-toc-section-end\"><\/span><\/h3>\n<p><iframe src=\"https:\/\/www.google.com\/maps\/d\/embed?mid=1UhQkYFdtKmiyhWtzRRYOr3D0jYemixnm\" width=\"640\" height=\"480\"><\/iframe><\/p>\n","protected":false},"excerpt":{"rendered":"<p>Lo stato della Carolina del Nord ha 11 aeroporti che offrono voli commerciali. La maggior parte di questi sono piccoli aeroporti hub e non hub, mentre l&#8217;Aeroporto di Charlotte \u00e8 l&#8217;unico di grandi dimensioni. Tuttavia, nonostante le loro classificazioni, gli aeroporti della Carolina del Nord insieme gestiscono pi\u00f9 di 70 milioni di passeggeri ogni anno. [&hellip;]<\/p>\n<p><a class=\"more-link btn btn-primary\" href=\"https:\/\/traveling.com\/it\/blog\/aeroporti-carolina-del-nord\/\"> Continua a leggere\u2026<\/a><\/p>\n","protected":false},"author":1,"featured_media":0,"parent":0,"menu_order":0,"comment_status":"closed","ping_status":"closed","template":"","meta":[],"yoast_head":"<!-- This site is optimized with the Yoast SEO plugin v19.8 - https:\/\/yoast.com\/wordpress\/plugins\/seo\/ -->\n<title>Aeroporti nella Carolina del Nord - Codici IATA, Mappa e Informazioni<\/title>\n<meta name=\"description\" content=\"Controllate qui tutte le informazioni necessarie degli aeroporti della Carolina del Nord. Troverete la mappa degli aeroporti alla fine di questo post.\" \/>\n<meta name=\"robots\" content=\"index, follow, max-snippet:-1, max-image-preview:large, max-video-preview:-1\" \/>\n<link rel=\"canonical\" href=\"https:\/\/traveling.com\/it\/blog\/aeroporti-carolina-del-nord\/\" \/>\n<meta property=\"og:locale\" content=\"it_IT\" \/>\n<meta property=\"og:type\" content=\"article\" \/>\n<meta property=\"og:title\" content=\"Aeroporti nella Carolina del Nord - Codici IATA, Mappa e Informazioni\" \/>\n<meta property=\"og:description\" content=\"Controllate qui tutte le informazioni necessarie degli aeroporti della Carolina del Nord. Troverete la mappa degli aeroporti alla fine di questo post.\" \/>\n<meta property=\"og:url\" content=\"https:\/\/traveling.com\/it\/blog\/aeroporti-carolina-del-nord\/\" \/>\n<meta property=\"og:site_name\" content=\"Traveling.com Blog\" \/>\n<meta property=\"article:modified_time\" content=\"2025-03-24T14:58:46+00:00\" \/>\n<meta name=\"twitter:card\" content=\"summary_large_image\" \/>\n<meta name=\"twitter:label1\" content=\"Est. reading time\" \/>\n\t<meta name=\"twitter:data1\" content=\"3 minutes\" \/>\n<script type=\"application\/ld+json\" class=\"yoast-schema-graph\">{\"@context\":\"https:\/\/schema.org\",\"@graph\":[{\"@type\":\"WebPage\",\"@id\":\"https:\/\/traveling.com\/it\/blog\/aeroporti-carolina-del-nord\/\",\"url\":\"https:\/\/traveling.com\/it\/blog\/aeroporti-carolina-del-nord\/\",\"name\":\"Aeroporti nella Carolina del Nord - Codici IATA, Mappa e Informazioni\",\"isPartOf\":{\"@id\":\"https:\/\/traveling.com\/it\/blog\/#website\"},\"datePublished\":\"2021-06-22T15:07:15+00:00\",\"dateModified\":\"2025-03-24T14:58:46+00:00\",\"description\":\"Controllate qui tutte le informazioni necessarie degli aeroporti della Carolina del Nord. Troverete la mappa degli aeroporti alla fine di questo post.\",\"breadcrumb\":{\"@id\":\"https:\/\/traveling.com\/it\/blog\/aeroporti-carolina-del-nord\/#breadcrumb\"},\"inLanguage\":\"it-IT\",\"potentialAction\":[{\"@type\":\"ReadAction\",\"target\":[\"https:\/\/traveling.com\/it\/blog\/aeroporti-carolina-del-nord\/\"]}]},{\"@type\":\"BreadcrumbList\",\"@id\":\"https:\/\/traveling.com\/it\/blog\/aeroporti-carolina-del-nord\/#breadcrumb\",\"itemListElement\":[{\"@type\":\"ListItem\",\"position\":1,\"name\":\"Home\",\"item\":\"https:\/\/traveling.com\/it\/blog\/\"},{\"@type\":\"ListItem\",\"position\":2,\"name\":\"Aeroporti nella Carolina del Nord\"}]},{\"@type\":\"WebSite\",\"@id\":\"https:\/\/traveling.com\/it\/blog\/#website\",\"url\":\"https:\/\/traveling.com\/it\/blog\/\",\"name\":\"Traveling.com Blog\",\"description\":\"La Tua Guida di Viaggio Completa\",\"potentialAction\":[{\"@type\":\"SearchAction\",\"target\":{\"@type\":\"EntryPoint\",\"urlTemplate\":\"https:\/\/traveling.com\/it\/blog\/?s={search_term_string}\"},\"query-input\":\"required name=search_term_string\"}],\"inLanguage\":\"it-IT\"}]}<\/script>\n<!-- \/ Yoast SEO plugin. -->","yoast_head_json":{"title":"Aeroporti nella Carolina del Nord - Codici IATA, Mappa e Informazioni","description":"Controllate qui tutte le informazioni necessarie degli aeroporti della Carolina del Nord. Troverete la mappa degli aeroporti alla fine di questo post.","robots":{"index":"index","follow":"follow","max-snippet":"max-snippet:-1","max-image-preview":"max-image-preview:large","max-video-preview":"max-video-preview:-1"},"canonical":"https:\/\/traveling.com\/it\/blog\/aeroporti-carolina-del-nord\/","og_locale":"it_IT","og_type":"article","og_title":"Aeroporti nella Carolina del Nord - Codici IATA, Mappa e Informazioni","og_description":"Controllate qui tutte le informazioni necessarie degli aeroporti della Carolina del Nord. Troverete la mappa degli aeroporti alla fine di questo post.","og_url":"https:\/\/traveling.com\/it\/blog\/aeroporti-carolina-del-nord\/","og_site_name":"Traveling.com Blog","article_modified_time":"2025-03-24T14:58:46+00:00","twitter_card":"summary_large_image","twitter_misc":{"Est. reading time":"3 minutes"},"schema":{"@context":"https:\/\/schema.org","@graph":[{"@type":"WebPage","@id":"https:\/\/traveling.com\/it\/blog\/aeroporti-carolina-del-nord\/","url":"https:\/\/traveling.com\/it\/blog\/aeroporti-carolina-del-nord\/","name":"Aeroporti nella Carolina del Nord - Codici IATA, Mappa e Informazioni","isPartOf":{"@id":"https:\/\/traveling.com\/it\/blog\/#website"},"datePublished":"2021-06-22T15:07:15+00:00","dateModified":"2025-03-24T14:58:46+00:00","description":"Controllate qui tutte le informazioni necessarie degli aeroporti della Carolina del Nord. Troverete la mappa degli aeroporti alla fine di questo post.","breadcrumb":{"@id":"https:\/\/traveling.com\/it\/blog\/aeroporti-carolina-del-nord\/#breadcrumb"},"inLanguage":"it-IT","potentialAction":[{"@type":"ReadAction","target":["https:\/\/traveling.com\/it\/blog\/aeroporti-carolina-del-nord\/"]}]},{"@type":"BreadcrumbList","@id":"https:\/\/traveling.com\/it\/blog\/aeroporti-carolina-del-nord\/#breadcrumb","itemListElement":[{"@type":"ListItem","position":1,"name":"Home","item":"https:\/\/traveling.com\/it\/blog\/"},{"@type":"ListItem","position":2,"name":"Aeroporti nella Carolina del Nord"}]},{"@type":"WebSite","@id":"https:\/\/traveling.com\/it\/blog\/#website","url":"https:\/\/traveling.com\/it\/blog\/","name":"Traveling.com Blog","description":"La Tua Guida di Viaggio Completa","potentialAction":[{"@type":"SearchAction","target":{"@type":"EntryPoint","urlTemplate":"https:\/\/traveling.com\/it\/blog\/?s={search_term_string}"},"query-input":"required name=search_term_string"}],"inLanguage":"it-IT"}]}},"_links":{"self":[{"href":"https:\/\/traveling.com\/it\/blog\/wp-json\/wp\/v2\/pages\/7826"}],"collection":[{"href":"https:\/\/traveling.com\/it\/blog\/wp-json\/wp\/v2\/pages"}],"about":[{"href":"https:\/\/traveling.com\/it\/blog\/wp-json\/wp\/v2\/types\/page"}],"author":[{"embeddable":true,"href":"https:\/\/traveling.com\/it\/blog\/wp-json\/wp\/v2\/users\/1"}],"replies":[{"embeddable":true,"href":"https:\/\/traveling.com\/it\/blog\/wp-json\/wp\/v2\/comments?post=7826"}],"version-history":[{"count":7,"href":"https:\/\/traveling.com\/it\/blog\/wp-json\/wp\/v2\/pages\/7826\/revisions"}],"predecessor-version":[{"id":8226,"href":"https:\/\/traveling.com\/it\/blog\/wp-json\/wp\/v2\/pages\/7826\/revisions\/8226"}],"wp:attachment":[{"href":"https:\/\/traveling.com\/it\/blog\/wp-json\/wp\/v2\/media?parent=7826"}],"curies":[{"name":"wp","href":"https:\/\/api.w.org\/{rel}","templated":true}]}}