{"id":8105,"date":"2021-07-05T09:00:32","date_gmt":"2021-07-05T09:00:32","guid":{"rendered":"https:\/\/getbybus.com\/it\/blog\/?page_id=8105"},"modified":"2025-03-24T14:58:43","modified_gmt":"2025-03-24T14:58:43","slug":"aeroporti-virginia","status":"publish","type":"page","link":"https:\/\/traveling.com\/it\/blog\/aeroporti-virginia\/","title":{"rendered":"Aeroporti in Virginia"},"content":{"rendered":"<p>Lo stato della <strong>Virginia<\/strong> ha diversi aeroporti che i passeggeri possono scegliere quando viaggiano in questo stato. Ci sono 9 aeroporti della Virginia che offrono voli commerciali. La maggior parte di essi sono aeroporti <i>piccoli hub<\/i> e<i> non hub<\/i>, ad eccezione dell&#8217;Aeroporto Ronald Reagan. Di seguito sono elencati tutti gli aeroporti della Virginia, ordinati per numero di passeggeri. Troverete una<strong> mappa degli aeroporti<\/strong> situata alla fine della sezione.<\/p>\n<h3><span class=\"ez-toc-section\" id=\"Elenco_degli_aeroporti\"><\/span>Elenco degli aeroporti<span class=\"ez-toc-section-end\"><\/span><\/h3>\n<h4><span class=\"ez-toc-section\" id=\"Aeroporto_Nazionale_di_Washington-Ronald_Reagan_Washington_-_Codice_IATA_-_DCA_23_milioni_di_passeggeri\"><\/span><strong><span style=\"color: #2a2a2a;\">Aeroporto Nazionale di Washington-Ronald Reagan Washington<\/span> &#8211; Codice IATA &#8211; DCA (~ 23 milioni di passeggeri)<\/strong><span class=\"ez-toc-section-end\"><\/span><\/h4>\n<p>L&#8217;<strong>Aeroporto Nazionale di Washington<\/strong>, noto anche come Aeroporto Ronald Reagan, \u00e8 un aeroporto internazionale che serve Washington D.C. e la regione della capitale nazionale. L&#8217;aeroporto si trova a circa 6,5 \u200b\u200bkm dal centro di Washington e a 8 km da Arlington. 11 compagnie aeree operano nell&#8217;aeroporto, con American Airlines che detiene la maggior parte del traffico. L&#8217;aeroporto \u00e8 piuttosto grande, con 4 terminal e 46 gate. Per raggiungere l&#8217;aeroporto, potete utilizzare l\u2019app di pick-up, navette e taxi.<\/p>\n<h4><span class=\"ez-toc-section\" id=\"Aeroporto_Internazionale_di_Washington_Dulles_-_Codice_IATA_-_IAD_23_milioni_di_passeggeri\"><\/span><strong><span style=\"color: #2a2a2a;\">Aeroporto Internazionale di Washington Dulles<\/span> &#8211; Codice IATA &#8211; IAD (~ 23 milioni di passeggeri)<\/strong><span class=\"ez-toc-section-end\"><\/span><\/h4>\n<p>L&#8217;<strong>Aeroporto di Dulles<\/strong> \u00e8 il secondo pi\u00f9 grande aeroporto degli Stati Uniti che serve l&#8217;area di Washington, situato a circa 42 km a ovest del centro. L&#8217;aeroporto serve sostanzialmente l&#8217;intera area di Baltimora &#8211; Washington, gestendo pi\u00f9 di 20 milioni di passeggeri. United Airlines lo utilizza come hub principale, ma ci sono anche dozzine di altre compagnie aeree che collegano l&#8217;aeroporto con citt\u00e0 nazionali e internazionali. LA, Denver e Londra sono solo alcune delle citt\u00e0 con pi\u00f9 di 0,5 milioni di passeggeri che volano all&#8217;Aeroporto IAD.<\/p>\n<h4><span class=\"ez-toc-section\" id=\"Aeroporto_Internazionale_di_Richmond_-_Codice_IATA_-_RIC_4_milioni_di_passeggeri\"><\/span><strong><span style=\"color: #2a2a2a;\">Aeroporto Internazionale di Richmond<\/span> &#8211; Codice IATA &#8211; RIC (~ 4 milioni di passeggeri)<\/strong><span class=\"ez-toc-section-end\"><\/span><\/h4>\n<p>L&#8217;<strong>Aeroporto di Richmond<\/strong> \u00e8 uno dei piccoli aeroporti statunitensi, che serve la citt\u00e0 di Richmond nella Contea di Sandston. Si trova a 11 km dalla capitale dello stato. Attualmente 10 compagnie aeree servono l&#8217;aeroporto, guidate da Delta e American. Per quanto riguarda i voli, il focus \u00e8 su citt\u00e0 statunitensi come Atlanta, Charlotte e Bost.<\/p>\n<h4><span class=\"ez-toc-section\" id=\"Aeroporto_Internazionale_di_Norfolk_-_Codice_IATA_-_ORD_4_milioni_di_passeggeri\"><\/span><strong><span style=\"color: #2a2a2a;\">Aeroporto Internazionale di Norfolk<\/span> &#8211; Codice IATA &#8211; ORD (~ 4 milioni di passeggeri)<\/strong><span class=\"ez-toc-section-end\"><\/span><\/h4>\n<p>L&#8217;<strong>Aeroporto di Norfolk<\/strong> \u00e8 il quarto aeroporto pi\u00f9 trafficato della Virginia, situato a 11 km a nord-est di Norfolk. L&#8217;aeroporto \u00e8 classificato come un piccolo hub. Pertanto, non sorprende che i voli nazionali abbiano la priorit\u00e0. Delta e Southwest controllano circa il 40% del traffico aeroportuale. E per tutti coloro che viaggiano a Norfolk, tenete presente che sono disponibili solo taxi e autonoleggi.<\/p>\n<h4><span class=\"ez-toc-section\" id=\"Aeroporto_Regionale_di_Roanoke_-_Codice_IATA_-_ROA\"><\/span><strong>Aeroporto Regionale di Roanoke &#8211; Codice IATA &#8211; ROA<\/strong><span class=\"ez-toc-section-end\"><\/span><\/h4>\n<ul>\n<li aria-level=\"1\">Chiamato anche: Woodrum Field<\/li>\n<li aria-level=\"1\">Citt\u00e0 vicine: Roanoke (5 km)<\/li>\n<li aria-level=\"1\">Compagnie aeree: American, Delta, Allegiant Air<\/li>\n<\/ul>\n<h4><span class=\"ez-toc-section\" id=\"Aeroporto_di_Charlottesville-Albemarle_-_Codice_IATA_-_CHO\"><\/span><strong>Aeroporto di Charlottesville-Albemarle &#8211; Codice IATA &#8211; CHO<\/strong><span class=\"ez-toc-section-end\"><\/span><\/h4>\n<ul>\n<li aria-level=\"1\">Citt\u00e0 vicine: Charlottesville (12 km)<\/li>\n<li aria-level=\"1\">Compagnie aeree: Americana, Delta, United<\/li>\n<\/ul>\n<h4><span class=\"ez-toc-section\" id=\"Aeroporto_Internazionale_di_Newport_NewsWilliamsburg_-_Codice_IATA_-_PHF\"><\/span><strong>Aeroporto Internazionale di Newport News\/Williamsburg &#8211; Codice IATA &#8211; PHF<\/strong><span class=\"ez-toc-section-end\"><\/span><\/h4>\n<ul>\n<li aria-level=\"1\">Chiamato anche: Patrick Henry Field<\/li>\n<li aria-level=\"1\">Citt\u00e0 vicine: Newport News (6,5 km), Hampton (30 km)<\/li>\n<li aria-level=\"1\">Compagnie aeree: Americana, Delta<\/li>\n<\/ul>\n<h4><span class=\"ez-toc-section\" id=\"Aeroporto_Regionale_di_Lynchburg_-_Codice_IATA_-_LYH\"><\/span><strong>Aeroporto Regionale di Lynchburg &#8211; Codice IATA &#8211; LYH<\/strong><span class=\"ez-toc-section-end\"><\/span><\/h4>\n<ul>\n<li aria-level=\"1\">Chiamato anche: Preston Glenn Field<\/li>\n<li aria-level=\"1\">Citt\u00e0 vicine: Lynchburg (9 km)<\/li>\n<li aria-level=\"1\">Compagnia aerea: American Eagle<\/li>\n<\/ul>\n<h4><span class=\"ez-toc-section\" id=\"Aeroporto_Regionale_di_Shenandoah_Valley_-_Codice_IATA_-_SHD\"><\/span><strong>Aeroporto Regionale di Shenandoah Valley &#8211; Codice IATA &#8211; SHD<\/strong><span class=\"ez-toc-section-end\"><\/span><\/h4>\n<ul>\n<li aria-level=\"1\">Citt\u00e0 vicine: Staunton (18 km)<\/li>\n<li aria-level=\"1\">Compagnia aerea: United Express<\/li>\n<\/ul>\n<h3><span class=\"ez-toc-section\" id=\"Aeroporti_negli_stati_vicini\"><\/span>Aeroporti negli stati vicini<span class=\"ez-toc-section-end\"><\/span><\/h3>\n<table>\n<tbody>\n<tr>\n<td>\n<p style=\"text-align: center;\"><a href=\"https:\/\/Traveling.com\/it\/blog\/aeroporti-maryland\/\"><span style=\"color: #2a2a2a;\"><strong>Aeroporti in Maryland<\/strong><\/span><\/a><\/p>\n<\/td>\n<td>\n<p style=\"text-align: center;\"><a href=\"https:\/\/Traveling.com\/it\/blog\/aeroporti-carolina-del-nord\/\"><span style=\"color: #2a2a2a;\"><strong>Aeroporti in Carolina del Nord<\/strong><\/span><\/a><\/p>\n<\/td>\n<td>\n<p style=\"text-align: center;\"><a href=\"https:\/\/Traveling.com\/it\/blog\/aeroporti-virginia-occidentale\/\"><span style=\"color: #2a2a2a;\"><strong>Aeroporti in Virginia Occidentale<\/strong><\/span><\/a><\/p>\n<\/td>\n<td>\n<p style=\"text-align: center;\"><a href=\"https:\/\/Traveling.com\/it\/blog\/aeroporti-tennessee\/\"><span style=\"color: #2a2a2a;\"><strong>Aeroporti in Tennessee<\/strong><\/span><\/a><\/p>\n<\/td>\n<td>\n<p style=\"text-align: center;\"><a href=\"https:\/\/Traveling.com\/it\/blog\/aeroporti-kentucky\/\"><span style=\"color: #2a2a2a;\"><strong>Aeroporti in Kentucky<\/strong><\/span><\/a><\/p>\n<\/td>\n<\/tr>\n<\/tbody>\n<\/table>\n<h3><span class=\"ez-toc-section\" id=\"Mappa_degli_aeroporti_della_Virginia\"><\/span>Mappa degli aeroporti della Virginia<span class=\"ez-toc-section-end\"><\/span><\/h3>\n<p><iframe src=\"https:\/\/www.google.com\/maps\/d\/embed?mid=13dnwNicHr5yyhWU9tg0u4WNB16juYDez\" width=\"640\" height=\"480\"><\/iframe><\/p>\n","protected":false},"excerpt":{"rendered":"<p>Lo stato della Virginia ha diversi aeroporti che i passeggeri possono scegliere quando viaggiano in questo stato. Ci sono 9 aeroporti della Virginia che offrono voli commerciali. La maggior parte di essi sono aeroporti piccoli hub e non hub, ad eccezione dell&#8217;Aeroporto Ronald Reagan. Di seguito sono elencati tutti gli aeroporti della Virginia, ordinati per [&hellip;]<\/p>\n<p><a class=\"more-link btn btn-primary\" href=\"https:\/\/traveling.com\/it\/blog\/aeroporti-virginia\/\"> Continua a leggere\u2026<\/a><\/p>\n","protected":false},"author":1,"featured_media":0,"parent":0,"menu_order":0,"comment_status":"closed","ping_status":"closed","template":"","meta":[],"yoast_head":"<!-- This site is optimized with the Yoast SEO plugin v19.8 - https:\/\/yoast.com\/wordpress\/plugins\/seo\/ -->\n<title>Aeroporti in Virginia - Codici IATA, Mappa e Informazioni Di Viaggio<\/title>\n<meta name=\"description\" content=\"Controllate qui tutte le informazioni necessarie degli aeroporti della Virginia. Troverete la mappa degli aeroporti alla fine di questo post.\" \/>\n<meta name=\"robots\" content=\"index, follow, max-snippet:-1, max-image-preview:large, max-video-preview:-1\" \/>\n<link rel=\"canonical\" href=\"https:\/\/traveling.com\/it\/blog\/aeroporti-virginia\/\" \/>\n<meta property=\"og:locale\" content=\"it_IT\" \/>\n<meta property=\"og:type\" content=\"article\" \/>\n<meta property=\"og:title\" content=\"Aeroporti in Virginia - Codici IATA, Mappa e Informazioni Di Viaggio\" \/>\n<meta property=\"og:description\" content=\"Controllate qui tutte le informazioni necessarie degli aeroporti della Virginia. Troverete la mappa degli aeroporti alla fine di questo post.\" \/>\n<meta property=\"og:url\" content=\"https:\/\/traveling.com\/it\/blog\/aeroporti-virginia\/\" \/>\n<meta property=\"og:site_name\" content=\"Traveling.com Blog\" \/>\n<meta property=\"article:modified_time\" content=\"2025-03-24T14:58:43+00:00\" \/>\n<meta name=\"twitter:card\" content=\"summary_large_image\" \/>\n<meta name=\"twitter:label1\" content=\"Est. reading time\" \/>\n\t<meta name=\"twitter:data1\" content=\"3 minutes\" \/>\n<script type=\"application\/ld+json\" class=\"yoast-schema-graph\">{\"@context\":\"https:\/\/schema.org\",\"@graph\":[{\"@type\":\"WebPage\",\"@id\":\"https:\/\/traveling.com\/it\/blog\/aeroporti-virginia\/\",\"url\":\"https:\/\/traveling.com\/it\/blog\/aeroporti-virginia\/\",\"name\":\"Aeroporti in Virginia - Codici IATA, Mappa e Informazioni Di Viaggio\",\"isPartOf\":{\"@id\":\"https:\/\/traveling.com\/it\/blog\/#website\"},\"datePublished\":\"2021-07-05T09:00:32+00:00\",\"dateModified\":\"2025-03-24T14:58:43+00:00\",\"description\":\"Controllate qui tutte le informazioni necessarie degli aeroporti della Virginia. Troverete la mappa degli aeroporti alla fine di questo post.\",\"breadcrumb\":{\"@id\":\"https:\/\/traveling.com\/it\/blog\/aeroporti-virginia\/#breadcrumb\"},\"inLanguage\":\"it-IT\",\"potentialAction\":[{\"@type\":\"ReadAction\",\"target\":[\"https:\/\/traveling.com\/it\/blog\/aeroporti-virginia\/\"]}]},{\"@type\":\"BreadcrumbList\",\"@id\":\"https:\/\/traveling.com\/it\/blog\/aeroporti-virginia\/#breadcrumb\",\"itemListElement\":[{\"@type\":\"ListItem\",\"position\":1,\"name\":\"Home\",\"item\":\"https:\/\/traveling.com\/it\/blog\/\"},{\"@type\":\"ListItem\",\"position\":2,\"name\":\"Aeroporti in Virginia\"}]},{\"@type\":\"WebSite\",\"@id\":\"https:\/\/traveling.com\/it\/blog\/#website\",\"url\":\"https:\/\/traveling.com\/it\/blog\/\",\"name\":\"Traveling.com Blog\",\"description\":\"La Tua Guida di Viaggio Completa\",\"potentialAction\":[{\"@type\":\"SearchAction\",\"target\":{\"@type\":\"EntryPoint\",\"urlTemplate\":\"https:\/\/traveling.com\/it\/blog\/?s={search_term_string}\"},\"query-input\":\"required name=search_term_string\"}],\"inLanguage\":\"it-IT\"}]}<\/script>\n<!-- \/ Yoast SEO plugin. -->","yoast_head_json":{"title":"Aeroporti in Virginia - Codici IATA, Mappa e Informazioni Di Viaggio","description":"Controllate qui tutte le informazioni necessarie degli aeroporti della Virginia. Troverete la mappa degli aeroporti alla fine di questo post.","robots":{"index":"index","follow":"follow","max-snippet":"max-snippet:-1","max-image-preview":"max-image-preview:large","max-video-preview":"max-video-preview:-1"},"canonical":"https:\/\/traveling.com\/it\/blog\/aeroporti-virginia\/","og_locale":"it_IT","og_type":"article","og_title":"Aeroporti in Virginia - Codici IATA, Mappa e Informazioni Di Viaggio","og_description":"Controllate qui tutte le informazioni necessarie degli aeroporti della Virginia. Troverete la mappa degli aeroporti alla fine di questo post.","og_url":"https:\/\/traveling.com\/it\/blog\/aeroporti-virginia\/","og_site_name":"Traveling.com Blog","article_modified_time":"2025-03-24T14:58:43+00:00","twitter_card":"summary_large_image","twitter_misc":{"Est. reading time":"3 minutes"},"schema":{"@context":"https:\/\/schema.org","@graph":[{"@type":"WebPage","@id":"https:\/\/traveling.com\/it\/blog\/aeroporti-virginia\/","url":"https:\/\/traveling.com\/it\/blog\/aeroporti-virginia\/","name":"Aeroporti in Virginia - Codici IATA, Mappa e Informazioni Di Viaggio","isPartOf":{"@id":"https:\/\/traveling.com\/it\/blog\/#website"},"datePublished":"2021-07-05T09:00:32+00:00","dateModified":"2025-03-24T14:58:43+00:00","description":"Controllate qui tutte le informazioni necessarie degli aeroporti della Virginia. Troverete la mappa degli aeroporti alla fine di questo post.","breadcrumb":{"@id":"https:\/\/traveling.com\/it\/blog\/aeroporti-virginia\/#breadcrumb"},"inLanguage":"it-IT","potentialAction":[{"@type":"ReadAction","target":["https:\/\/traveling.com\/it\/blog\/aeroporti-virginia\/"]}]},{"@type":"BreadcrumbList","@id":"https:\/\/traveling.com\/it\/blog\/aeroporti-virginia\/#breadcrumb","itemListElement":[{"@type":"ListItem","position":1,"name":"Home","item":"https:\/\/traveling.com\/it\/blog\/"},{"@type":"ListItem","position":2,"name":"Aeroporti in Virginia"}]},{"@type":"WebSite","@id":"https:\/\/traveling.com\/it\/blog\/#website","url":"https:\/\/traveling.com\/it\/blog\/","name":"Traveling.com Blog","description":"La Tua Guida di Viaggio Completa","potentialAction":[{"@type":"SearchAction","target":{"@type":"EntryPoint","urlTemplate":"https:\/\/traveling.com\/it\/blog\/?s={search_term_string}"},"query-input":"required name=search_term_string"}],"inLanguage":"it-IT"}]}},"_links":{"self":[{"href":"https:\/\/traveling.com\/it\/blog\/wp-json\/wp\/v2\/pages\/8105"}],"collection":[{"href":"https:\/\/traveling.com\/it\/blog\/wp-json\/wp\/v2\/pages"}],"about":[{"href":"https:\/\/traveling.com\/it\/blog\/wp-json\/wp\/v2\/types\/page"}],"author":[{"embeddable":true,"href":"https:\/\/traveling.com\/it\/blog\/wp-json\/wp\/v2\/users\/1"}],"replies":[{"embeddable":true,"href":"https:\/\/traveling.com\/it\/blog\/wp-json\/wp\/v2\/comments?post=8105"}],"version-history":[{"count":7,"href":"https:\/\/traveling.com\/it\/blog\/wp-json\/wp\/v2\/pages\/8105\/revisions"}],"predecessor-version":[{"id":8240,"href":"https:\/\/traveling.com\/it\/blog\/wp-json\/wp\/v2\/pages\/8105\/revisions\/8240"}],"wp:attachment":[{"href":"https:\/\/traveling.com\/it\/blog\/wp-json\/wp\/v2\/media?parent=8105"}],"curies":[{"name":"wp","href":"https:\/\/api.w.org\/{rel}","templated":true}]}}